{"id":10784,"date":"2021-05-06T08:47:26","date_gmt":"2021-05-06T08:47:26","guid":{"rendered":"https:\/\/visitnavarra.info\/visitnavarra\/?page_id=10784"},"modified":"2023-11-06T15:19:34","modified_gmt":"2023-11-06T15:19:34","slug":"ruta-guiada-de-pinchos-en-tudela","status":"publish","type":"page","link":"https:\/\/visitnavarra.info\/visitnavarra\/ruta-guiada-de-pinchos-en-tudela\/","title":{"rendered":"RUTA GUIADA DE PINCHOS EN TUDELA"},"content":{"rendered":"<p>[vc_row][vc_column width=&#8221;1\/1&#8243;][vc_column_text]<img loading=\"lazy\" decoding=\"async\" class=\"wp-image-10785 alignleft\" src=\"https:\/\/visitnavarra.info\/visitnavarra\/wp-content\/uploads\/2021\/05\/ruta-pinchos-tudela-activa-experience-300x114.jpg\" alt=\"\" width=\"424\" height=\"161\" srcset=\"https:\/\/visitnavarra.info\/visitnavarra\/wp-content\/uploads\/2021\/05\/ruta-pinchos-tudela-activa-experience-300x114.jpg 300w, https:\/\/visitnavarra.info\/visitnavarra\/wp-content\/uploads\/2021\/05\/ruta-pinchos-tudela-activa-experience.jpg 710w\" sizes=\"auto, (max-width: 424px) 100vw, 424px\" \/>Tras tu visita en Bardenas Reales y la Ribera de Navarra, recupera fuerzas <strong>degustando Tudela.<\/strong><\/p>\n<p>Esta tierra es conocida por sus pinchos. Porque <strong>\u201cir de pintxos\u201d<\/strong> es algo m\u00e1s que tomar un aperitivo, es un rito gastron\u00f3mico en un ambiente relajado y de buen humor que se convierte en un acto social.<\/p>\n<p>Entendemos el \u201cpicoteo\u201d como un acto de encuentro sin formalidad ni cita previa. A\u00f1ade a esto una esmerada selecci\u00f3n de la gastronom\u00eda navarra y un buen vino o cerveza, al gusto. Cada sitio tiene su especialidad.<\/p>\n<p>Os proponemos un recorrido guiado por el casco viejo de Tudela en el que se mezcla la historia y la gastronom\u00eda, degustando una esmerada selecci\u00f3n de los mejores pinchos del lugar y acompa\u00f1ado de un buen vino D.O Navarra.<\/p>\n<ul>\n<li>Precio por persona: 45 \u20ac<\/li>\n<li>M\u00ednimo 4 personas<\/li>\n<li>Duraci\u00f3n aproximada: 2 horas<\/li>\n<\/ul>\n<p>[\/vc_column_text]<div class=\"spacer\" style=\"height: 40px;\"><\/div>[\/vc_column][\/vc_row][vc_row][vc_column width=&#8221;1\/2&#8243;]<div class=\"single_image wpb_content_element align-right    \" data-animation=\"none\" data-delay=\"0\"><img loading=\"lazy\" decoding=\"async\" width=\"483\" height=\"214\" src=\"https:\/\/visitnavarra.info\/visitnavarra\/wp-content\/uploads\/2023\/11\/logo-activa-experience-nuevo.jpg\" class=\"attachment-full\" alt=\"Logo de la Empresa Activa Experience de Turismo activo, agencia de viajes y servicios de producci\u00f3n de cine\" srcset=\"https:\/\/visitnavarra.info\/visitnavarra\/wp-content\/uploads\/2023\/11\/logo-activa-experience-nuevo.jpg 483w, https:\/\/visitnavarra.info\/visitnavarra\/wp-content\/uploads\/2023\/11\/logo-activa-experience-nuevo-300x133.jpg 300w, https:\/\/visitnavarra.info\/visitnavarra\/wp-content\/uploads\/2023\/11\/logo-activa-experience-nuevo-320x142.jpg 320w, https:\/\/visitnavarra.info\/visitnavarra\/wp-content\/uploads\/2023\/11\/logo-activa-experience-nuevo-480x213.jpg 480w\" sizes=\"auto, (max-width: 483px) 100vw, 483px\" \/><\/div>[\/vc_column][vc_column width=&#8221;1\/2&#8243;][vc_column_text]<strong>Entidad \/ empresa:<\/strong> ACTIVA EXPERIENCE<br \/>\n<strong>Direcci\u00f3n:<\/strong> Ctra N121C, Tudela &#8211; Tarazona, km 7, 7, 31520 Cascante, Navarra<br \/>\nTel\u00e9fono: (+34) 948 850 448 | (+34) 654 500 512<br \/>\n<strong>Persona Contacto:<\/strong> Stefania Guinea<br \/>\n<strong>Mail<\/strong>:<a href=\"mailto:info@activaexperience.com\"> info@activaexperience.com<\/a><br \/>\n<strong>Web<\/strong>: <a href=\"http:\/\/www.activaexperience.com\" target=\"_blank\" rel=\"noopener\">www.activaexperience.com<\/a><br \/>\n<strong>N\u00baReg.Turismo:<\/strong> UETAC0015[\/vc_column_text][\/vc_column][\/vc_row]<\/p>\n","protected":false},"excerpt":{"rendered":"<p>[vc_row][vc_column width=&#8221;1\/1&#8243;][vc_column_text]Tras tu visita en Bardenas Reales y la Ribera de Navarra, recupera fuerzas degustando Tudela. Esta tierra es conocida por sus pinchos. Porque \u201cir de pintxos\u201d es algo m\u00e1s que tomar un aperitivo, es un rito gastron\u00f3mico en un ambiente relajado y de buen humor que se convierte en un acto social. Entendemos el \u201cpicoteo\u201d como un acto de encuentro sin formalidad ni cita previa. A\u00f1ade a esto una esmerada selecci\u00f3n de la gastronom\u00eda navarra y un buen vino o cerveza, al gusto. Cada sitio tiene su especialidad. Os proponemos un recorrido guiado por el casco viejo de Tudela en el que se mezcla la historia y la gastronom\u00eda, degustando una esmerada selecci\u00f3n de los mejores pinchos del lugar y acompa\u00f1ado de un buen vino D.O Navarra. Precio por persona: 45 \u20ac M\u00ednimo 4 personas Duraci\u00f3n aproximada: 2 horas [\/vc_column_text][\/vc_column][\/vc_row][vc_row][vc_column width=&#8221;1\/2&#8243;][\/vc_column][vc_column width=&#8221;1\/2&#8243;][vc_column_text]Entidad \/ empresa: ACTIVA EXPERIENCE Direcci\u00f3n: Ctra N121C, Tudela &#8211; Tarazona, km 7, 7, 31520 Cascante, Navarra Tel\u00e9fono: (+34) 948 850 448 | (+34) 654 500 512 Persona Contacto: Stefania Guinea Mail: info@activaexperience.com Web: www.activaexperience.com N\u00baReg.Turismo: UETAC0015[\/vc_column_text][\/vc_column][\/vc_row]<\/p>\n","protected":false},"author":1,"featured_media":0,"parent":0,"menu_order":0,"comment_status":"closed","ping_status":"closed","template":"","meta":{"footnotes":""},"class_list":["post-10784","page","type-page","status-publish","hentry"],"yoast_head":"<!-- This site is optimized with the Yoast SEO plugin v23.5 - https:\/\/yoast.com\/wordpress\/plugins\/seo\/ -->\n<title>RUTA GUIADA DE PINCHOS EN TUDELA - VisitNavarra<\/title>\n<meta name=\"description\" content=\"Tras tu visita en Bardenas Reales y la Ribera de Navarra, recupera fuerzas degustando Tudela. Porque ir de &quot;pinchos&quot; es algo m\u00e1s\" \/>\n<meta name=\"robots\" content=\"index, follow, max-snippet:-1, max-image-preview:large, max-video-preview:-1\" \/>\n<link rel=\"canonical\" href=\"https:\/\/visitnavarra.info\/visitnavarra\/ruta-guiada-de-pinchos-en-tudela\/\" \/>\n<meta property=\"og:locale\" content=\"es_ES\" \/>\n<meta property=\"og:type\" content=\"article\" \/>\n<meta property=\"og:title\" content=\"RUTA GUIADA DE PINCHOS EN TUDELA - VisitNavarra\" \/>\n<meta property=\"og:description\" content=\"Tras tu visita en Bardenas Reales y la Ribera de Navarra, recupera fuerzas degustando Tudela. Porque ir de &quot;pinchos&quot; es algo m\u00e1s\" \/>\n<meta property=\"og:url\" content=\"https:\/\/visitnavarra.info\/visitnavarra\/ruta-guiada-de-pinchos-en-tudela\/\" \/>\n<meta property=\"og:site_name\" content=\"VisitNavarra\" \/>\n<meta property=\"article:modified_time\" content=\"2023-11-06T15:19:34+00:00\" \/>\n<meta property=\"og:image\" content=\"https:\/\/visitnavarra.info\/visitnavarra\/wp-content\/uploads\/2021\/05\/ruta-pinchos-tudela-activa-experience-300x114.jpg\" \/>\n<meta name=\"twitter:card\" content=\"summary_large_image\" \/>\n<meta name=\"twitter:label1\" content=\"Tiempo de lectura\" \/>\n\t<meta name=\"twitter:data1\" content=\"2 minutos\" \/>\n<script type=\"application\/ld+json\" class=\"yoast-schema-graph\">{\"@context\":\"https:\/\/schema.org\",\"@graph\":[{\"@type\":\"WebPage\",\"@id\":\"https:\/\/visitnavarra.info\/visitnavarra\/ruta-guiada-de-pinchos-en-tudela\/\",\"url\":\"https:\/\/visitnavarra.info\/visitnavarra\/ruta-guiada-de-pinchos-en-tudela\/\",\"name\":\"RUTA GUIADA DE PINCHOS EN TUDELA - VisitNavarra\",\"isPartOf\":{\"@id\":\"https:\/\/visitnavarra.info\/visitnavarra\/#website\"},\"primaryImageOfPage\":{\"@id\":\"https:\/\/visitnavarra.info\/visitnavarra\/ruta-guiada-de-pinchos-en-tudela\/#primaryimage\"},\"image\":{\"@id\":\"https:\/\/visitnavarra.info\/visitnavarra\/ruta-guiada-de-pinchos-en-tudela\/#primaryimage\"},\"thumbnailUrl\":\"https:\/\/visitnavarra.info\/visitnavarra\/wp-content\/uploads\/2021\/05\/ruta-pinchos-tudela-activa-experience-300x114.jpg\",\"datePublished\":\"2021-05-06T08:47:26+00:00\",\"dateModified\":\"2023-11-06T15:19:34+00:00\",\"description\":\"Tras tu visita en Bardenas Reales y la Ribera de Navarra, recupera fuerzas degustando Tudela. Porque ir de \\\"pinchos\\\" es algo m\u00e1s\",\"breadcrumb\":{\"@id\":\"https:\/\/visitnavarra.info\/visitnavarra\/ruta-guiada-de-pinchos-en-tudela\/#breadcrumb\"},\"inLanguage\":\"es\",\"potentialAction\":[{\"@type\":\"ReadAction\",\"target\":[\"https:\/\/visitnavarra.info\/visitnavarra\/ruta-guiada-de-pinchos-en-tudela\/\"]}]},{\"@type\":\"ImageObject\",\"inLanguage\":\"es\",\"@id\":\"https:\/\/visitnavarra.info\/visitnavarra\/ruta-guiada-de-pinchos-en-tudela\/#primaryimage\",\"url\":\"https:\/\/visitnavarra.info\/visitnavarra\/wp-content\/uploads\/2021\/05\/ruta-pinchos-tudela-activa-experience.jpg\",\"contentUrl\":\"https:\/\/visitnavarra.info\/visitnavarra\/wp-content\/uploads\/2021\/05\/ruta-pinchos-tudela-activa-experience.jpg\",\"width\":710,\"height\":270},{\"@type\":\"BreadcrumbList\",\"@id\":\"https:\/\/visitnavarra.info\/visitnavarra\/ruta-guiada-de-pinchos-en-tudela\/#breadcrumb\",\"itemListElement\":[{\"@type\":\"ListItem\",\"position\":1,\"name\":\"Portada\",\"item\":\"https:\/\/visitnavarra.info\/visitnavarra\/\"},{\"@type\":\"ListItem\",\"position\":2,\"name\":\"RUTA GUIADA DE PINCHOS EN TUDELA\"}]},{\"@type\":\"WebSite\",\"@id\":\"https:\/\/visitnavarra.info\/visitnavarra\/#website\",\"url\":\"https:\/\/visitnavarra.info\/visitnavarra\/\",\"name\":\"VisitNavarra\",\"description\":\"Alojamiento y experiencias tur\u00edsticas en Navarra; qu\u00e9 visitar en Navarra; comer en Navarra\",\"potentialAction\":[{\"@type\":\"SearchAction\",\"target\":{\"@type\":\"EntryPoint\",\"urlTemplate\":\"https:\/\/visitnavarra.info\/visitnavarra\/?s={search_term_string}\"},\"query-input\":{\"@type\":\"PropertyValueSpecification\",\"valueRequired\":true,\"valueName\":\"search_term_string\"}}],\"inLanguage\":\"es\"}]}<\/script>\n<!-- \/ Yoast SEO plugin. -->","yoast_head_json":{"title":"RUTA GUIADA DE PINCHOS EN TUDELA - VisitNavarra","description":"Tras tu visita en Bardenas Reales y la Ribera de Navarra, recupera fuerzas degustando Tudela. Porque ir de \"pinchos\" es algo m\u00e1s","robots":{"index":"index","follow":"follow","max-snippet":"max-snippet:-1","max-image-preview":"max-image-preview:large","max-video-preview":"max-video-preview:-1"},"canonical":"https:\/\/visitnavarra.info\/visitnavarra\/ruta-guiada-de-pinchos-en-tudela\/","og_locale":"es_ES","og_type":"article","og_title":"RUTA GUIADA DE PINCHOS EN TUDELA - VisitNavarra","og_description":"Tras tu visita en Bardenas Reales y la Ribera de Navarra, recupera fuerzas degustando Tudela. Porque ir de \"pinchos\" es algo m\u00e1s","og_url":"https:\/\/visitnavarra.info\/visitnavarra\/ruta-guiada-de-pinchos-en-tudela\/","og_site_name":"VisitNavarra","article_modified_time":"2023-11-06T15:19:34+00:00","og_image":[{"url":"https:\/\/visitnavarra.info\/visitnavarra\/wp-content\/uploads\/2021\/05\/ruta-pinchos-tudela-activa-experience-300x114.jpg"}],"twitter_card":"summary_large_image","twitter_misc":{"Tiempo de lectura":"2 minutos"},"schema":{"@context":"https:\/\/schema.org","@graph":[{"@type":"WebPage","@id":"https:\/\/visitnavarra.info\/visitnavarra\/ruta-guiada-de-pinchos-en-tudela\/","url":"https:\/\/visitnavarra.info\/visitnavarra\/ruta-guiada-de-pinchos-en-tudela\/","name":"RUTA GUIADA DE PINCHOS EN TUDELA - VisitNavarra","isPartOf":{"@id":"https:\/\/visitnavarra.info\/visitnavarra\/#website"},"primaryImageOfPage":{"@id":"https:\/\/visitnavarra.info\/visitnavarra\/ruta-guiada-de-pinchos-en-tudela\/#primaryimage"},"image":{"@id":"https:\/\/visitnavarra.info\/visitnavarra\/ruta-guiada-de-pinchos-en-tudela\/#primaryimage"},"thumbnailUrl":"https:\/\/visitnavarra.info\/visitnavarra\/wp-content\/uploads\/2021\/05\/ruta-pinchos-tudela-activa-experience-300x114.jpg","datePublished":"2021-05-06T08:47:26+00:00","dateModified":"2023-11-06T15:19:34+00:00","description":"Tras tu visita en Bardenas Reales y la Ribera de Navarra, recupera fuerzas degustando Tudela. Porque ir de \"pinchos\" es algo m\u00e1s","breadcrumb":{"@id":"https:\/\/visitnavarra.info\/visitnavarra\/ruta-guiada-de-pinchos-en-tudela\/#breadcrumb"},"inLanguage":"es","potentialAction":[{"@type":"ReadAction","target":["https:\/\/visitnavarra.info\/visitnavarra\/ruta-guiada-de-pinchos-en-tudela\/"]}]},{"@type":"ImageObject","inLanguage":"es","@id":"https:\/\/visitnavarra.info\/visitnavarra\/ruta-guiada-de-pinchos-en-tudela\/#primaryimage","url":"https:\/\/visitnavarra.info\/visitnavarra\/wp-content\/uploads\/2021\/05\/ruta-pinchos-tudela-activa-experience.jpg","contentUrl":"https:\/\/visitnavarra.info\/visitnavarra\/wp-content\/uploads\/2021\/05\/ruta-pinchos-tudela-activa-experience.jpg","width":710,"height":270},{"@type":"BreadcrumbList","@id":"https:\/\/visitnavarra.info\/visitnavarra\/ruta-guiada-de-pinchos-en-tudela\/#breadcrumb","itemListElement":[{"@type":"ListItem","position":1,"name":"Portada","item":"https:\/\/visitnavarra.info\/visitnavarra\/"},{"@type":"ListItem","position":2,"name":"RUTA GUIADA DE PINCHOS EN TUDELA"}]},{"@type":"WebSite","@id":"https:\/\/visitnavarra.info\/visitnavarra\/#website","url":"https:\/\/visitnavarra.info\/visitnavarra\/","name":"VisitNavarra","description":"Alojamiento y experiencias tur\u00edsticas en Navarra; qu\u00e9 visitar en Navarra; comer en Navarra","potentialAction":[{"@type":"SearchAction","target":{"@type":"EntryPoint","urlTemplate":"https:\/\/visitnavarra.info\/visitnavarra\/?s={search_term_string}"},"query-input":{"@type":"PropertyValueSpecification","valueRequired":true,"valueName":"search_term_string"}}],"inLanguage":"es"}]}},"_links":{"self":[{"href":"https:\/\/visitnavarra.info\/visitnavarra\/wp-json\/wp\/v2\/pages\/10784","targetHints":{"allow":["GET"]}}],"collection":[{"href":"https:\/\/visitnavarra.info\/visitnavarra\/wp-json\/wp\/v2\/pages"}],"about":[{"href":"https:\/\/visitnavarra.info\/visitnavarra\/wp-json\/wp\/v2\/types\/page"}],"author":[{"embeddable":true,"href":"https:\/\/visitnavarra.info\/visitnavarra\/wp-json\/wp\/v2\/users\/1"}],"replies":[{"embeddable":true,"href":"https:\/\/visitnavarra.info\/visitnavarra\/wp-json\/wp\/v2\/comments?post=10784"}],"version-history":[{"count":4,"href":"https:\/\/visitnavarra.info\/visitnavarra\/wp-json\/wp\/v2\/pages\/10784\/revisions"}],"predecessor-version":[{"id":13083,"href":"https:\/\/visitnavarra.info\/visitnavarra\/wp-json\/wp\/v2\/pages\/10784\/revisions\/13083"}],"wp:attachment":[{"href":"https:\/\/visitnavarra.info\/visitnavarra\/wp-json\/wp\/v2\/media?parent=10784"}],"curies":[{"name":"wp","href":"https:\/\/api.w.org\/{rel}","templated":true}]}}