{"id":10813,"date":"2021-05-06T10:08:40","date_gmt":"2021-05-06T10:08:40","guid":{"rendered":"https:\/\/visitnavarra.info\/visitnavarra\/?page_id=10813"},"modified":"2023-11-06T14:57:13","modified_gmt":"2023-11-06T14:57:13","slug":"rutas-btt-para-grupos","status":"publish","type":"page","link":"https:\/\/visitnavarra.info\/visitnavarra\/rutas-btt-para-grupos\/","title":{"rendered":"RUTAS BTT PARA GRUPOS"},"content":{"rendered":"<p>[vc_row][vc_column width=&#8221;1\/1&#8243;][vc_column_text]<\/p>\n<h3><strong><img loading=\"lazy\" decoding=\"async\" class=\"size-medium wp-image-10814 alignleft\" src=\"https:\/\/visitnavarra.info\/visitnavarra\/wp-content\/uploads\/2021\/05\/rutas-btt-activa-experience-300x225.jpg\" alt=\"\" width=\"300\" height=\"225\" srcset=\"https:\/\/visitnavarra.info\/visitnavarra\/wp-content\/uploads\/2021\/05\/rutas-btt-activa-experience-300x225.jpg 300w, https:\/\/visitnavarra.info\/visitnavarra\/wp-content\/uploads\/2021\/05\/rutas-btt-activa-experience-1024x768.jpg 1024w, https:\/\/visitnavarra.info\/visitnavarra\/wp-content\/uploads\/2021\/05\/rutas-btt-activa-experience-768x576.jpg 768w, https:\/\/visitnavarra.info\/visitnavarra\/wp-content\/uploads\/2021\/05\/rutas-btt-activa-experience.jpg 1030w\" sizes=\"auto, (max-width: 300px) 100vw, 300px\" \/>RUTAS BTT Y ACTIVIDADES PARA GRUPOS<\/strong><\/h3>\n<p>Para los aficionados a la bicicleta de monta\u00f1a ofrecemos una gran variedad de rutas de BTT de duraci\u00f3n y dificultad variable, para conocer el paisaje del sur de Navarra, y por supuesto, recorrer el Parque Natural de las Bardenas Reales, uno de los espacios des\u00e9rticos m\u00e1s singulares de Europa.<\/p>\n<h3><strong>TESOROS DE LA RIBERA NAVARRA<\/strong><\/h3>\n<p>Una Experiencia en un entorno natural y diferente , disfrutando del paisaje , la bicicleta y porque no, visitando una t\u00edpica Almazara de aceite de oliva o una bodega de vino.<br \/>\nUna actividad apta para todas las edades y condiciones f\u00edsicas , ideal para familias con ni\u00f1os, grupos, amigos o familiares que hagan poco deporte, recorreremos caminos pr\u00e1cticamente<br \/>\nllanos, sin dificultad.<\/p>\n<p>El punto de partida es nuestro hotel , RuralSuite Hotel Apartamentos , donde adem\u00e1s te ofrecemos la posibilidad de alquilar todo tipo de bicicletas : Mountain bike, t\u00e1ndem, bicis infantiles, carro porta- ni\u00f1os, silla beb\u00e9 e incluso un porta bicicletas para tu coche.<\/p>\n<p><strong>Tarifas:<\/strong> a consultar | V\u00e1lida para todo tipo de niveles | Incluye visita y degustaci\u00f3n en Almazara o bodega de vino<\/p>\n<h3><strong>SERVICIO DE GU\u00cdA BTT EN BARDENAS REALES<img loading=\"lazy\" decoding=\"async\" class=\"size-medium wp-image-10818 alignright\" src=\"https:\/\/visitnavarra.info\/visitnavarra\/wp-content\/uploads\/2021\/05\/rutas-btt-activa-experience-2-ciclistas-300x225.jpg\" alt=\"\" width=\"300\" height=\"225\" srcset=\"https:\/\/visitnavarra.info\/visitnavarra\/wp-content\/uploads\/2021\/05\/rutas-btt-activa-experience-2-ciclistas-300x225.jpg 300w, https:\/\/visitnavarra.info\/visitnavarra\/wp-content\/uploads\/2021\/05\/rutas-btt-activa-experience-2-ciclistas.jpg 400w\" sizes=\"auto, (max-width: 300px) 100vw, 300px\" \/><\/strong><\/h3>\n<p>Recorre el desierto en bicicleta y descubre su historia con un gu\u00eda BTT.<br \/>\nSi tu grupo de amigos ciclistas se aloja en nuestro hotel, os podemos ofrecer el servicio de gu\u00eda para acompa\u00f1aros en cualquiera de las diferentes rutas propuestas.<br \/>\nDescubre un paisaje sorprendente con nuestras rutas BTT hechas a medida para grupos.<br \/>\nAdem\u00e1s, para los grupos alojados en nuestro hotel especial para ciclistas, RuralSuite Hotel Apartamentos, ofrecemos servicios de guarda-bicis, taller reparaci\u00f3n, zona de lavado de bicis, entrega de tracks, servicio de gu\u00eda y asesoramiento de rutas<\/p>\n<p><strong>Tarifas<\/strong>: a consultar | Nivel Medio-Avanzado | Solo para grupos[\/vc_column_text]<div class=\"spacer\" style=\"height: 40px;\"><\/div>[\/vc_column][\/vc_row][vc_row][vc_column width=&#8221;1\/2&#8243;]<div class=\"single_image wpb_content_element align-right    \" data-animation=\"none\" data-delay=\"0\"><img loading=\"lazy\" decoding=\"async\" width=\"483\" height=\"214\" src=\"https:\/\/visitnavarra.info\/visitnavarra\/wp-content\/uploads\/2023\/11\/logo-activa-experience-nuevo.jpg\" class=\"attachment-full\" alt=\"Logo de la Empresa Activa Experience de Turismo activo, agencia de viajes y servicios de producci\u00f3n de cine\" srcset=\"https:\/\/visitnavarra.info\/visitnavarra\/wp-content\/uploads\/2023\/11\/logo-activa-experience-nuevo.jpg 483w, https:\/\/visitnavarra.info\/visitnavarra\/wp-content\/uploads\/2023\/11\/logo-activa-experience-nuevo-300x133.jpg 300w, https:\/\/visitnavarra.info\/visitnavarra\/wp-content\/uploads\/2023\/11\/logo-activa-experience-nuevo-320x142.jpg 320w, https:\/\/visitnavarra.info\/visitnavarra\/wp-content\/uploads\/2023\/11\/logo-activa-experience-nuevo-480x213.jpg 480w\" sizes=\"auto, (max-width: 483px) 100vw, 483px\" \/><\/div>[\/vc_column][vc_column width=&#8221;1\/2&#8243;][vc_column_text]<strong>Entidad \/ empresa:<\/strong> ACTIVA EXPERIENCE<br \/>\n<strong>Direcci\u00f3n<\/strong>: Ctra N121C, Tudela &#8211; Tarazona, km 7, 7, 31520 Cascante, Navarra<br \/>\n<strong>Tel\u00e9fono<\/strong>: (+34) 948 850 448 | (+34) 654 500 512<br \/>\n<strong>Persona Contacto:<\/strong> Stefania Guinea<br \/>\n<strong>Mail:<\/strong> <a href=\"mailto:info@activaexperience.com\">info@activaexperience.com<\/a><br \/>\n<strong>Web:<\/strong> <a href=\"http:\/\/www.activaexperience.com\" target=\"_blank\" rel=\"noopener\">www.activaexperience.com<\/a><br \/>\n<strong>N\u00baReg.Turismo:<\/strong> UETAC0015[\/vc_column_text][\/vc_column][\/vc_row]<\/p>\n","protected":false},"excerpt":{"rendered":"<p>[vc_row][vc_column width=&#8221;1\/1&#8243;][vc_column_text] RUTAS BTT Y ACTIVIDADES PARA GRUPOS Para los aficionados a la bicicleta de monta\u00f1a ofrecemos una gran variedad de rutas de BTT de duraci\u00f3n y dificultad variable, para conocer el paisaje del sur de Navarra, y por supuesto, recorrer el Parque Natural de las Bardenas Reales, uno de los espacios des\u00e9rticos m\u00e1s singulares de Europa. TESOROS DE LA RIBERA NAVARRA Una Experiencia en un entorno natural y diferente , disfrutando del paisaje , la bicicleta y porque no, visitando una t\u00edpica Almazara de aceite de oliva o una bodega de vino. Una actividad apta para todas las edades y condiciones f\u00edsicas , ideal para familias con ni\u00f1os, grupos, amigos o familiares que hagan poco deporte, recorreremos caminos pr\u00e1cticamente llanos, sin dificultad. El punto de partida es nuestro hotel , RuralSuite Hotel Apartamentos , donde adem\u00e1s te ofrecemos la posibilidad de alquilar todo tipo de bicicletas : Mountain bike, t\u00e1ndem, bicis infantiles, carro porta- ni\u00f1os, silla beb\u00e9 e incluso un porta bicicletas para tu coche. Tarifas: a consultar | V\u00e1lida para todo tipo de niveles | Incluye visita y degustaci\u00f3n en Almazara o bodega de vino SERVICIO DE GU\u00cdA BTT EN BARDENAS REALES Recorre el desierto en bicicleta y [&hellip;]<\/p>\n","protected":false},"author":1,"featured_media":0,"parent":0,"menu_order":0,"comment_status":"closed","ping_status":"closed","template":"","meta":{"footnotes":""},"class_list":["post-10813","page","type-page","status-publish","hentry"],"yoast_head":"<!-- This site is optimized with the Yoast SEO plugin v23.5 - https:\/\/yoast.com\/wordpress\/plugins\/seo\/ -->\n<title>RUTAS BTT PARA GRUPOSRUTAS BTT PARA GRUPOS - VisitNavarra<\/title>\n<meta name=\"description\" content=\"Ofrecemos a los aficionados a la bicicleta de monta\u00f1a una gran variedad de rutas de BTT de duraci\u00f3n y dificultad variable para conocer Navarra\" \/>\n<meta name=\"robots\" content=\"index, follow, max-snippet:-1, max-image-preview:large, max-video-preview:-1\" \/>\n<link rel=\"canonical\" href=\"https:\/\/visitnavarra.info\/visitnavarra\/rutas-btt-para-grupos\/\" \/>\n<meta property=\"og:locale\" content=\"es_ES\" \/>\n<meta property=\"og:type\" content=\"article\" \/>\n<meta property=\"og:title\" content=\"RUTAS BTT PARA GRUPOSRUTAS BTT PARA GRUPOS - VisitNavarra\" \/>\n<meta property=\"og:description\" content=\"Ofrecemos a los aficionados a la bicicleta de monta\u00f1a una gran variedad de rutas de BTT de duraci\u00f3n y dificultad variable para conocer Navarra\" \/>\n<meta property=\"og:url\" content=\"https:\/\/visitnavarra.info\/visitnavarra\/rutas-btt-para-grupos\/\" \/>\n<meta property=\"og:site_name\" content=\"VisitNavarra\" \/>\n<meta property=\"article:modified_time\" content=\"2023-11-06T14:57:13+00:00\" \/>\n<meta property=\"og:image\" content=\"https:\/\/visitnavarra.info\/visitnavarra\/wp-content\/uploads\/2021\/05\/rutas-btt-activa-experience-300x225.jpg\" \/>\n<meta name=\"twitter:card\" content=\"summary_large_image\" \/>\n<meta name=\"twitter:label1\" content=\"Tiempo de lectura\" \/>\n\t<meta name=\"twitter:data1\" content=\"2 minutos\" \/>\n<script type=\"application\/ld+json\" class=\"yoast-schema-graph\">{\"@context\":\"https:\/\/schema.org\",\"@graph\":[{\"@type\":\"WebPage\",\"@id\":\"https:\/\/visitnavarra.info\/visitnavarra\/rutas-btt-para-grupos\/\",\"url\":\"https:\/\/visitnavarra.info\/visitnavarra\/rutas-btt-para-grupos\/\",\"name\":\"RUTAS BTT PARA GRUPOSRUTAS BTT PARA GRUPOS - VisitNavarra\",\"isPartOf\":{\"@id\":\"https:\/\/visitnavarra.info\/visitnavarra\/#website\"},\"primaryImageOfPage\":{\"@id\":\"https:\/\/visitnavarra.info\/visitnavarra\/rutas-btt-para-grupos\/#primaryimage\"},\"image\":{\"@id\":\"https:\/\/visitnavarra.info\/visitnavarra\/rutas-btt-para-grupos\/#primaryimage\"},\"thumbnailUrl\":\"https:\/\/visitnavarra.info\/visitnavarra\/wp-content\/uploads\/2021\/05\/rutas-btt-activa-experience-300x225.jpg\",\"datePublished\":\"2021-05-06T10:08:40+00:00\",\"dateModified\":\"2023-11-06T14:57:13+00:00\",\"description\":\"Ofrecemos a los aficionados a la bicicleta de monta\u00f1a una gran variedad de rutas de BTT de duraci\u00f3n y dificultad variable para conocer Navarra\",\"breadcrumb\":{\"@id\":\"https:\/\/visitnavarra.info\/visitnavarra\/rutas-btt-para-grupos\/#breadcrumb\"},\"inLanguage\":\"es\",\"potentialAction\":[{\"@type\":\"ReadAction\",\"target\":[\"https:\/\/visitnavarra.info\/visitnavarra\/rutas-btt-para-grupos\/\"]}]},{\"@type\":\"ImageObject\",\"inLanguage\":\"es\",\"@id\":\"https:\/\/visitnavarra.info\/visitnavarra\/rutas-btt-para-grupos\/#primaryimage\",\"url\":\"https:\/\/visitnavarra.info\/visitnavarra\/wp-content\/uploads\/2021\/05\/rutas-btt-activa-experience.jpg\",\"contentUrl\":\"https:\/\/visitnavarra.info\/visitnavarra\/wp-content\/uploads\/2021\/05\/rutas-btt-activa-experience.jpg\",\"width\":1030,\"height\":773},{\"@type\":\"BreadcrumbList\",\"@id\":\"https:\/\/visitnavarra.info\/visitnavarra\/rutas-btt-para-grupos\/#breadcrumb\",\"itemListElement\":[{\"@type\":\"ListItem\",\"position\":1,\"name\":\"Portada\",\"item\":\"https:\/\/visitnavarra.info\/visitnavarra\/\"},{\"@type\":\"ListItem\",\"position\":2,\"name\":\"RUTAS BTT PARA GRUPOS\"}]},{\"@type\":\"WebSite\",\"@id\":\"https:\/\/visitnavarra.info\/visitnavarra\/#website\",\"url\":\"https:\/\/visitnavarra.info\/visitnavarra\/\",\"name\":\"VisitNavarra\",\"description\":\"Alojamiento y experiencias tur\u00edsticas en Navarra; qu\u00e9 visitar en Navarra; comer en Navarra\",\"potentialAction\":[{\"@type\":\"SearchAction\",\"target\":{\"@type\":\"EntryPoint\",\"urlTemplate\":\"https:\/\/visitnavarra.info\/visitnavarra\/?s={search_term_string}\"},\"query-input\":{\"@type\":\"PropertyValueSpecification\",\"valueRequired\":true,\"valueName\":\"search_term_string\"}}],\"inLanguage\":\"es\"}]}<\/script>\n<!-- \/ Yoast SEO plugin. -->","yoast_head_json":{"title":"RUTAS BTT PARA GRUPOSRUTAS BTT PARA GRUPOS - VisitNavarra","description":"Ofrecemos a los aficionados a la bicicleta de monta\u00f1a una gran variedad de rutas de BTT de duraci\u00f3n y dificultad variable para conocer Navarra","robots":{"index":"index","follow":"follow","max-snippet":"max-snippet:-1","max-image-preview":"max-image-preview:large","max-video-preview":"max-video-preview:-1"},"canonical":"https:\/\/visitnavarra.info\/visitnavarra\/rutas-btt-para-grupos\/","og_locale":"es_ES","og_type":"article","og_title":"RUTAS BTT PARA GRUPOSRUTAS BTT PARA GRUPOS - VisitNavarra","og_description":"Ofrecemos a los aficionados a la bicicleta de monta\u00f1a una gran variedad de rutas de BTT de duraci\u00f3n y dificultad variable para conocer Navarra","og_url":"https:\/\/visitnavarra.info\/visitnavarra\/rutas-btt-para-grupos\/","og_site_name":"VisitNavarra","article_modified_time":"2023-11-06T14:57:13+00:00","og_image":[{"url":"https:\/\/visitnavarra.info\/visitnavarra\/wp-content\/uploads\/2021\/05\/rutas-btt-activa-experience-300x225.jpg"}],"twitter_card":"summary_large_image","twitter_misc":{"Tiempo de lectura":"2 minutos"},"schema":{"@context":"https:\/\/schema.org","@graph":[{"@type":"WebPage","@id":"https:\/\/visitnavarra.info\/visitnavarra\/rutas-btt-para-grupos\/","url":"https:\/\/visitnavarra.info\/visitnavarra\/rutas-btt-para-grupos\/","name":"RUTAS BTT PARA GRUPOSRUTAS BTT PARA GRUPOS - VisitNavarra","isPartOf":{"@id":"https:\/\/visitnavarra.info\/visitnavarra\/#website"},"primaryImageOfPage":{"@id":"https:\/\/visitnavarra.info\/visitnavarra\/rutas-btt-para-grupos\/#primaryimage"},"image":{"@id":"https:\/\/visitnavarra.info\/visitnavarra\/rutas-btt-para-grupos\/#primaryimage"},"thumbnailUrl":"https:\/\/visitnavarra.info\/visitnavarra\/wp-content\/uploads\/2021\/05\/rutas-btt-activa-experience-300x225.jpg","datePublished":"2021-05-06T10:08:40+00:00","dateModified":"2023-11-06T14:57:13+00:00","description":"Ofrecemos a los aficionados a la bicicleta de monta\u00f1a una gran variedad de rutas de BTT de duraci\u00f3n y dificultad variable para conocer Navarra","breadcrumb":{"@id":"https:\/\/visitnavarra.info\/visitnavarra\/rutas-btt-para-grupos\/#breadcrumb"},"inLanguage":"es","potentialAction":[{"@type":"ReadAction","target":["https:\/\/visitnavarra.info\/visitnavarra\/rutas-btt-para-grupos\/"]}]},{"@type":"ImageObject","inLanguage":"es","@id":"https:\/\/visitnavarra.info\/visitnavarra\/rutas-btt-para-grupos\/#primaryimage","url":"https:\/\/visitnavarra.info\/visitnavarra\/wp-content\/uploads\/2021\/05\/rutas-btt-activa-experience.jpg","contentUrl":"https:\/\/visitnavarra.info\/visitnavarra\/wp-content\/uploads\/2021\/05\/rutas-btt-activa-experience.jpg","width":1030,"height":773},{"@type":"BreadcrumbList","@id":"https:\/\/visitnavarra.info\/visitnavarra\/rutas-btt-para-grupos\/#breadcrumb","itemListElement":[{"@type":"ListItem","position":1,"name":"Portada","item":"https:\/\/visitnavarra.info\/visitnavarra\/"},{"@type":"ListItem","position":2,"name":"RUTAS BTT PARA GRUPOS"}]},{"@type":"WebSite","@id":"https:\/\/visitnavarra.info\/visitnavarra\/#website","url":"https:\/\/visitnavarra.info\/visitnavarra\/","name":"VisitNavarra","description":"Alojamiento y experiencias tur\u00edsticas en Navarra; qu\u00e9 visitar en Navarra; comer en Navarra","potentialAction":[{"@type":"SearchAction","target":{"@type":"EntryPoint","urlTemplate":"https:\/\/visitnavarra.info\/visitnavarra\/?s={search_term_string}"},"query-input":{"@type":"PropertyValueSpecification","valueRequired":true,"valueName":"search_term_string"}}],"inLanguage":"es"}]}},"_links":{"self":[{"href":"https:\/\/visitnavarra.info\/visitnavarra\/wp-json\/wp\/v2\/pages\/10813","targetHints":{"allow":["GET"]}}],"collection":[{"href":"https:\/\/visitnavarra.info\/visitnavarra\/wp-json\/wp\/v2\/pages"}],"about":[{"href":"https:\/\/visitnavarra.info\/visitnavarra\/wp-json\/wp\/v2\/types\/page"}],"author":[{"embeddable":true,"href":"https:\/\/visitnavarra.info\/visitnavarra\/wp-json\/wp\/v2\/users\/1"}],"replies":[{"embeddable":true,"href":"https:\/\/visitnavarra.info\/visitnavarra\/wp-json\/wp\/v2\/comments?post=10813"}],"version-history":[{"count":2,"href":"https:\/\/visitnavarra.info\/visitnavarra\/wp-json\/wp\/v2\/pages\/10813\/revisions"}],"predecessor-version":[{"id":13062,"href":"https:\/\/visitnavarra.info\/visitnavarra\/wp-json\/wp\/v2\/pages\/10813\/revisions\/13062"}],"wp:attachment":[{"href":"https:\/\/visitnavarra.info\/visitnavarra\/wp-json\/wp\/v2\/media?parent=10813"}],"curies":[{"name":"wp","href":"https:\/\/api.w.org\/{rel}","templated":true}]}}