{"id":11103,"date":"2021-06-01T13:50:24","date_gmt":"2021-06-01T13:50:24","guid":{"rendered":"https:\/\/visitnavarra.info\/visitnavarra\/?page_id=11103"},"modified":"2021-06-04T12:28:26","modified_gmt":"2021-06-04T12:28:26","slug":"alquiler-de-espacios-para-empresas","status":"publish","type":"page","link":"https:\/\/visitnavarra.info\/visitnavarra\/alquiler-de-espacios-para-empresas\/","title":{"rendered":"ALQUILER DE ESPACIOS PARA EMPRESAS"},"content":{"rendered":"<p>[vc_row][vc_column width=&#8221;1\/1&#8243;][vc_column_text]<strong>Bodega Otazu<\/strong> dispone de todas las instalaciones necesarias para la organizaci\u00f3n de reuniones de empresa o congresos con posibilidad de almuerzo, comida o cena para grupos de m\u00e1ximo 300 personas sentadas.<\/p>\n<p>Nuestras instalaciones est\u00e1n dotadas de wifi, pantallas, proyectores, micr\u00f3fonos y todo el material necesario.<\/p>\n<ul>\n<li><strong>Idiomas<\/strong>: Castellano, Ingl\u00e9s y Franc\u00e9s<\/li>\n<li><strong>Horario<\/strong>: Consultar disponibilidad<\/li>\n<li><strong>Precios a Consultar<\/strong><\/li>\n<li><strong>Personas M\u00ednimo:<\/strong> 10 &#8211; Personas M\u00e1ximo: 300<\/li>\n<li><strong>Esta Experiencia Incluye:<\/strong> Alquiler de los espacios<\/li>\n<\/ul>\n<p><em>10% Comisi\u00f3n touroperadores y agencias<\/em>[\/vc_column_text]<div class=\"spacer\" style=\"height: 40px;\"><\/div>[\/vc_column][\/vc_row][vc_row][vc_column width=&#8221;1\/2&#8243;]<div class=\"single_image wpb_content_element align-center    \" data-animation=\"none\" data-delay=\"0\"><img loading=\"lazy\" decoding=\"async\" width=\"1387\" height=\"917\" src=\"https:\/\/visitnavarra.info\/visitnavarra\/wp-content\/uploads\/2021\/06\/Otazu-montaje-conferencias-Lise-Boursier.jpg\" class=\"attachment-full\" alt=\"\" srcset=\"https:\/\/visitnavarra.info\/visitnavarra\/wp-content\/uploads\/2021\/06\/Otazu-montaje-conferencias-Lise-Boursier.jpg 1387w, https:\/\/visitnavarra.info\/visitnavarra\/wp-content\/uploads\/2021\/06\/Otazu-montaje-conferencias-Lise-Boursier-300x198.jpg 300w, https:\/\/visitnavarra.info\/visitnavarra\/wp-content\/uploads\/2021\/06\/Otazu-montaje-conferencias-Lise-Boursier-1024x677.jpg 1024w, https:\/\/visitnavarra.info\/visitnavarra\/wp-content\/uploads\/2021\/06\/Otazu-montaje-conferencias-Lise-Boursier-768x508.jpg 768w\" sizes=\"auto, (max-width: 1387px) 100vw, 1387px\" \/><\/div>[\/vc_column][vc_column width=&#8221;1\/2&#8243;]<div class=\"single_image wpb_content_element align-center    \" data-animation=\"none\" data-delay=\"0\"><img loading=\"lazy\" decoding=\"async\" width=\"931\" height=\"587\" src=\"https:\/\/visitnavarra.info\/visitnavarra\/wp-content\/uploads\/2021\/06\/Otazu-eventos-Lise-Boursier.jpg\" class=\"attachment-full\" alt=\"\" srcset=\"https:\/\/visitnavarra.info\/visitnavarra\/wp-content\/uploads\/2021\/06\/Otazu-eventos-Lise-Boursier.jpg 931w, https:\/\/visitnavarra.info\/visitnavarra\/wp-content\/uploads\/2021\/06\/Otazu-eventos-Lise-Boursier-300x189.jpg 300w, https:\/\/visitnavarra.info\/visitnavarra\/wp-content\/uploads\/2021\/06\/Otazu-eventos-Lise-Boursier-768x484.jpg 768w\" sizes=\"auto, (max-width: 931px) 100vw, 931px\" \/><\/div>[\/vc_column][\/vc_row][vc_row][vc_column width=&#8221;1\/1&#8243;]<div class=\"spacer\" style=\"height: 40px;\"><\/div>[\/vc_column][\/vc_row][vc_row][vc_column width=&#8221;1\/2&#8243;]<div class=\"single_image wpb_content_element align-center    \" data-animation=\"none\" data-delay=\"0\"><img loading=\"lazy\" decoding=\"async\" width=\"1000\" height=\"667\" src=\"https:\/\/visitnavarra.info\/visitnavarra\/wp-content\/uploads\/2021\/06\/Otazu-montaje-conferencia-salon2-Lise-Boursier-1000.jpg\" class=\"attachment-full\" alt=\"Bodegas Otazu sala de conferencias\" srcset=\"https:\/\/visitnavarra.info\/visitnavarra\/wp-content\/uploads\/2021\/06\/Otazu-montaje-conferencia-salon2-Lise-Boursier-1000.jpg 1000w, https:\/\/visitnavarra.info\/visitnavarra\/wp-content\/uploads\/2021\/06\/Otazu-montaje-conferencia-salon2-Lise-Boursier-1000-300x200.jpg 300w, https:\/\/visitnavarra.info\/visitnavarra\/wp-content\/uploads\/2021\/06\/Otazu-montaje-conferencia-salon2-Lise-Boursier-1000-768x512.jpg 768w, https:\/\/visitnavarra.info\/visitnavarra\/wp-content\/uploads\/2021\/06\/Otazu-montaje-conferencia-salon2-Lise-Boursier-1000-600x400.jpg 600w\" sizes=\"auto, (max-width: 1000px) 100vw, 1000px\" \/><\/div>[\/vc_column][vc_column width=&#8221;1\/2&#8243;][vc_column_text]Empresa: BODEGAS OTAZU<br \/>\nContacto: Marian San Martin<br \/>\nTelefono:(+34) 948329 200<br \/>\nMail: <a href=\"mailto:info@otazu.com\">info@otazu.com<\/a>[\/vc_column_text][\/vc_column][\/vc_row]<\/p>\n","protected":false},"excerpt":{"rendered":"<p>[vc_row][vc_column width=&#8221;1\/1&#8243;][vc_column_text]Bodega Otazu dispone de todas las instalaciones necesarias para la organizaci\u00f3n de reuniones de empresa o congresos con posibilidad de almuerzo, comida o cena para grupos de m\u00e1ximo 300 personas sentadas. Nuestras instalaciones est\u00e1n dotadas de wifi, pantallas, proyectores, micr\u00f3fonos y todo el material necesario. Idiomas: Castellano, Ingl\u00e9s y Franc\u00e9s Horario: Consultar disponibilidad Precios a Consultar Personas M\u00ednimo: 10 &#8211; Personas M\u00e1ximo: 300 Esta Experiencia Incluye: Alquiler de los espacios 10% Comisi\u00f3n touroperadores y agencias[\/vc_column_text][\/vc_column][\/vc_row][vc_row][vc_column width=&#8221;1\/2&#8243;][\/vc_column][vc_column width=&#8221;1\/2&#8243;][\/vc_column][\/vc_row][vc_row][vc_column width=&#8221;1\/1&#8243;][\/vc_column][\/vc_row][vc_row][vc_column width=&#8221;1\/2&#8243;][\/vc_column][vc_column width=&#8221;1\/2&#8243;][vc_column_text]Empresa: BODEGAS OTAZU Contacto: Marian San Martin Telefono:(+34) 948329 200 Mail: info@otazu.com[\/vc_column_text][\/vc_column][\/vc_row]<\/p>\n","protected":false},"author":1,"featured_media":0,"parent":0,"menu_order":0,"comment_status":"closed","ping_status":"closed","template":"","meta":{"footnotes":""},"class_list":["post-11103","page","type-page","status-publish","hentry"],"yoast_head":"<!-- This site is optimized with the Yoast SEO plugin v23.5 - https:\/\/yoast.com\/wordpress\/plugins\/seo\/ -->\n<title>Bodegas Otazu Alquiler de espacios para empresas - VisitNavarra<\/title>\n<meta name=\"description\" content=\"Bodegas Otazu dispone de todas las instalaciones necesarias para la organizaci\u00f3n de reuniones de empresa o congresos con posibilidad de almuer\" \/>\n<meta name=\"robots\" content=\"index, follow, max-snippet:-1, max-image-preview:large, max-video-preview:-1\" \/>\n<link rel=\"canonical\" href=\"https:\/\/visitnavarra.info\/visitnavarra\/alquiler-de-espacios-para-empresas\/\" \/>\n<meta property=\"og:locale\" content=\"es_ES\" \/>\n<meta property=\"og:type\" content=\"article\" \/>\n<meta property=\"og:title\" content=\"Bodegas Otazu Alquiler de espacios para empresas - VisitNavarra\" \/>\n<meta property=\"og:description\" content=\"Bodegas Otazu dispone de todas las instalaciones necesarias para la organizaci\u00f3n de reuniones de empresa o congresos con posibilidad de almuer\" \/>\n<meta property=\"og:url\" content=\"https:\/\/visitnavarra.info\/visitnavarra\/alquiler-de-espacios-para-empresas\/\" \/>\n<meta property=\"og:site_name\" content=\"VisitNavarra\" \/>\n<meta property=\"article:modified_time\" content=\"2021-06-04T12:28:26+00:00\" \/>\n<meta name=\"twitter:card\" content=\"summary_large_image\" \/>\n<meta name=\"twitter:label1\" content=\"Tiempo de lectura\" \/>\n\t<meta name=\"twitter:data1\" content=\"1 minuto\" \/>\n<script type=\"application\/ld+json\" class=\"yoast-schema-graph\">{\"@context\":\"https:\/\/schema.org\",\"@graph\":[{\"@type\":\"WebPage\",\"@id\":\"https:\/\/visitnavarra.info\/visitnavarra\/alquiler-de-espacios-para-empresas\/\",\"url\":\"https:\/\/visitnavarra.info\/visitnavarra\/alquiler-de-espacios-para-empresas\/\",\"name\":\"Bodegas Otazu Alquiler de espacios para empresas - VisitNavarra\",\"isPartOf\":{\"@id\":\"https:\/\/visitnavarra.info\/visitnavarra\/#website\"},\"datePublished\":\"2021-06-01T13:50:24+00:00\",\"dateModified\":\"2021-06-04T12:28:26+00:00\",\"description\":\"Bodegas Otazu dispone de todas las instalaciones necesarias para la organizaci\u00f3n de reuniones de empresa o congresos con posibilidad de almuer\",\"breadcrumb\":{\"@id\":\"https:\/\/visitnavarra.info\/visitnavarra\/alquiler-de-espacios-para-empresas\/#breadcrumb\"},\"inLanguage\":\"es\",\"potentialAction\":[{\"@type\":\"ReadAction\",\"target\":[\"https:\/\/visitnavarra.info\/visitnavarra\/alquiler-de-espacios-para-empresas\/\"]}]},{\"@type\":\"BreadcrumbList\",\"@id\":\"https:\/\/visitnavarra.info\/visitnavarra\/alquiler-de-espacios-para-empresas\/#breadcrumb\",\"itemListElement\":[{\"@type\":\"ListItem\",\"position\":1,\"name\":\"Portada\",\"item\":\"https:\/\/visitnavarra.info\/visitnavarra\/\"},{\"@type\":\"ListItem\",\"position\":2,\"name\":\"ALQUILER DE ESPACIOS PARA EMPRESAS\"}]},{\"@type\":\"WebSite\",\"@id\":\"https:\/\/visitnavarra.info\/visitnavarra\/#website\",\"url\":\"https:\/\/visitnavarra.info\/visitnavarra\/\",\"name\":\"VisitNavarra\",\"description\":\"Alojamiento y experiencias tur\u00edsticas en Navarra; qu\u00e9 visitar en Navarra; comer en Navarra\",\"potentialAction\":[{\"@type\":\"SearchAction\",\"target\":{\"@type\":\"EntryPoint\",\"urlTemplate\":\"https:\/\/visitnavarra.info\/visitnavarra\/?s={search_term_string}\"},\"query-input\":{\"@type\":\"PropertyValueSpecification\",\"valueRequired\":true,\"valueName\":\"search_term_string\"}}],\"inLanguage\":\"es\"}]}<\/script>\n<!-- \/ Yoast SEO plugin. -->","yoast_head_json":{"title":"Bodegas Otazu Alquiler de espacios para empresas - VisitNavarra","description":"Bodegas Otazu dispone de todas las instalaciones necesarias para la organizaci\u00f3n de reuniones de empresa o congresos con posibilidad de almuer","robots":{"index":"index","follow":"follow","max-snippet":"max-snippet:-1","max-image-preview":"max-image-preview:large","max-video-preview":"max-video-preview:-1"},"canonical":"https:\/\/visitnavarra.info\/visitnavarra\/alquiler-de-espacios-para-empresas\/","og_locale":"es_ES","og_type":"article","og_title":"Bodegas Otazu Alquiler de espacios para empresas - VisitNavarra","og_description":"Bodegas Otazu dispone de todas las instalaciones necesarias para la organizaci\u00f3n de reuniones de empresa o congresos con posibilidad de almuer","og_url":"https:\/\/visitnavarra.info\/visitnavarra\/alquiler-de-espacios-para-empresas\/","og_site_name":"VisitNavarra","article_modified_time":"2021-06-04T12:28:26+00:00","twitter_card":"summary_large_image","twitter_misc":{"Tiempo de lectura":"1 minuto"},"schema":{"@context":"https:\/\/schema.org","@graph":[{"@type":"WebPage","@id":"https:\/\/visitnavarra.info\/visitnavarra\/alquiler-de-espacios-para-empresas\/","url":"https:\/\/visitnavarra.info\/visitnavarra\/alquiler-de-espacios-para-empresas\/","name":"Bodegas Otazu Alquiler de espacios para empresas - VisitNavarra","isPartOf":{"@id":"https:\/\/visitnavarra.info\/visitnavarra\/#website"},"datePublished":"2021-06-01T13:50:24+00:00","dateModified":"2021-06-04T12:28:26+00:00","description":"Bodegas Otazu dispone de todas las instalaciones necesarias para la organizaci\u00f3n de reuniones de empresa o congresos con posibilidad de almuer","breadcrumb":{"@id":"https:\/\/visitnavarra.info\/visitnavarra\/alquiler-de-espacios-para-empresas\/#breadcrumb"},"inLanguage":"es","potentialAction":[{"@type":"ReadAction","target":["https:\/\/visitnavarra.info\/visitnavarra\/alquiler-de-espacios-para-empresas\/"]}]},{"@type":"BreadcrumbList","@id":"https:\/\/visitnavarra.info\/visitnavarra\/alquiler-de-espacios-para-empresas\/#breadcrumb","itemListElement":[{"@type":"ListItem","position":1,"name":"Portada","item":"https:\/\/visitnavarra.info\/visitnavarra\/"},{"@type":"ListItem","position":2,"name":"ALQUILER DE ESPACIOS PARA EMPRESAS"}]},{"@type":"WebSite","@id":"https:\/\/visitnavarra.info\/visitnavarra\/#website","url":"https:\/\/visitnavarra.info\/visitnavarra\/","name":"VisitNavarra","description":"Alojamiento y experiencias tur\u00edsticas en Navarra; qu\u00e9 visitar en Navarra; comer en Navarra","potentialAction":[{"@type":"SearchAction","target":{"@type":"EntryPoint","urlTemplate":"https:\/\/visitnavarra.info\/visitnavarra\/?s={search_term_string}"},"query-input":{"@type":"PropertyValueSpecification","valueRequired":true,"valueName":"search_term_string"}}],"inLanguage":"es"}]}},"_links":{"self":[{"href":"https:\/\/visitnavarra.info\/visitnavarra\/wp-json\/wp\/v2\/pages\/11103","targetHints":{"allow":["GET"]}}],"collection":[{"href":"https:\/\/visitnavarra.info\/visitnavarra\/wp-json\/wp\/v2\/pages"}],"about":[{"href":"https:\/\/visitnavarra.info\/visitnavarra\/wp-json\/wp\/v2\/types\/page"}],"author":[{"embeddable":true,"href":"https:\/\/visitnavarra.info\/visitnavarra\/wp-json\/wp\/v2\/users\/1"}],"replies":[{"embeddable":true,"href":"https:\/\/visitnavarra.info\/visitnavarra\/wp-json\/wp\/v2\/comments?post=11103"}],"version-history":[{"count":4,"href":"https:\/\/visitnavarra.info\/visitnavarra\/wp-json\/wp\/v2\/pages\/11103\/revisions"}],"predecessor-version":[{"id":11125,"href":"https:\/\/visitnavarra.info\/visitnavarra\/wp-json\/wp\/v2\/pages\/11103\/revisions\/11125"}],"wp:attachment":[{"href":"https:\/\/visitnavarra.info\/visitnavarra\/wp-json\/wp\/v2\/media?parent=11103"}],"curies":[{"name":"wp","href":"https:\/\/api.w.org\/{rel}","templated":true}]}}