{"id":11396,"date":"2021-10-25T10:14:44","date_gmt":"2021-10-25T10:14:44","guid":{"rendered":"https:\/\/visitnavarra.info\/visitnavarra\/?page_id=11396"},"modified":"2022-01-19T09:51:12","modified_gmt":"2022-01-19T09:51:12","slug":"trufabike","status":"publish","type":"page","link":"https:\/\/visitnavarra.info\/visitnavarra\/trufabike\/","title":{"rendered":"TRUFABIKE"},"content":{"rendered":"<h3><strong>TRUFABIKE<\/strong><\/h3>\n<p><img loading=\"lazy\" decoding=\"async\" class=\"alignnone wp-image-11381 size-full\" src=\"https:\/\/visitnavarra.info\/visitnavarra\/wp-content\/uploads\/2021\/10\/6_TrufaBike.jpg\" alt=\"\" width=\"640\" height=\"426\" srcset=\"https:\/\/visitnavarra.info\/visitnavarra\/wp-content\/uploads\/2021\/10\/6_TrufaBike.jpg 640w, https:\/\/visitnavarra.info\/visitnavarra\/wp-content\/uploads\/2021\/10\/6_TrufaBike-300x200.jpg 300w, https:\/\/visitnavarra.info\/visitnavarra\/wp-content\/uploads\/2021\/10\/6_TrufaBike-600x400.jpg 600w\" sizes=\"auto, (max-width: 640px) 100vw, 640px\" \/><\/p>\n<p><strong>DISFRUTA DE UNA RUTA BTT POR EL VALLE DE METAUTEN<\/strong><\/p>\n<p>Parte del Museo de la Trufa y pasa por Metauten y Ollogoyen para adentrarse en las laderas de la Sierra de Lokiz pasando por Ganuza, robledal de Aramendia, pueblo que recorremos por sus calles estrechas y que nos lleva a Muneta y Galdeanos.<\/p>\n<p><em><strong>INCLUYE:<\/strong><\/em><\/p>\n<ul>\n<li>Peque\u00f1o desayuno<\/li>\n<li>Degustaci\u00f3n completa de productos trufados<\/li>\n<li>Guia y seguro<\/li>\n<\/ul>\n<p><em><strong>HORIOS Y PRECIOS<\/strong><\/em><\/p>\n<ul>\n<li>S\u00e1bados, domingos y festivos &#8211; 10:00h<\/li>\n<li>Reserva con 48 horas de antelaci\u00f3n<\/li>\n<li>Precio\/persona: 40\u20ac<\/li>\n<\/ul>\n<p><strong><img loading=\"lazy\" decoding=\"async\" class=\"size-full wp-image-11397 alignleft\" src=\"https:\/\/visitnavarra.info\/visitnavarra\/wp-content\/uploads\/2021\/10\/museo-trufa-logo.jpg\" alt=\"\" width=\"300\" height=\"212\" \/><\/strong><\/p>\n<p><strong>Entidad \/ empresa: MUSEO DE LA TRUFA<\/strong><br \/>\n<strong>Direcci\u00f3n:<\/strong> Carretera de Ganuza, 1 &#8211; Metauten 31241 (Navarra)<br \/>\n<strong>Tel\u00e9fono:<\/strong> (+34) 722 250 346<br \/>\n<strong>Mail<\/strong>: <a href=\"mailto:info@museodelatrufa.com\" target=\"_blank\" rel=\"noopener\">info@museodelatrufa.com<\/a><br \/>\n<strong>Web<\/strong>: <a href=\"https:\/\/museodelatrufa.com\/\" target=\"_blank\" rel=\"noopener\">https:\/\/museodelatrufa.com\/<\/a><\/p>\n","protected":false},"excerpt":{"rendered":"<p>TRUFABIKE DISFRUTA DE UNA RUTA BTT POR EL VALLE DE METAUTEN Parte del Museo de la Trufa y pasa por Metauten y Ollogoyen para adentrarse en las laderas de la Sierra de Lokiz pasando por Ganuza, robledal de Aramendia, pueblo que recorremos por sus calles estrechas y que nos lleva a Muneta y Galdeanos. INCLUYE: Peque\u00f1o desayuno Degustaci\u00f3n completa de productos trufados Guia y seguro HORIOS Y PRECIOS S\u00e1bados, domingos y festivos &#8211; 10:00h Reserva con 48 horas de antelaci\u00f3n Precio\/persona: 40\u20ac Entidad \/ empresa: MUSEO DE LA TRUFA Direcci\u00f3n: Carretera de Ganuza, 1 &#8211; Metauten 31241 (Navarra) Tel\u00e9fono: (+34) 722 250 346 Mail: info@museodelatrufa.com Web: https:\/\/museodelatrufa.com\/<\/p>\n","protected":false},"author":1,"featured_media":0,"parent":0,"menu_order":0,"comment_status":"closed","ping_status":"closed","template":"","meta":{"footnotes":""},"class_list":["post-11396","page","type-page","status-publish","hentry"],"yoast_head":"<!-- This site is optimized with the Yoast SEO plugin v23.5 - https:\/\/yoast.com\/wordpress\/plugins\/seo\/ -->\n<title>Trufabike en el Museo de la TrufaTRUFABIKE - VisitNavarra<\/title>\n<meta name=\"description\" content=\"Parte del Museo de la Trufa y pasa por Metauten y Ollogoyen para adentrarse en las laderas de la Sierra de Lokiz pasando por Ganuza,\" \/>\n<meta name=\"robots\" content=\"index, follow, max-snippet:-1, max-image-preview:large, max-video-preview:-1\" \/>\n<link rel=\"canonical\" href=\"https:\/\/visitnavarra.info\/visitnavarra\/trufabike\/\" \/>\n<meta property=\"og:locale\" content=\"es_ES\" \/>\n<meta property=\"og:type\" content=\"article\" \/>\n<meta property=\"og:title\" content=\"Trufabike en el Museo de la TrufaTRUFABIKE - VisitNavarra\" \/>\n<meta property=\"og:description\" content=\"Parte del Museo de la Trufa y pasa por Metauten y Ollogoyen para adentrarse en las laderas de la Sierra de Lokiz pasando por Ganuza,\" \/>\n<meta property=\"og:url\" content=\"https:\/\/visitnavarra.info\/visitnavarra\/trufabike\/\" \/>\n<meta property=\"og:site_name\" content=\"VisitNavarra\" \/>\n<meta property=\"article:modified_time\" content=\"2022-01-19T09:51:12+00:00\" \/>\n<meta property=\"og:image\" content=\"https:\/\/visitnavarra.info\/visitnavarra\/wp-content\/uploads\/2021\/10\/6_TrufaBike.jpg\" \/>\n<meta name=\"twitter:card\" content=\"summary_large_image\" \/>\n<meta name=\"twitter:label1\" content=\"Tiempo de lectura\" \/>\n\t<meta name=\"twitter:data1\" content=\"1 minuto\" \/>\n<script type=\"application\/ld+json\" class=\"yoast-schema-graph\">{\"@context\":\"https:\/\/schema.org\",\"@graph\":[{\"@type\":\"WebPage\",\"@id\":\"https:\/\/visitnavarra.info\/visitnavarra\/trufabike\/\",\"url\":\"https:\/\/visitnavarra.info\/visitnavarra\/trufabike\/\",\"name\":\"Trufabike en el Museo de la TrufaTRUFABIKE - VisitNavarra\",\"isPartOf\":{\"@id\":\"https:\/\/visitnavarra.info\/visitnavarra\/#website\"},\"primaryImageOfPage\":{\"@id\":\"https:\/\/visitnavarra.info\/visitnavarra\/trufabike\/#primaryimage\"},\"image\":{\"@id\":\"https:\/\/visitnavarra.info\/visitnavarra\/trufabike\/#primaryimage\"},\"thumbnailUrl\":\"https:\/\/visitnavarra.info\/visitnavarra\/wp-content\/uploads\/2021\/10\/6_TrufaBike.jpg\",\"datePublished\":\"2021-10-25T10:14:44+00:00\",\"dateModified\":\"2022-01-19T09:51:12+00:00\",\"description\":\"Parte del Museo de la Trufa y pasa por Metauten y Ollogoyen para adentrarse en las laderas de la Sierra de Lokiz pasando por Ganuza,\",\"breadcrumb\":{\"@id\":\"https:\/\/visitnavarra.info\/visitnavarra\/trufabike\/#breadcrumb\"},\"inLanguage\":\"es\",\"potentialAction\":[{\"@type\":\"ReadAction\",\"target\":[\"https:\/\/visitnavarra.info\/visitnavarra\/trufabike\/\"]}]},{\"@type\":\"ImageObject\",\"inLanguage\":\"es\",\"@id\":\"https:\/\/visitnavarra.info\/visitnavarra\/trufabike\/#primaryimage\",\"url\":\"https:\/\/visitnavarra.info\/visitnavarra\/wp-content\/uploads\/2021\/10\/6_TrufaBike.jpg\",\"contentUrl\":\"https:\/\/visitnavarra.info\/visitnavarra\/wp-content\/uploads\/2021\/10\/6_TrufaBike.jpg\",\"width\":640,\"height\":426},{\"@type\":\"BreadcrumbList\",\"@id\":\"https:\/\/visitnavarra.info\/visitnavarra\/trufabike\/#breadcrumb\",\"itemListElement\":[{\"@type\":\"ListItem\",\"position\":1,\"name\":\"Portada\",\"item\":\"https:\/\/visitnavarra.info\/visitnavarra\/\"},{\"@type\":\"ListItem\",\"position\":2,\"name\":\"TRUFABIKE\"}]},{\"@type\":\"WebSite\",\"@id\":\"https:\/\/visitnavarra.info\/visitnavarra\/#website\",\"url\":\"https:\/\/visitnavarra.info\/visitnavarra\/\",\"name\":\"VisitNavarra\",\"description\":\"Alojamiento y experiencias tur\u00edsticas en Navarra; qu\u00e9 visitar en Navarra; comer en Navarra\",\"potentialAction\":[{\"@type\":\"SearchAction\",\"target\":{\"@type\":\"EntryPoint\",\"urlTemplate\":\"https:\/\/visitnavarra.info\/visitnavarra\/?s={search_term_string}\"},\"query-input\":{\"@type\":\"PropertyValueSpecification\",\"valueRequired\":true,\"valueName\":\"search_term_string\"}}],\"inLanguage\":\"es\"}]}<\/script>\n<!-- \/ Yoast SEO plugin. -->","yoast_head_json":{"title":"Trufabike en el Museo de la TrufaTRUFABIKE - VisitNavarra","description":"Parte del Museo de la Trufa y pasa por Metauten y Ollogoyen para adentrarse en las laderas de la Sierra de Lokiz pasando por Ganuza,","robots":{"index":"index","follow":"follow","max-snippet":"max-snippet:-1","max-image-preview":"max-image-preview:large","max-video-preview":"max-video-preview:-1"},"canonical":"https:\/\/visitnavarra.info\/visitnavarra\/trufabike\/","og_locale":"es_ES","og_type":"article","og_title":"Trufabike en el Museo de la TrufaTRUFABIKE - VisitNavarra","og_description":"Parte del Museo de la Trufa y pasa por Metauten y Ollogoyen para adentrarse en las laderas de la Sierra de Lokiz pasando por Ganuza,","og_url":"https:\/\/visitnavarra.info\/visitnavarra\/trufabike\/","og_site_name":"VisitNavarra","article_modified_time":"2022-01-19T09:51:12+00:00","og_image":[{"url":"https:\/\/visitnavarra.info\/visitnavarra\/wp-content\/uploads\/2021\/10\/6_TrufaBike.jpg"}],"twitter_card":"summary_large_image","twitter_misc":{"Tiempo de lectura":"1 minuto"},"schema":{"@context":"https:\/\/schema.org","@graph":[{"@type":"WebPage","@id":"https:\/\/visitnavarra.info\/visitnavarra\/trufabike\/","url":"https:\/\/visitnavarra.info\/visitnavarra\/trufabike\/","name":"Trufabike en el Museo de la TrufaTRUFABIKE - VisitNavarra","isPartOf":{"@id":"https:\/\/visitnavarra.info\/visitnavarra\/#website"},"primaryImageOfPage":{"@id":"https:\/\/visitnavarra.info\/visitnavarra\/trufabike\/#primaryimage"},"image":{"@id":"https:\/\/visitnavarra.info\/visitnavarra\/trufabike\/#primaryimage"},"thumbnailUrl":"https:\/\/visitnavarra.info\/visitnavarra\/wp-content\/uploads\/2021\/10\/6_TrufaBike.jpg","datePublished":"2021-10-25T10:14:44+00:00","dateModified":"2022-01-19T09:51:12+00:00","description":"Parte del Museo de la Trufa y pasa por Metauten y Ollogoyen para adentrarse en las laderas de la Sierra de Lokiz pasando por Ganuza,","breadcrumb":{"@id":"https:\/\/visitnavarra.info\/visitnavarra\/trufabike\/#breadcrumb"},"inLanguage":"es","potentialAction":[{"@type":"ReadAction","target":["https:\/\/visitnavarra.info\/visitnavarra\/trufabike\/"]}]},{"@type":"ImageObject","inLanguage":"es","@id":"https:\/\/visitnavarra.info\/visitnavarra\/trufabike\/#primaryimage","url":"https:\/\/visitnavarra.info\/visitnavarra\/wp-content\/uploads\/2021\/10\/6_TrufaBike.jpg","contentUrl":"https:\/\/visitnavarra.info\/visitnavarra\/wp-content\/uploads\/2021\/10\/6_TrufaBike.jpg","width":640,"height":426},{"@type":"BreadcrumbList","@id":"https:\/\/visitnavarra.info\/visitnavarra\/trufabike\/#breadcrumb","itemListElement":[{"@type":"ListItem","position":1,"name":"Portada","item":"https:\/\/visitnavarra.info\/visitnavarra\/"},{"@type":"ListItem","position":2,"name":"TRUFABIKE"}]},{"@type":"WebSite","@id":"https:\/\/visitnavarra.info\/visitnavarra\/#website","url":"https:\/\/visitnavarra.info\/visitnavarra\/","name":"VisitNavarra","description":"Alojamiento y experiencias tur\u00edsticas en Navarra; qu\u00e9 visitar en Navarra; comer en Navarra","potentialAction":[{"@type":"SearchAction","target":{"@type":"EntryPoint","urlTemplate":"https:\/\/visitnavarra.info\/visitnavarra\/?s={search_term_string}"},"query-input":{"@type":"PropertyValueSpecification","valueRequired":true,"valueName":"search_term_string"}}],"inLanguage":"es"}]}},"_links":{"self":[{"href":"https:\/\/visitnavarra.info\/visitnavarra\/wp-json\/wp\/v2\/pages\/11396","targetHints":{"allow":["GET"]}}],"collection":[{"href":"https:\/\/visitnavarra.info\/visitnavarra\/wp-json\/wp\/v2\/pages"}],"about":[{"href":"https:\/\/visitnavarra.info\/visitnavarra\/wp-json\/wp\/v2\/types\/page"}],"author":[{"embeddable":true,"href":"https:\/\/visitnavarra.info\/visitnavarra\/wp-json\/wp\/v2\/users\/1"}],"replies":[{"embeddable":true,"href":"https:\/\/visitnavarra.info\/visitnavarra\/wp-json\/wp\/v2\/comments?post=11396"}],"version-history":[{"count":5,"href":"https:\/\/visitnavarra.info\/visitnavarra\/wp-json\/wp\/v2\/pages\/11396\/revisions"}],"predecessor-version":[{"id":11786,"href":"https:\/\/visitnavarra.info\/visitnavarra\/wp-json\/wp\/v2\/pages\/11396\/revisions\/11786"}],"wp:attachment":[{"href":"https:\/\/visitnavarra.info\/visitnavarra\/wp-json\/wp\/v2\/media?parent=11396"}],"curies":[{"name":"wp","href":"https:\/\/api.w.org\/{rel}","templated":true}]}}