{"id":11495,"date":"2021-10-26T06:46:14","date_gmt":"2021-10-26T06:46:14","guid":{"rendered":"https:\/\/visitnavarra.info\/visitnavarra\/?page_id=11495"},"modified":"2021-10-26T06:48:34","modified_gmt":"2021-10-26T06:48:34","slug":"paseo-al-canon-del-rio-iranzu","status":"publish","type":"page","link":"https:\/\/visitnavarra.info\/visitnavarra\/paseo-al-canon-del-rio-iranzu\/","title":{"rendered":"PASEO AL CA\u00d1\u00d3N DEL RIO IRANZU"},"content":{"rendered":"<p><img loading=\"lazy\" decoding=\"async\" class=\"size-full wp-image-11477 alignleft\" src=\"https:\/\/visitnavarra.info\/visitnavarra\/wp-content\/uploads\/2021\/10\/naturaleza-paseo-250.jpg\" alt=\"\" width=\"250\" height=\"250\" srcset=\"https:\/\/visitnavarra.info\/visitnavarra\/wp-content\/uploads\/2021\/10\/naturaleza-paseo-250.jpg 250w, https:\/\/visitnavarra.info\/visitnavarra\/wp-content\/uploads\/2021\/10\/naturaleza-paseo-250-150x150.jpg 150w, https:\/\/visitnavarra.info\/visitnavarra\/wp-content\/uploads\/2021\/10\/naturaleza-paseo-250-80x80.jpg 80w\" sizes=\"auto, (max-width: 250px) 100vw, 250px\" \/>Disfruta de un paseo guiado y una cata de productos ecol\u00f3gicos de la tierra.<br \/>\nCon este recorrido guiado conoceremos la historia del Monasterio de Iranzu, uno de los monasterios m\u00e1s impresionantes de la pen\u00ednsula Ib\u00e9rica y que tuvo gran poder sobre todo en la \u00e9poca medieval, la gran relaci\u00f3n del ca\u00f1\u00f3n con los monjes cistercienses grandes conocedores de la canalizaci\u00f3n del agua.<br \/>\nTambi\u00e9n conoceremos las leyendas y la historia de la brujer\u00eda en Navarra y en concreto en el Ca\u00f1\u00f3n del r\u00edo Iranzu.<br \/>\nEl sendero transcurre por una zona de pastos, robles e impresionantes hayedos, que bordean las caprichosas formas que el r\u00edo ha ido tallando en la roca, sus pozas y sus aguas cristalinas.<br \/>\nLa geolog\u00eda, junto con la gran diversidad de flora y fauna ser\u00e1n grandes protagonistas de este recorrido.<br \/>\nTerminaremos la visita con cata de sales ecol\u00f3gicos con aceite de oliva virgen, queso Gazta Zaharra y vinos de la zona.<\/p>\n<p><strong><em>INCLUYE:<\/em><\/strong><\/p>\n<ul>\n<li>Degustaci\u00f3n de productos ecol\u00f3gicos<\/li>\n<li>Guia<\/li>\n<li>Seguro<\/li>\n<\/ul>\n<p><strong><em>CARACTER\u00cdSTICAS:<\/em><\/strong><\/p>\n<ul>\n<li>Para todos los p\u00fablicos<\/li>\n<li>Recorrido lineal<\/li>\n<li>Distancia 4,4km<\/li>\n<li>Dificultad: Baja<\/li>\n<li>Desnivel: 105m<\/li>\n<\/ul>\n<p><strong><em>DEBE SABER:<\/em><\/strong><\/p>\n<ul>\n<li>Grupo m\u00ednimo 4 personas<\/li>\n<li>Reservas con antelaci\u00f3n<\/li>\n<li>Duraci\u00f3n 2 horas<\/li>\n<\/ul>\n<p><strong><em>OPCIONES FIN DE SEMANA:<\/em><\/strong><\/p>\n<p>Combina esta experiencia con un fin de semana en alojamientos<\/p>\n<ul>\n<li>Casa rural Artea<\/li>\n<li>Don Roque<\/li>\n<li>Babesenea<\/li>\n<li>Lazkua<\/li>\n<li>Etxarrienea<\/li>\n<li>La Madriguera de Tomaso<\/li>\n<li>Apartamentos Nekasenea<\/li>\n<li><img loading=\"lazy\" decoding=\"async\" class=\"size-full wp-image-11397 alignleft\" src=\"https:\/\/visitnavarra.info\/visitnavarra\/wp-content\/uploads\/2021\/10\/museo-trufa-logo.jpg\" alt=\"\" width=\"300\" height=\"212\" \/><\/li>\n<\/ul>\n<p><strong>Entidad \/ empresa:<\/strong> MUSEO DE LA TRUFA<br \/>\n<strong>Direcci\u00f3n:<\/strong> Carretera de Ganuza, 1 &#8211; Metauten 31241 (Navarra)<br \/>\n<strong>Tel\u00e9fono:<\/strong> (+34) 722 250 346<br \/>\n<strong>Mail:<\/strong> <a href=\"mailto:info@museodelatrufa.com\" target=\"_blank\" rel=\"noopener\">info@museodelatrufa.com<\/a><br \/>\n<strong>Web:<\/strong> <a href=\"https:\/\/museodelatrufa.com\/\" target=\"_blank\" rel=\"noopener\">https:\/\/museodelatrufa.com\/<\/a><\/p>\n","protected":false},"excerpt":{"rendered":"<p>Disfruta de un paseo guiado y una cata de productos ecol\u00f3gicos de la tierra. Con este recorrido guiado conoceremos la historia del Monasterio de Iranzu, uno de los monasterios m\u00e1s impresionantes de la pen\u00ednsula Ib\u00e9rica y que tuvo gran poder sobre todo en la \u00e9poca medieval, la gran relaci\u00f3n del ca\u00f1\u00f3n con los monjes cistercienses grandes conocedores de la canalizaci\u00f3n del agua. Tambi\u00e9n conoceremos las leyendas y la historia de la brujer\u00eda en Navarra y en concreto en el Ca\u00f1\u00f3n del r\u00edo Iranzu. El sendero transcurre por una zona de pastos, robles e impresionantes hayedos, que bordean las caprichosas formas que el r\u00edo ha ido tallando en la roca, sus pozas y sus aguas cristalinas. La geolog\u00eda, junto con la gran diversidad de flora y fauna ser\u00e1n grandes protagonistas de este recorrido. Terminaremos la visita con cata de sales ecol\u00f3gicos con aceite de oliva virgen, queso Gazta Zaharra y vinos de la zona. INCLUYE: Degustaci\u00f3n de productos ecol\u00f3gicos Guia Seguro CARACTER\u00cdSTICAS: Para todos los p\u00fablicos Recorrido lineal Distancia 4,4km Dificultad: Baja Desnivel: 105m DEBE SABER: Grupo m\u00ednimo 4 personas Reservas con antelaci\u00f3n Duraci\u00f3n 2 horas OPCIONES FIN DE SEMANA: Combina esta experiencia con un fin de semana en alojamientos Casa [&hellip;]<\/p>\n","protected":false},"author":1,"featured_media":0,"parent":0,"menu_order":0,"comment_status":"closed","ping_status":"closed","template":"","meta":{"footnotes":""},"class_list":["post-11495","page","type-page","status-publish","hentry"],"yoast_head":"<!-- This site is optimized with the Yoast SEO plugin v23.5 - https:\/\/yoast.com\/wordpress\/plugins\/seo\/ -->\n<title>PASEO AL CA\u00d1\u00d3N DEL RIO IRANZU - VisitNavarra<\/title>\n<meta name=\"description\" content=\"Con este recorrido guiado conoceremos la historia del Monasterio de Iranzu, uno de los monasterios m\u00e1s impresionantes de la pen\u00ednsula Ib\u00e9rica\" \/>\n<meta name=\"robots\" content=\"index, follow, max-snippet:-1, max-image-preview:large, max-video-preview:-1\" \/>\n<link rel=\"canonical\" href=\"https:\/\/visitnavarra.info\/visitnavarra\/paseo-al-canon-del-rio-iranzu\/\" \/>\n<meta property=\"og:locale\" content=\"es_ES\" \/>\n<meta property=\"og:type\" content=\"article\" \/>\n<meta property=\"og:title\" content=\"PASEO AL CA\u00d1\u00d3N DEL RIO IRANZU - VisitNavarra\" \/>\n<meta property=\"og:description\" content=\"Con este recorrido guiado conoceremos la historia del Monasterio de Iranzu, uno de los monasterios m\u00e1s impresionantes de la pen\u00ednsula Ib\u00e9rica\" \/>\n<meta property=\"og:url\" content=\"https:\/\/visitnavarra.info\/visitnavarra\/paseo-al-canon-del-rio-iranzu\/\" \/>\n<meta property=\"og:site_name\" content=\"VisitNavarra\" \/>\n<meta property=\"article:modified_time\" content=\"2021-10-26T06:48:34+00:00\" \/>\n<meta property=\"og:image\" content=\"https:\/\/visitnavarra.info\/visitnavarra\/wp-content\/uploads\/2021\/10\/naturaleza-paseo-250.jpg\" \/>\n<meta name=\"twitter:card\" content=\"summary_large_image\" \/>\n<meta name=\"twitter:label1\" content=\"Tiempo de lectura\" \/>\n\t<meta name=\"twitter:data1\" content=\"2 minutos\" \/>\n<script type=\"application\/ld+json\" class=\"yoast-schema-graph\">{\"@context\":\"https:\/\/schema.org\",\"@graph\":[{\"@type\":\"WebPage\",\"@id\":\"https:\/\/visitnavarra.info\/visitnavarra\/paseo-al-canon-del-rio-iranzu\/\",\"url\":\"https:\/\/visitnavarra.info\/visitnavarra\/paseo-al-canon-del-rio-iranzu\/\",\"name\":\"PASEO AL CA\u00d1\u00d3N DEL RIO IRANZU - VisitNavarra\",\"isPartOf\":{\"@id\":\"https:\/\/visitnavarra.info\/visitnavarra\/#website\"},\"primaryImageOfPage\":{\"@id\":\"https:\/\/visitnavarra.info\/visitnavarra\/paseo-al-canon-del-rio-iranzu\/#primaryimage\"},\"image\":{\"@id\":\"https:\/\/visitnavarra.info\/visitnavarra\/paseo-al-canon-del-rio-iranzu\/#primaryimage\"},\"thumbnailUrl\":\"https:\/\/visitnavarra.info\/visitnavarra\/wp-content\/uploads\/2021\/10\/naturaleza-paseo-250.jpg\",\"datePublished\":\"2021-10-26T06:46:14+00:00\",\"dateModified\":\"2021-10-26T06:48:34+00:00\",\"description\":\"Con este recorrido guiado conoceremos la historia del Monasterio de Iranzu, uno de los monasterios m\u00e1s impresionantes de la pen\u00ednsula Ib\u00e9rica\",\"breadcrumb\":{\"@id\":\"https:\/\/visitnavarra.info\/visitnavarra\/paseo-al-canon-del-rio-iranzu\/#breadcrumb\"},\"inLanguage\":\"es\",\"potentialAction\":[{\"@type\":\"ReadAction\",\"target\":[\"https:\/\/visitnavarra.info\/visitnavarra\/paseo-al-canon-del-rio-iranzu\/\"]}]},{\"@type\":\"ImageObject\",\"inLanguage\":\"es\",\"@id\":\"https:\/\/visitnavarra.info\/visitnavarra\/paseo-al-canon-del-rio-iranzu\/#primaryimage\",\"url\":\"https:\/\/visitnavarra.info\/visitnavarra\/wp-content\/uploads\/2021\/10\/naturaleza-paseo-250.jpg\",\"contentUrl\":\"https:\/\/visitnavarra.info\/visitnavarra\/wp-content\/uploads\/2021\/10\/naturaleza-paseo-250.jpg\",\"width\":250,\"height\":250},{\"@type\":\"BreadcrumbList\",\"@id\":\"https:\/\/visitnavarra.info\/visitnavarra\/paseo-al-canon-del-rio-iranzu\/#breadcrumb\",\"itemListElement\":[{\"@type\":\"ListItem\",\"position\":1,\"name\":\"Portada\",\"item\":\"https:\/\/visitnavarra.info\/visitnavarra\/\"},{\"@type\":\"ListItem\",\"position\":2,\"name\":\"PASEO AL CA\u00d1\u00d3N DEL RIO IRANZU\"}]},{\"@type\":\"WebSite\",\"@id\":\"https:\/\/visitnavarra.info\/visitnavarra\/#website\",\"url\":\"https:\/\/visitnavarra.info\/visitnavarra\/\",\"name\":\"VisitNavarra\",\"description\":\"Alojamiento y experiencias tur\u00edsticas en Navarra; qu\u00e9 visitar en Navarra; comer en Navarra\",\"potentialAction\":[{\"@type\":\"SearchAction\",\"target\":{\"@type\":\"EntryPoint\",\"urlTemplate\":\"https:\/\/visitnavarra.info\/visitnavarra\/?s={search_term_string}\"},\"query-input\":{\"@type\":\"PropertyValueSpecification\",\"valueRequired\":true,\"valueName\":\"search_term_string\"}}],\"inLanguage\":\"es\"}]}<\/script>\n<!-- \/ Yoast SEO plugin. -->","yoast_head_json":{"title":"PASEO AL CA\u00d1\u00d3N DEL RIO IRANZU - VisitNavarra","description":"Con este recorrido guiado conoceremos la historia del Monasterio de Iranzu, uno de los monasterios m\u00e1s impresionantes de la pen\u00ednsula Ib\u00e9rica","robots":{"index":"index","follow":"follow","max-snippet":"max-snippet:-1","max-image-preview":"max-image-preview:large","max-video-preview":"max-video-preview:-1"},"canonical":"https:\/\/visitnavarra.info\/visitnavarra\/paseo-al-canon-del-rio-iranzu\/","og_locale":"es_ES","og_type":"article","og_title":"PASEO AL CA\u00d1\u00d3N DEL RIO IRANZU - VisitNavarra","og_description":"Con este recorrido guiado conoceremos la historia del Monasterio de Iranzu, uno de los monasterios m\u00e1s impresionantes de la pen\u00ednsula Ib\u00e9rica","og_url":"https:\/\/visitnavarra.info\/visitnavarra\/paseo-al-canon-del-rio-iranzu\/","og_site_name":"VisitNavarra","article_modified_time":"2021-10-26T06:48:34+00:00","og_image":[{"url":"https:\/\/visitnavarra.info\/visitnavarra\/wp-content\/uploads\/2021\/10\/naturaleza-paseo-250.jpg"}],"twitter_card":"summary_large_image","twitter_misc":{"Tiempo de lectura":"2 minutos"},"schema":{"@context":"https:\/\/schema.org","@graph":[{"@type":"WebPage","@id":"https:\/\/visitnavarra.info\/visitnavarra\/paseo-al-canon-del-rio-iranzu\/","url":"https:\/\/visitnavarra.info\/visitnavarra\/paseo-al-canon-del-rio-iranzu\/","name":"PASEO AL CA\u00d1\u00d3N DEL RIO IRANZU - VisitNavarra","isPartOf":{"@id":"https:\/\/visitnavarra.info\/visitnavarra\/#website"},"primaryImageOfPage":{"@id":"https:\/\/visitnavarra.info\/visitnavarra\/paseo-al-canon-del-rio-iranzu\/#primaryimage"},"image":{"@id":"https:\/\/visitnavarra.info\/visitnavarra\/paseo-al-canon-del-rio-iranzu\/#primaryimage"},"thumbnailUrl":"https:\/\/visitnavarra.info\/visitnavarra\/wp-content\/uploads\/2021\/10\/naturaleza-paseo-250.jpg","datePublished":"2021-10-26T06:46:14+00:00","dateModified":"2021-10-26T06:48:34+00:00","description":"Con este recorrido guiado conoceremos la historia del Monasterio de Iranzu, uno de los monasterios m\u00e1s impresionantes de la pen\u00ednsula Ib\u00e9rica","breadcrumb":{"@id":"https:\/\/visitnavarra.info\/visitnavarra\/paseo-al-canon-del-rio-iranzu\/#breadcrumb"},"inLanguage":"es","potentialAction":[{"@type":"ReadAction","target":["https:\/\/visitnavarra.info\/visitnavarra\/paseo-al-canon-del-rio-iranzu\/"]}]},{"@type":"ImageObject","inLanguage":"es","@id":"https:\/\/visitnavarra.info\/visitnavarra\/paseo-al-canon-del-rio-iranzu\/#primaryimage","url":"https:\/\/visitnavarra.info\/visitnavarra\/wp-content\/uploads\/2021\/10\/naturaleza-paseo-250.jpg","contentUrl":"https:\/\/visitnavarra.info\/visitnavarra\/wp-content\/uploads\/2021\/10\/naturaleza-paseo-250.jpg","width":250,"height":250},{"@type":"BreadcrumbList","@id":"https:\/\/visitnavarra.info\/visitnavarra\/paseo-al-canon-del-rio-iranzu\/#breadcrumb","itemListElement":[{"@type":"ListItem","position":1,"name":"Portada","item":"https:\/\/visitnavarra.info\/visitnavarra\/"},{"@type":"ListItem","position":2,"name":"PASEO AL CA\u00d1\u00d3N DEL RIO IRANZU"}]},{"@type":"WebSite","@id":"https:\/\/visitnavarra.info\/visitnavarra\/#website","url":"https:\/\/visitnavarra.info\/visitnavarra\/","name":"VisitNavarra","description":"Alojamiento y experiencias tur\u00edsticas en Navarra; qu\u00e9 visitar en Navarra; comer en Navarra","potentialAction":[{"@type":"SearchAction","target":{"@type":"EntryPoint","urlTemplate":"https:\/\/visitnavarra.info\/visitnavarra\/?s={search_term_string}"},"query-input":{"@type":"PropertyValueSpecification","valueRequired":true,"valueName":"search_term_string"}}],"inLanguage":"es"}]}},"_links":{"self":[{"href":"https:\/\/visitnavarra.info\/visitnavarra\/wp-json\/wp\/v2\/pages\/11495","targetHints":{"allow":["GET"]}}],"collection":[{"href":"https:\/\/visitnavarra.info\/visitnavarra\/wp-json\/wp\/v2\/pages"}],"about":[{"href":"https:\/\/visitnavarra.info\/visitnavarra\/wp-json\/wp\/v2\/types\/page"}],"author":[{"embeddable":true,"href":"https:\/\/visitnavarra.info\/visitnavarra\/wp-json\/wp\/v2\/users\/1"}],"replies":[{"embeddable":true,"href":"https:\/\/visitnavarra.info\/visitnavarra\/wp-json\/wp\/v2\/comments?post=11495"}],"version-history":[{"count":2,"href":"https:\/\/visitnavarra.info\/visitnavarra\/wp-json\/wp\/v2\/pages\/11495\/revisions"}],"predecessor-version":[{"id":11502,"href":"https:\/\/visitnavarra.info\/visitnavarra\/wp-json\/wp\/v2\/pages\/11495\/revisions\/11502"}],"wp:attachment":[{"href":"https:\/\/visitnavarra.info\/visitnavarra\/wp-json\/wp\/v2\/media?parent=11495"}],"curies":[{"name":"wp","href":"https:\/\/api.w.org\/{rel}","templated":true}]}}