{"id":11564,"date":"2021-11-04T11:12:27","date_gmt":"2021-11-04T11:12:27","guid":{"rendered":"https:\/\/visitnavarra.info\/visitnavarra\/?page_id=11564"},"modified":"2023-03-17T09:13:02","modified_gmt":"2023-03-17T09:13:02","slug":"cursos-agricultura-biodinamica","status":"publish","type":"page","link":"https:\/\/visitnavarra.info\/visitnavarra\/cursos-agricultura-biodinamica\/","title":{"rendered":"Cursos | AGRICULTURA BIODIN\u00c1MICA"},"content":{"rendered":"<p>[vc_row][vc_column width=&#8221;1\/1&#8243;][vc_column_text]<strong>AGRICULTURA BIODIN\u00c1MICA<\/strong><\/p>\n<p><img loading=\"lazy\" decoding=\"async\" class=\"alignleft wp-image-12710\" src=\"https:\/\/visitnavarra.info\/visitnavarra\/wp-content\/uploads\/2023\/03\/curso-agricultura-biodinamica-entheos-3-1024x527.png\" alt=\"\" width=\"647\" height=\"333\" srcset=\"https:\/\/visitnavarra.info\/visitnavarra\/wp-content\/uploads\/2023\/03\/curso-agricultura-biodinamica-entheos-3-1024x527.png 1024w, https:\/\/visitnavarra.info\/visitnavarra\/wp-content\/uploads\/2023\/03\/curso-agricultura-biodinamica-entheos-3-300x154.png 300w, https:\/\/visitnavarra.info\/visitnavarra\/wp-content\/uploads\/2023\/03\/curso-agricultura-biodinamica-entheos-3-768x395.png 768w, https:\/\/visitnavarra.info\/visitnavarra\/wp-content\/uploads\/2023\/03\/curso-agricultura-biodinamica-entheos-3-1536x790.png 1536w, https:\/\/visitnavarra.info\/visitnavarra\/wp-content\/uploads\/2023\/03\/curso-agricultura-biodinamica-entheos-3-320x165.png 320w, https:\/\/visitnavarra.info\/visitnavarra\/wp-content\/uploads\/2023\/03\/curso-agricultura-biodinamica-entheos-3-480x247.png 480w, https:\/\/visitnavarra.info\/visitnavarra\/wp-content\/uploads\/2023\/03\/curso-agricultura-biodinamica-entheos-3-800x412.png 800w, https:\/\/visitnavarra.info\/visitnavarra\/wp-content\/uploads\/2023\/03\/curso-agricultura-biodinamica-entheos-3.png 1621w\" sizes=\"auto, (max-width: 647px) 100vw, 647px\" \/>Este seminario nace para fomentar una agricultura ecol\u00f3gica, sostenible y respetuosa con el medio ambiente.<br \/>\nContenido unificado, y ordenado, para que las personas aprendan a impulsar las fuerzas de la vida en la tierra.<\/p>\n<ul>\n<li>Recuperar y la fertilidad del suelo<\/li>\n<li>Conexi\u00f3n con la naturaleza<\/li>\n<li>Fertilidad. Biodiversidad.<\/li>\n<\/ul>\n<p><strong>Fecha curso 1:<\/strong> 19, 20 y 21 de abril 2023<br \/>\n<strong>Fecha curso 2:<\/strong> 4, 5 y 6 de octubre 2023<br \/>\n<strong>Precio por curso:<\/strong> 160\u20ac (incluida comida)<\/p>\n<p><strong>DIRIGIDO A:<\/strong><\/p>\n<ul>\n<li>Agricultores<\/li>\n<li>T\u00e9cnicos<\/li>\n<li>Profesionales<\/li>\n<li>Huertas de autoconsumo<\/li>\n<li>Personas que tienen la inquietud de saber m\u00e1s<\/li>\n<\/ul>\n<p><strong>IMPARTIDO POR<\/strong>: \u00c1NGEL AMURRIO<br \/>\n<strong>DURACI\u00d3N:<\/strong> 13 HORAS LECTIVAS<br \/>\n<strong>PRECIO:<\/strong> 160\u20ac \/Persona (Incluida comida)<br \/>\n* Posibilidad de alojamiento en la finca: 40\u20ac\/persona\/noche<br \/>\n<strong>RESERVA:<\/strong> info@entheosbio.es \/ T.: 618.888.558<\/p>\n<p>&nbsp;<\/p>\n<p><img loading=\"lazy\" decoding=\"async\" class=\"alignleft wp-image-12706 \" src=\"https:\/\/visitnavarra.info\/visitnavarra\/wp-content\/uploads\/2023\/03\/curso-agricultura-biodinamica-entheos-2-1024x418.png\" alt=\"\" width=\"779\" height=\"318\" srcset=\"https:\/\/visitnavarra.info\/visitnavarra\/wp-content\/uploads\/2023\/03\/curso-agricultura-biodinamica-entheos-2-1024x418.png 1024w, https:\/\/visitnavarra.info\/visitnavarra\/wp-content\/uploads\/2023\/03\/curso-agricultura-biodinamica-entheos-2-300x123.png 300w, https:\/\/visitnavarra.info\/visitnavarra\/wp-content\/uploads\/2023\/03\/curso-agricultura-biodinamica-entheos-2-768x314.png 768w, https:\/\/visitnavarra.info\/visitnavarra\/wp-content\/uploads\/2023\/03\/curso-agricultura-biodinamica-entheos-2-1536x627.png 1536w, https:\/\/visitnavarra.info\/visitnavarra\/wp-content\/uploads\/2023\/03\/curso-agricultura-biodinamica-entheos-2-320x131.png 320w, https:\/\/visitnavarra.info\/visitnavarra\/wp-content\/uploads\/2023\/03\/curso-agricultura-biodinamica-entheos-2-480x196.png 480w, https:\/\/visitnavarra.info\/visitnavarra\/wp-content\/uploads\/2023\/03\/curso-agricultura-biodinamica-entheos-2-800x327.png 800w, https:\/\/visitnavarra.info\/visitnavarra\/wp-content\/uploads\/2023\/03\/curso-agricultura-biodinamica-entheos-2.png 1596w\" sizes=\"auto, (max-width: 779px) 100vw, 779px\" \/>[\/vc_column_text][\/vc_column][\/vc_row][vc_row][vc_column width=&#8221;1\/1&#8243;]<div class=\"spacer\" style=\"height: 40px;\"><\/div>[\/vc_column][\/vc_row][vc_row][vc_column width=&#8221;1\/2&#8243;]<div class=\"single_image wpb_content_element align-center    \" data-animation=\"none\" data-delay=\"0\"><img loading=\"lazy\" decoding=\"async\" class=\"\" src=\"https:\/\/visitnavarra.info\/visitnavarra\/wp-content\/uploads\/2021\/11\/Logotipo_Pagina_01_250.jpg\" width=\"250\" height=\"136\" alt=\"Logotipo_P\u00e1gina_01_250\" title=\"Logotipo_P\u00e1gina_01_250\" \/><\/div>[\/vc_column][vc_column width=&#8221;1\/2&#8243;][vc_column_text]<strong>Entidad \/ empresa:<\/strong> ENTHEOSBIO AGRICULTURA BIODIN\u00c1MICA<br \/>\n<strong>Direcci\u00f3n<\/strong>: Calle Baigorri, 56 &#8211; 31260 &#8211; Ler\u00edn (Navarra)<br \/>\n<strong>Tel\u00e9fono<\/strong>: (+34) 618 888 558<br \/>\n<strong>Mail:<\/strong>\u00a0<a href=\"mailto:info@entheosbio.es\" target=\"_blank\" rel=\"noopener\">info@entheosbio.es<\/a><br \/>\n<strong>Web<\/strong>:\u00a0<a href=\"https:\/\/www.entheosbio.es\/\" target=\"_blank\" rel=\"noopener\">https:\/\/www.entheosbio.es<\/a>[\/vc_column_text][\/vc_column][\/vc_row]<\/p>\n","protected":false},"excerpt":{"rendered":"<p>[vc_row][vc_column width=&#8221;1\/1&#8243;][vc_column_text]AGRICULTURA BIODIN\u00c1MICA Este seminario nace para fomentar una agricultura ecol\u00f3gica, sostenible y respetuosa con el medio ambiente. Contenido unificado, y ordenado, para que las personas aprendan a impulsar las fuerzas de la vida en la tierra. Recuperar y la fertilidad del suelo Conexi\u00f3n con la naturaleza Fertilidad. Biodiversidad. Fecha curso 1: 19, 20 y 21 de abril 2023 Fecha curso 2: 4, 5 y 6 de octubre 2023 Precio por curso: 160\u20ac (incluida comida) DIRIGIDO A: Agricultores T\u00e9cnicos Profesionales Huertas de autoconsumo Personas que tienen la inquietud de saber m\u00e1s IMPARTIDO POR: \u00c1NGEL AMURRIO DURACI\u00d3N: 13 HORAS LECTIVAS PRECIO: 160\u20ac \/Persona (Incluida comida) * Posibilidad de alojamiento en la finca: 40\u20ac\/persona\/noche RESERVA: info@entheosbio.es \/ T.: 618.888.558 &nbsp; [\/vc_column_text][\/vc_column][\/vc_row][vc_row][vc_column width=&#8221;1\/1&#8243;][\/vc_column][\/vc_row][vc_row][vc_column width=&#8221;1\/2&#8243;][\/vc_column][vc_column width=&#8221;1\/2&#8243;][vc_column_text]Entidad \/ empresa: ENTHEOSBIO AGRICULTURA BIODIN\u00c1MICA Direcci\u00f3n: Calle Baigorri, 56 &#8211; 31260 &#8211; Ler\u00edn (Navarra) Tel\u00e9fono: (+34) 618 888 558 Mail:\u00a0info@entheosbio.es Web:\u00a0https:\/\/www.entheosbio.es[\/vc_column_text][\/vc_column][\/vc_row]<\/p>\n","protected":false},"author":1,"featured_media":0,"parent":0,"menu_order":0,"comment_status":"closed","ping_status":"closed","template":"","meta":{"footnotes":""},"class_list":["post-11564","page","type-page","status-publish","hentry"],"yoast_head":"<!-- This site is optimized with the Yoast SEO plugin v23.5 - https:\/\/yoast.com\/wordpress\/plugins\/seo\/ -->\n<title>Curso Agricultura Biodin\u00e1mica - VisitNavarra<\/title>\n<meta name=\"description\" content=\"Este seminario nace para fomentar una agricultura ecol\u00f3gica, sostenible y respetuosa con el medio ambiente.\" \/>\n<meta name=\"robots\" content=\"index, follow, max-snippet:-1, max-image-preview:large, max-video-preview:-1\" \/>\n<link rel=\"canonical\" href=\"https:\/\/visitnavarra.info\/visitnavarra\/cursos-agricultura-biodinamica\/\" \/>\n<meta property=\"og:locale\" content=\"es_ES\" \/>\n<meta property=\"og:type\" content=\"article\" \/>\n<meta property=\"og:title\" content=\"Curso Agricultura Biodin\u00e1mica - VisitNavarra\" \/>\n<meta property=\"og:description\" content=\"Este seminario nace para fomentar una agricultura ecol\u00f3gica, sostenible y respetuosa con el medio ambiente.\" \/>\n<meta property=\"og:url\" content=\"https:\/\/visitnavarra.info\/visitnavarra\/cursos-agricultura-biodinamica\/\" \/>\n<meta property=\"og:site_name\" content=\"VisitNavarra\" \/>\n<meta property=\"article:modified_time\" content=\"2023-03-17T09:13:02+00:00\" \/>\n<meta property=\"og:image\" content=\"https:\/\/visitnavarra.info\/visitnavarra\/wp-content\/uploads\/2023\/03\/curso-agricultura-biodinamica-entheos-3-1024x527.png\" \/>\n<meta name=\"twitter:card\" content=\"summary_large_image\" \/>\n<meta name=\"twitter:label1\" content=\"Tiempo de lectura\" \/>\n\t<meta name=\"twitter:data1\" content=\"2 minutos\" \/>\n<script type=\"application\/ld+json\" class=\"yoast-schema-graph\">{\"@context\":\"https:\/\/schema.org\",\"@graph\":[{\"@type\":\"WebPage\",\"@id\":\"https:\/\/visitnavarra.info\/visitnavarra\/cursos-agricultura-biodinamica\/\",\"url\":\"https:\/\/visitnavarra.info\/visitnavarra\/cursos-agricultura-biodinamica\/\",\"name\":\"Curso Agricultura Biodin\u00e1mica - VisitNavarra\",\"isPartOf\":{\"@id\":\"https:\/\/visitnavarra.info\/visitnavarra\/#website\"},\"primaryImageOfPage\":{\"@id\":\"https:\/\/visitnavarra.info\/visitnavarra\/cursos-agricultura-biodinamica\/#primaryimage\"},\"image\":{\"@id\":\"https:\/\/visitnavarra.info\/visitnavarra\/cursos-agricultura-biodinamica\/#primaryimage\"},\"thumbnailUrl\":\"https:\/\/visitnavarra.info\/visitnavarra\/wp-content\/uploads\/2023\/03\/curso-agricultura-biodinamica-entheos-3-1024x527.png\",\"datePublished\":\"2021-11-04T11:12:27+00:00\",\"dateModified\":\"2023-03-17T09:13:02+00:00\",\"description\":\"Este seminario nace para fomentar una agricultura ecol\u00f3gica, sostenible y respetuosa con el medio ambiente.\",\"breadcrumb\":{\"@id\":\"https:\/\/visitnavarra.info\/visitnavarra\/cursos-agricultura-biodinamica\/#breadcrumb\"},\"inLanguage\":\"es\",\"potentialAction\":[{\"@type\":\"ReadAction\",\"target\":[\"https:\/\/visitnavarra.info\/visitnavarra\/cursos-agricultura-biodinamica\/\"]}]},{\"@type\":\"ImageObject\",\"inLanguage\":\"es\",\"@id\":\"https:\/\/visitnavarra.info\/visitnavarra\/cursos-agricultura-biodinamica\/#primaryimage\",\"url\":\"https:\/\/visitnavarra.info\/visitnavarra\/wp-content\/uploads\/2023\/03\/curso-agricultura-biodinamica-entheos-3.png\",\"contentUrl\":\"https:\/\/visitnavarra.info\/visitnavarra\/wp-content\/uploads\/2023\/03\/curso-agricultura-biodinamica-entheos-3.png\",\"width\":1621,\"height\":834},{\"@type\":\"BreadcrumbList\",\"@id\":\"https:\/\/visitnavarra.info\/visitnavarra\/cursos-agricultura-biodinamica\/#breadcrumb\",\"itemListElement\":[{\"@type\":\"ListItem\",\"position\":1,\"name\":\"Portada\",\"item\":\"https:\/\/visitnavarra.info\/visitnavarra\/\"},{\"@type\":\"ListItem\",\"position\":2,\"name\":\"Cursos | AGRICULTURA BIODIN\u00c1MICA\"}]},{\"@type\":\"WebSite\",\"@id\":\"https:\/\/visitnavarra.info\/visitnavarra\/#website\",\"url\":\"https:\/\/visitnavarra.info\/visitnavarra\/\",\"name\":\"VisitNavarra\",\"description\":\"Alojamiento y experiencias tur\u00edsticas en Navarra; qu\u00e9 visitar en Navarra; comer en Navarra\",\"potentialAction\":[{\"@type\":\"SearchAction\",\"target\":{\"@type\":\"EntryPoint\",\"urlTemplate\":\"https:\/\/visitnavarra.info\/visitnavarra\/?s={search_term_string}\"},\"query-input\":{\"@type\":\"PropertyValueSpecification\",\"valueRequired\":true,\"valueName\":\"search_term_string\"}}],\"inLanguage\":\"es\"}]}<\/script>\n<!-- \/ Yoast SEO plugin. -->","yoast_head_json":{"title":"Curso Agricultura Biodin\u00e1mica - VisitNavarra","description":"Este seminario nace para fomentar una agricultura ecol\u00f3gica, sostenible y respetuosa con el medio ambiente.","robots":{"index":"index","follow":"follow","max-snippet":"max-snippet:-1","max-image-preview":"max-image-preview:large","max-video-preview":"max-video-preview:-1"},"canonical":"https:\/\/visitnavarra.info\/visitnavarra\/cursos-agricultura-biodinamica\/","og_locale":"es_ES","og_type":"article","og_title":"Curso Agricultura Biodin\u00e1mica - VisitNavarra","og_description":"Este seminario nace para fomentar una agricultura ecol\u00f3gica, sostenible y respetuosa con el medio ambiente.","og_url":"https:\/\/visitnavarra.info\/visitnavarra\/cursos-agricultura-biodinamica\/","og_site_name":"VisitNavarra","article_modified_time":"2023-03-17T09:13:02+00:00","og_image":[{"url":"https:\/\/visitnavarra.info\/visitnavarra\/wp-content\/uploads\/2023\/03\/curso-agricultura-biodinamica-entheos-3-1024x527.png"}],"twitter_card":"summary_large_image","twitter_misc":{"Tiempo de lectura":"2 minutos"},"schema":{"@context":"https:\/\/schema.org","@graph":[{"@type":"WebPage","@id":"https:\/\/visitnavarra.info\/visitnavarra\/cursos-agricultura-biodinamica\/","url":"https:\/\/visitnavarra.info\/visitnavarra\/cursos-agricultura-biodinamica\/","name":"Curso Agricultura Biodin\u00e1mica - VisitNavarra","isPartOf":{"@id":"https:\/\/visitnavarra.info\/visitnavarra\/#website"},"primaryImageOfPage":{"@id":"https:\/\/visitnavarra.info\/visitnavarra\/cursos-agricultura-biodinamica\/#primaryimage"},"image":{"@id":"https:\/\/visitnavarra.info\/visitnavarra\/cursos-agricultura-biodinamica\/#primaryimage"},"thumbnailUrl":"https:\/\/visitnavarra.info\/visitnavarra\/wp-content\/uploads\/2023\/03\/curso-agricultura-biodinamica-entheos-3-1024x527.png","datePublished":"2021-11-04T11:12:27+00:00","dateModified":"2023-03-17T09:13:02+00:00","description":"Este seminario nace para fomentar una agricultura ecol\u00f3gica, sostenible y respetuosa con el medio ambiente.","breadcrumb":{"@id":"https:\/\/visitnavarra.info\/visitnavarra\/cursos-agricultura-biodinamica\/#breadcrumb"},"inLanguage":"es","potentialAction":[{"@type":"ReadAction","target":["https:\/\/visitnavarra.info\/visitnavarra\/cursos-agricultura-biodinamica\/"]}]},{"@type":"ImageObject","inLanguage":"es","@id":"https:\/\/visitnavarra.info\/visitnavarra\/cursos-agricultura-biodinamica\/#primaryimage","url":"https:\/\/visitnavarra.info\/visitnavarra\/wp-content\/uploads\/2023\/03\/curso-agricultura-biodinamica-entheos-3.png","contentUrl":"https:\/\/visitnavarra.info\/visitnavarra\/wp-content\/uploads\/2023\/03\/curso-agricultura-biodinamica-entheos-3.png","width":1621,"height":834},{"@type":"BreadcrumbList","@id":"https:\/\/visitnavarra.info\/visitnavarra\/cursos-agricultura-biodinamica\/#breadcrumb","itemListElement":[{"@type":"ListItem","position":1,"name":"Portada","item":"https:\/\/visitnavarra.info\/visitnavarra\/"},{"@type":"ListItem","position":2,"name":"Cursos | AGRICULTURA BIODIN\u00c1MICA"}]},{"@type":"WebSite","@id":"https:\/\/visitnavarra.info\/visitnavarra\/#website","url":"https:\/\/visitnavarra.info\/visitnavarra\/","name":"VisitNavarra","description":"Alojamiento y experiencias tur\u00edsticas en Navarra; qu\u00e9 visitar en Navarra; comer en Navarra","potentialAction":[{"@type":"SearchAction","target":{"@type":"EntryPoint","urlTemplate":"https:\/\/visitnavarra.info\/visitnavarra\/?s={search_term_string}"},"query-input":{"@type":"PropertyValueSpecification","valueRequired":true,"valueName":"search_term_string"}}],"inLanguage":"es"}]}},"_links":{"self":[{"href":"https:\/\/visitnavarra.info\/visitnavarra\/wp-json\/wp\/v2\/pages\/11564","targetHints":{"allow":["GET"]}}],"collection":[{"href":"https:\/\/visitnavarra.info\/visitnavarra\/wp-json\/wp\/v2\/pages"}],"about":[{"href":"https:\/\/visitnavarra.info\/visitnavarra\/wp-json\/wp\/v2\/types\/page"}],"author":[{"embeddable":true,"href":"https:\/\/visitnavarra.info\/visitnavarra\/wp-json\/wp\/v2\/users\/1"}],"replies":[{"embeddable":true,"href":"https:\/\/visitnavarra.info\/visitnavarra\/wp-json\/wp\/v2\/comments?post=11564"}],"version-history":[{"count":3,"href":"https:\/\/visitnavarra.info\/visitnavarra\/wp-json\/wp\/v2\/pages\/11564\/revisions"}],"predecessor-version":[{"id":12714,"href":"https:\/\/visitnavarra.info\/visitnavarra\/wp-json\/wp\/v2\/pages\/11564\/revisions\/12714"}],"wp:attachment":[{"href":"https:\/\/visitnavarra.info\/visitnavarra\/wp-json\/wp\/v2\/media?parent=11564"}],"curies":[{"name":"wp","href":"https:\/\/api.w.org\/{rel}","templated":true}]}}