{"id":12700,"date":"2023-03-17T09:36:20","date_gmt":"2023-03-17T09:36:20","guid":{"rendered":"https:\/\/visitnavarra.info\/visitnavarra\/?page_id=12700"},"modified":"2023-03-17T09:36:20","modified_gmt":"2023-03-17T09:36:20","slug":"observacion-del-cielo-nocturno-con-telescopio","status":"publish","type":"page","link":"https:\/\/visitnavarra.info\/visitnavarra\/observacion-del-cielo-nocturno-con-telescopio\/","title":{"rendered":"OBSERVACI\u00d3N DEL CIELO NOCTURNO CON TELESCOPIO"},"content":{"rendered":"<p>[vc_row][vc_column width=&#8221;1\/1&#8243;][vc_column_text]<img loading=\"lazy\" decoding=\"async\" class=\"alignleft wp-image-12735 size-full\" src=\"https:\/\/visitnavarra.info\/visitnavarra\/wp-content\/uploads\/2023\/03\/foto-cielo-nocturno-1.jpg\" alt=\"\" width=\"513\" height=\"597\" srcset=\"https:\/\/visitnavarra.info\/visitnavarra\/wp-content\/uploads\/2023\/03\/foto-cielo-nocturno-1.jpg 513w, https:\/\/visitnavarra.info\/visitnavarra\/wp-content\/uploads\/2023\/03\/foto-cielo-nocturno-1-258x300.jpg 258w, https:\/\/visitnavarra.info\/visitnavarra\/wp-content\/uploads\/2023\/03\/foto-cielo-nocturno-1-320x372.jpg 320w, https:\/\/visitnavarra.info\/visitnavarra\/wp-content\/uploads\/2023\/03\/foto-cielo-nocturno-1-480x559.jpg 480w\" sizes=\"auto, (max-width: 513px) 100vw, 513px\" \/>Astroturismo es una modalidad de turismo sostenible y responsable que combina la observaci\u00f3n del cielo nocturno y diurno, la divulgaci\u00f3n y actividades de ocio relacionadas con la astronom\u00eda; tambi\u00e9n es un recurso para potenciar territorios rurales.<\/p>\n<p>Los Destinos Starlight no son solo lugares de excelente calidad de cielo, sino que deben disponer de medios para garantizar su protecci\u00f3n, y adem\u00e1s ser lugares visitables, deben disponer de las adecuadas infraestructuras y actividades relacionadas con la oferta tur\u00edstica y su integraci\u00f3n en la naturaleza nocturna. Ven a disfrutar de la riqueza cultural y natural del territorio, patrimonio que le acercamos y ponemos en valor.<\/p>\n<p>El turismo de estrellas es una modalidad de turismo responsable, sostenible e innovador y de calidad. agencias dedicadas a la industria tur\u00edstica.<\/p>\n<p>Es una revalorizaci\u00f3n del patrimonio cultural, hist\u00f3rico, medioambiental, de biodiversidad, etnogr\u00e1fico, etc. del territorio, puesto que todas las actividades van dirigidas a su preservaci\u00f3n, empoderando a las comunidades locales.<\/p>\n<p>En Ler\u00edn (Navarra)tenemos uno de los cielos mas limpios del planeta. Alojamiento Entheos Certificado por la fundaci\u00f3n Starlight<\/p>\n<p><strong>FINES DE SEMANA<\/strong><\/p>\n<p><strong>DURACI\u00d3N: <\/strong>2 horas con peque\u00f1o aperitivo<br \/>\n<strong>PRECIO<\/strong>: 15\u20ac \/persona grupo m\u00ednimo exigido<\/p>\n<p>150 \u20ac pareja. Posibilidad de alojamiento info@entheosbio.es[\/vc_column_text][\/vc_column][\/vc_row][vc_row][vc_column width=&#8221;1\/1&#8243;]<div class=\"spacer\" style=\"height: 40px;\"><\/div>[\/vc_column][\/vc_row][vc_row][vc_column width=&#8221;1\/2&#8243;]<div class=\"single_image wpb_content_element align-center    \" data-animation=\"none\" data-delay=\"0\"><img loading=\"lazy\" decoding=\"async\" class=\"\" src=\"https:\/\/visitnavarra.info\/visitnavarra\/wp-content\/uploads\/2021\/11\/Logotipo_Pagina_01_250.jpg\" width=\"250\" height=\"136\" alt=\"Logotipo_P\u00e1gina_01_250\" title=\"Logotipo_P\u00e1gina_01_250\" \/><\/div>[\/vc_column][vc_column width=&#8221;1\/2&#8243;][vc_column_text]<strong>Entidad \/ empresa:<\/strong> ENTHEOSBIO AGRICULTURA BIODIN\u00c1MICA<br \/>\n<strong>Direcci\u00f3n<\/strong>: Calle Baigorri, 56 &#8211; 31260 &#8211; Ler\u00edn (Navarra)<br \/>\n<strong>Tel\u00e9fono<\/strong>: (+34) 618 888 558<br \/>\n<strong>Mail:<\/strong>\u00a0<a href=\"mailto:info@entheosbio.es\" target=\"_blank\" rel=\"noopener\">info@entheosbio.es<\/a><br \/>\n<strong>Web<\/strong>:\u00a0<a href=\"https:\/\/www.entheosbio.es\/\" target=\"_blank\" rel=\"noopener\">https:\/\/www.entheosbio.es<\/a>[\/vc_column_text][\/vc_column][\/vc_row]<\/p>\n","protected":false},"excerpt":{"rendered":"<p>[vc_row][vc_column width=&#8221;1\/1&#8243;][vc_column_text]Astroturismo es una modalidad de turismo sostenible y responsable que combina la observaci\u00f3n del cielo nocturno y diurno, la divulgaci\u00f3n y actividades de ocio relacionadas con la astronom\u00eda; tambi\u00e9n es un recurso para potenciar territorios rurales. Los Destinos Starlight no son solo lugares de excelente calidad de cielo, sino que deben disponer de medios para garantizar su protecci\u00f3n, y adem\u00e1s ser lugares visitables, deben disponer de las adecuadas infraestructuras y actividades relacionadas con la oferta tur\u00edstica y su integraci\u00f3n en la naturaleza nocturna. Ven a disfrutar de la riqueza cultural y natural del territorio, patrimonio que le acercamos y ponemos en valor. El turismo de estrellas es una modalidad de turismo responsable, sostenible e innovador y de calidad. agencias dedicadas a la industria tur\u00edstica. Es una revalorizaci\u00f3n del patrimonio cultural, hist\u00f3rico, medioambiental, de biodiversidad, etnogr\u00e1fico, etc. del territorio, puesto que todas las actividades van dirigidas a su preservaci\u00f3n, empoderando a las comunidades locales. En Ler\u00edn (Navarra)tenemos uno de los cielos mas limpios del planeta. Alojamiento Entheos Certificado por la fundaci\u00f3n Starlight FINES DE SEMANA DURACI\u00d3N: 2 horas con peque\u00f1o aperitivo PRECIO: 15\u20ac \/persona grupo m\u00ednimo exigido 150 \u20ac pareja. Posibilidad de alojamiento info@entheosbio.es[\/vc_column_text][\/vc_column][\/vc_row][vc_row][vc_column width=&#8221;1\/1&#8243;][\/vc_column][\/vc_row][vc_row][vc_column width=&#8221;1\/2&#8243;][\/vc_column][vc_column width=&#8221;1\/2&#8243;][vc_column_text]Entidad \/ empresa: ENTHEOSBIO [&hellip;]<\/p>\n","protected":false},"author":1,"featured_media":0,"parent":0,"menu_order":0,"comment_status":"closed","ping_status":"closed","template":"","meta":{"footnotes":""},"class_list":["post-12700","page","type-page","status-publish","hentry"],"yoast_head":"<!-- This site is optimized with the Yoast SEO plugin v23.5 - https:\/\/yoast.com\/wordpress\/plugins\/seo\/ -->\n<title>Curso Agricultura Biodin\u00e1mica - VisitNavarra<\/title>\n<meta name=\"description\" content=\"Este seminario nace para fomentar una agricultura ecol\u00f3gica, sostenible y respetuosa con el medio ambiente.\" \/>\n<meta name=\"robots\" content=\"index, follow, max-snippet:-1, max-image-preview:large, max-video-preview:-1\" \/>\n<link rel=\"canonical\" href=\"https:\/\/visitnavarra.info\/visitnavarra\/observacion-del-cielo-nocturno-con-telescopio\/\" \/>\n<meta property=\"og:locale\" content=\"es_ES\" \/>\n<meta property=\"og:type\" content=\"article\" \/>\n<meta property=\"og:title\" content=\"Curso Agricultura Biodin\u00e1mica - VisitNavarra\" \/>\n<meta property=\"og:description\" content=\"Este seminario nace para fomentar una agricultura ecol\u00f3gica, sostenible y respetuosa con el medio ambiente.\" \/>\n<meta property=\"og:url\" content=\"https:\/\/visitnavarra.info\/visitnavarra\/observacion-del-cielo-nocturno-con-telescopio\/\" \/>\n<meta property=\"og:site_name\" content=\"VisitNavarra\" \/>\n<meta property=\"og:image\" content=\"https:\/\/visitnavarra.info\/visitnavarra\/wp-content\/uploads\/2023\/03\/foto-cielo-nocturno-1.jpg\" \/>\n<meta name=\"twitter:card\" content=\"summary_large_image\" \/>\n<meta name=\"twitter:label1\" content=\"Tiempo de lectura\" \/>\n\t<meta name=\"twitter:data1\" content=\"2 minutos\" \/>\n<script type=\"application\/ld+json\" class=\"yoast-schema-graph\">{\"@context\":\"https:\/\/schema.org\",\"@graph\":[{\"@type\":\"WebPage\",\"@id\":\"https:\/\/visitnavarra.info\/visitnavarra\/observacion-del-cielo-nocturno-con-telescopio\/\",\"url\":\"https:\/\/visitnavarra.info\/visitnavarra\/observacion-del-cielo-nocturno-con-telescopio\/\",\"name\":\"Curso Agricultura Biodin\u00e1mica - VisitNavarra\",\"isPartOf\":{\"@id\":\"https:\/\/visitnavarra.info\/visitnavarra\/#website\"},\"primaryImageOfPage\":{\"@id\":\"https:\/\/visitnavarra.info\/visitnavarra\/observacion-del-cielo-nocturno-con-telescopio\/#primaryimage\"},\"image\":{\"@id\":\"https:\/\/visitnavarra.info\/visitnavarra\/observacion-del-cielo-nocturno-con-telescopio\/#primaryimage\"},\"thumbnailUrl\":\"https:\/\/visitnavarra.info\/visitnavarra\/wp-content\/uploads\/2023\/03\/foto-cielo-nocturno-1.jpg\",\"datePublished\":\"2023-03-17T09:36:20+00:00\",\"dateModified\":\"2023-03-17T09:36:20+00:00\",\"description\":\"Este seminario nace para fomentar una agricultura ecol\u00f3gica, sostenible y respetuosa con el medio ambiente.\",\"breadcrumb\":{\"@id\":\"https:\/\/visitnavarra.info\/visitnavarra\/observacion-del-cielo-nocturno-con-telescopio\/#breadcrumb\"},\"inLanguage\":\"es\",\"potentialAction\":[{\"@type\":\"ReadAction\",\"target\":[\"https:\/\/visitnavarra.info\/visitnavarra\/observacion-del-cielo-nocturno-con-telescopio\/\"]}]},{\"@type\":\"ImageObject\",\"inLanguage\":\"es\",\"@id\":\"https:\/\/visitnavarra.info\/visitnavarra\/observacion-del-cielo-nocturno-con-telescopio\/#primaryimage\",\"url\":\"https:\/\/visitnavarra.info\/visitnavarra\/wp-content\/uploads\/2023\/03\/foto-cielo-nocturno-1.jpg\",\"contentUrl\":\"https:\/\/visitnavarra.info\/visitnavarra\/wp-content\/uploads\/2023\/03\/foto-cielo-nocturno-1.jpg\",\"width\":513,\"height\":597},{\"@type\":\"BreadcrumbList\",\"@id\":\"https:\/\/visitnavarra.info\/visitnavarra\/observacion-del-cielo-nocturno-con-telescopio\/#breadcrumb\",\"itemListElement\":[{\"@type\":\"ListItem\",\"position\":1,\"name\":\"Portada\",\"item\":\"https:\/\/visitnavarra.info\/visitnavarra\/\"},{\"@type\":\"ListItem\",\"position\":2,\"name\":\"OBSERVACI\u00d3N DEL CIELO NOCTURNO CON TELESCOPIO\"}]},{\"@type\":\"WebSite\",\"@id\":\"https:\/\/visitnavarra.info\/visitnavarra\/#website\",\"url\":\"https:\/\/visitnavarra.info\/visitnavarra\/\",\"name\":\"VisitNavarra\",\"description\":\"Alojamiento y experiencias tur\u00edsticas en Navarra; qu\u00e9 visitar en Navarra; comer en Navarra\",\"potentialAction\":[{\"@type\":\"SearchAction\",\"target\":{\"@type\":\"EntryPoint\",\"urlTemplate\":\"https:\/\/visitnavarra.info\/visitnavarra\/?s={search_term_string}\"},\"query-input\":{\"@type\":\"PropertyValueSpecification\",\"valueRequired\":true,\"valueName\":\"search_term_string\"}}],\"inLanguage\":\"es\"}]}<\/script>\n<!-- \/ Yoast SEO plugin. -->","yoast_head_json":{"title":"Curso Agricultura Biodin\u00e1mica - VisitNavarra","description":"Este seminario nace para fomentar una agricultura ecol\u00f3gica, sostenible y respetuosa con el medio ambiente.","robots":{"index":"index","follow":"follow","max-snippet":"max-snippet:-1","max-image-preview":"max-image-preview:large","max-video-preview":"max-video-preview:-1"},"canonical":"https:\/\/visitnavarra.info\/visitnavarra\/observacion-del-cielo-nocturno-con-telescopio\/","og_locale":"es_ES","og_type":"article","og_title":"Curso Agricultura Biodin\u00e1mica - VisitNavarra","og_description":"Este seminario nace para fomentar una agricultura ecol\u00f3gica, sostenible y respetuosa con el medio ambiente.","og_url":"https:\/\/visitnavarra.info\/visitnavarra\/observacion-del-cielo-nocturno-con-telescopio\/","og_site_name":"VisitNavarra","og_image":[{"url":"https:\/\/visitnavarra.info\/visitnavarra\/wp-content\/uploads\/2023\/03\/foto-cielo-nocturno-1.jpg"}],"twitter_card":"summary_large_image","twitter_misc":{"Tiempo de lectura":"2 minutos"},"schema":{"@context":"https:\/\/schema.org","@graph":[{"@type":"WebPage","@id":"https:\/\/visitnavarra.info\/visitnavarra\/observacion-del-cielo-nocturno-con-telescopio\/","url":"https:\/\/visitnavarra.info\/visitnavarra\/observacion-del-cielo-nocturno-con-telescopio\/","name":"Curso Agricultura Biodin\u00e1mica - VisitNavarra","isPartOf":{"@id":"https:\/\/visitnavarra.info\/visitnavarra\/#website"},"primaryImageOfPage":{"@id":"https:\/\/visitnavarra.info\/visitnavarra\/observacion-del-cielo-nocturno-con-telescopio\/#primaryimage"},"image":{"@id":"https:\/\/visitnavarra.info\/visitnavarra\/observacion-del-cielo-nocturno-con-telescopio\/#primaryimage"},"thumbnailUrl":"https:\/\/visitnavarra.info\/visitnavarra\/wp-content\/uploads\/2023\/03\/foto-cielo-nocturno-1.jpg","datePublished":"2023-03-17T09:36:20+00:00","dateModified":"2023-03-17T09:36:20+00:00","description":"Este seminario nace para fomentar una agricultura ecol\u00f3gica, sostenible y respetuosa con el medio ambiente.","breadcrumb":{"@id":"https:\/\/visitnavarra.info\/visitnavarra\/observacion-del-cielo-nocturno-con-telescopio\/#breadcrumb"},"inLanguage":"es","potentialAction":[{"@type":"ReadAction","target":["https:\/\/visitnavarra.info\/visitnavarra\/observacion-del-cielo-nocturno-con-telescopio\/"]}]},{"@type":"ImageObject","inLanguage":"es","@id":"https:\/\/visitnavarra.info\/visitnavarra\/observacion-del-cielo-nocturno-con-telescopio\/#primaryimage","url":"https:\/\/visitnavarra.info\/visitnavarra\/wp-content\/uploads\/2023\/03\/foto-cielo-nocturno-1.jpg","contentUrl":"https:\/\/visitnavarra.info\/visitnavarra\/wp-content\/uploads\/2023\/03\/foto-cielo-nocturno-1.jpg","width":513,"height":597},{"@type":"BreadcrumbList","@id":"https:\/\/visitnavarra.info\/visitnavarra\/observacion-del-cielo-nocturno-con-telescopio\/#breadcrumb","itemListElement":[{"@type":"ListItem","position":1,"name":"Portada","item":"https:\/\/visitnavarra.info\/visitnavarra\/"},{"@type":"ListItem","position":2,"name":"OBSERVACI\u00d3N DEL CIELO NOCTURNO CON TELESCOPIO"}]},{"@type":"WebSite","@id":"https:\/\/visitnavarra.info\/visitnavarra\/#website","url":"https:\/\/visitnavarra.info\/visitnavarra\/","name":"VisitNavarra","description":"Alojamiento y experiencias tur\u00edsticas en Navarra; qu\u00e9 visitar en Navarra; comer en Navarra","potentialAction":[{"@type":"SearchAction","target":{"@type":"EntryPoint","urlTemplate":"https:\/\/visitnavarra.info\/visitnavarra\/?s={search_term_string}"},"query-input":{"@type":"PropertyValueSpecification","valueRequired":true,"valueName":"search_term_string"}}],"inLanguage":"es"}]}},"_links":{"self":[{"href":"https:\/\/visitnavarra.info\/visitnavarra\/wp-json\/wp\/v2\/pages\/12700","targetHints":{"allow":["GET"]}}],"collection":[{"href":"https:\/\/visitnavarra.info\/visitnavarra\/wp-json\/wp\/v2\/pages"}],"about":[{"href":"https:\/\/visitnavarra.info\/visitnavarra\/wp-json\/wp\/v2\/types\/page"}],"author":[{"embeddable":true,"href":"https:\/\/visitnavarra.info\/visitnavarra\/wp-json\/wp\/v2\/users\/1"}],"replies":[{"embeddable":true,"href":"https:\/\/visitnavarra.info\/visitnavarra\/wp-json\/wp\/v2\/comments?post=12700"}],"version-history":[{"count":1,"href":"https:\/\/visitnavarra.info\/visitnavarra\/wp-json\/wp\/v2\/pages\/12700\/revisions"}],"predecessor-version":[{"id":12739,"href":"https:\/\/visitnavarra.info\/visitnavarra\/wp-json\/wp\/v2\/pages\/12700\/revisions\/12739"}],"wp:attachment":[{"href":"https:\/\/visitnavarra.info\/visitnavarra\/wp-json\/wp\/v2\/media?parent=12700"}],"curies":[{"name":"wp","href":"https:\/\/api.w.org\/{rel}","templated":true}]}}