{"id":1630,"date":"2019-02-20T12:32:05","date_gmt":"2019-02-20T12:32:05","guid":{"rendered":"http:\/\/visitnavarra.info\/?page_id=1630"},"modified":"2019-02-20T12:32:05","modified_gmt":"2019-02-20T12:32:05","slug":"clinica-sannas-dentofacial","status":"publish","type":"page","link":"https:\/\/visitnavarra.info\/visitnavarra\/clinica-sannas-dentofacial\/","title":{"rendered":"CL\u00cdNICA SANNAS DENTOFACIAL"},"content":{"rendered":"<p>[vc_row][vc_column width=&#8221;1\/1&#8243;][vc_column_text]<a href=\"http:\/\/www.navarrahealthtourism.com\">www.navarrahealthtourism.com<\/a><\/p>\n<p><img loading=\"lazy\" decoding=\"async\" class=\"alignleft size-medium wp-image-999\" src=\"http:\/\/desarrollo.visitnavarra.info\/wp-content\/uploads\/2019\/01\/clinica-sanas-300x97.jpg\" alt=\"\" width=\"300\" height=\"97\" srcset=\"https:\/\/visitnavarra.info\/visitnavarra\/wp-content\/uploads\/2019\/01\/clinica-sanas-300x97.jpg 300w, https:\/\/visitnavarra.info\/visitnavarra\/wp-content\/uploads\/2019\/01\/clinica-sanas.jpg 696w\" sizes=\"auto, (max-width: 300px) 100vw, 300px\" \/>Ofrece todos los servicios en odontolog\u00eda y medicina est\u00e9tica facial en un mismo centro con unas instalaciones m\u00e9dicas a nivel hospitalario.<\/p>\n<p>El Grupo Sannas cuenta con m\u00e1s de 26 a\u00f1os de experiencia en el sector, con m\u00e1s de 16.000 pacientes tratados y est\u00e1 avalado por una certificaci\u00f3n como centro y servicios dentales seg\u00fan la norma UNE 179001 por AENOR. La cl\u00ednica posee la gran virtud de tener un moderno laboratorio prot\u00e9sico dental (Dentiru\u00f1a) adem\u00e1s de ser un centro de ense\u00f1anza acreditado por el Consejo General de Odont\u00f3logos de Espa\u00f1a. Tambi\u00e9n el Gobierno de Navarra ha acreditado al grupo como un Centro Sanitario Especializado.<\/p>\n<p>Estas son algunas de las razones por las cuales Sannas se ha convertido en la actualidad en un centro de referencia de la odontolog\u00eda.<\/p>\n<p>Destacamos en nuestro trabajo diario la gran importancia que tiene la salud y prevenci\u00f3n, y por ello, contamos con un cuadro m\u00e9dico altamente capacitado y especializado en condiciones de poder dar respuestas adecuadas a las necesidades y exigencias de nuestros pacientes, ofreciendo siempre un servicio excelente y de calidad.<\/p>\n<p><strong>CUADRO M\u00c9DICO<\/strong><\/p>\n<p>Cl\u00ednica Sannas cuenta con doctores especializados en las distintas ramas de la odontolog\u00eda como son: la ortodoncia, la implantolog\u00eda oral, la periodoncia, la ATM (articulaci\u00f3n temporo mandibular), la prostodoncia, odontopediatr\u00eda, la est\u00e9tica dental y facial).<\/p>\n<p>Sumado a ello contamos con especialistas en la odontolog\u00eda general, quienes reunidos en un solo equipo, pueden aportar un gran valor que da seguridad y confianza en los pacientes que nos conf\u00edan la soluci\u00f3n de sus problemas de salud orofacial.<\/p>\n<p>Perseguimos el objetivo de sanar, solucionar, rehabilitar pero sobre todo ense\u00f1ar y prevenir futuras enfermedades de una forma integral, ofreciendo todas las soluciones que nuestros pacientes necesitan en el mismo centro, sin necesidad de desplazarse.[\/vc_column_text][\/vc_column][\/vc_row]<\/p>\n","protected":false},"excerpt":{"rendered":"<p>[vc_row][vc_column width=&#8221;1\/1&#8243;][vc_column_text]www.navarrahealthtourism.com Ofrece todos los servicios en odontolog\u00eda y medicina est\u00e9tica facial en un mismo centro con unas instalaciones m\u00e9dicas a nivel hospitalario. El Grupo Sannas cuenta con m\u00e1s de 26 a\u00f1os de experiencia en el sector, con m\u00e1s de 16.000 pacientes tratados y est\u00e1 avalado por una certificaci\u00f3n como centro y servicios dentales seg\u00fan la norma UNE 179001 por AENOR. La cl\u00ednica posee la gran virtud de tener un moderno laboratorio prot\u00e9sico dental (Dentiru\u00f1a) adem\u00e1s de ser un centro de ense\u00f1anza acreditado por el Consejo General de Odont\u00f3logos de Espa\u00f1a. Tambi\u00e9n el Gobierno de Navarra ha acreditado al grupo como un Centro Sanitario Especializado. Estas son algunas de las razones por las cuales Sannas se ha convertido en la actualidad en un centro de referencia de la odontolog\u00eda. Destacamos en nuestro trabajo diario la gran importancia que tiene la salud y prevenci\u00f3n, y por ello, contamos con un cuadro m\u00e9dico altamente capacitado y especializado en condiciones de poder dar respuestas adecuadas a las necesidades y exigencias de nuestros pacientes, ofreciendo siempre un servicio excelente y de calidad. CUADRO M\u00c9DICO Cl\u00ednica Sannas cuenta con doctores especializados en las distintas ramas de la odontolog\u00eda como son: la ortodoncia, la implantolog\u00eda oral, [&hellip;]<\/p>\n","protected":false},"author":1,"featured_media":0,"parent":0,"menu_order":0,"comment_status":"closed","ping_status":"closed","template":"","meta":{"footnotes":""},"class_list":["post-1630","page","type-page","status-publish","hentry"],"yoast_head":"<!-- This site is optimized with the Yoast SEO plugin v23.5 - https:\/\/yoast.com\/wordpress\/plugins\/seo\/ -->\n<title>CL\u00cdNICA SANNAS DENTOFACIAL EN NAVARRA - VisitNavarra<\/title>\n<meta name=\"description\" content=\"Cl\u00ednica Sannas ofrece todos los servicios en odontolog\u00eda y medicina est\u00e9tica facial en un mismo centro con unas instalaciones m\u00e9dicas a nivel hospitalario\" \/>\n<meta name=\"robots\" content=\"index, follow, max-snippet:-1, max-image-preview:large, max-video-preview:-1\" \/>\n<link rel=\"canonical\" href=\"https:\/\/visitnavarra.info\/visitnavarra\/clinica-sannas-dentofacial\/\" \/>\n<meta property=\"og:locale\" content=\"es_ES\" \/>\n<meta property=\"og:type\" content=\"article\" \/>\n<meta property=\"og:title\" content=\"CL\u00cdNICA SANNAS DENTOFACIAL EN NAVARRA - VisitNavarra\" \/>\n<meta property=\"og:description\" content=\"Cl\u00ednica Sannas ofrece todos los servicios en odontolog\u00eda y medicina est\u00e9tica facial en un mismo centro con unas instalaciones m\u00e9dicas a nivel hospitalario\" \/>\n<meta property=\"og:url\" content=\"https:\/\/visitnavarra.info\/visitnavarra\/clinica-sannas-dentofacial\/\" \/>\n<meta property=\"og:site_name\" content=\"VisitNavarra\" \/>\n<meta property=\"og:image\" content=\"http:\/\/desarrollo.visitnavarra.info\/wp-content\/uploads\/2019\/01\/clinica-sanas-300x97.jpg\" \/>\n<meta name=\"twitter:card\" content=\"summary_large_image\" \/>\n<meta name=\"twitter:label1\" content=\"Tiempo de lectura\" \/>\n\t<meta name=\"twitter:data1\" content=\"2 minutos\" \/>\n<script type=\"application\/ld+json\" class=\"yoast-schema-graph\">{\"@context\":\"https:\/\/schema.org\",\"@graph\":[{\"@type\":\"WebPage\",\"@id\":\"https:\/\/visitnavarra.info\/visitnavarra\/clinica-sannas-dentofacial\/\",\"url\":\"https:\/\/visitnavarra.info\/visitnavarra\/clinica-sannas-dentofacial\/\",\"name\":\"CL\u00cdNICA SANNAS DENTOFACIAL EN NAVARRA - VisitNavarra\",\"isPartOf\":{\"@id\":\"https:\/\/visitnavarra.info\/visitnavarra\/#website\"},\"primaryImageOfPage\":{\"@id\":\"https:\/\/visitnavarra.info\/visitnavarra\/clinica-sannas-dentofacial\/#primaryimage\"},\"image\":{\"@id\":\"https:\/\/visitnavarra.info\/visitnavarra\/clinica-sannas-dentofacial\/#primaryimage\"},\"thumbnailUrl\":\"http:\/\/desarrollo.visitnavarra.info\/wp-content\/uploads\/2019\/01\/clinica-sanas-300x97.jpg\",\"datePublished\":\"2019-02-20T12:32:05+00:00\",\"dateModified\":\"2019-02-20T12:32:05+00:00\",\"description\":\"Cl\u00ednica Sannas ofrece todos los servicios en odontolog\u00eda y medicina est\u00e9tica facial en un mismo centro con unas instalaciones m\u00e9dicas a nivel hospitalario\",\"breadcrumb\":{\"@id\":\"https:\/\/visitnavarra.info\/visitnavarra\/clinica-sannas-dentofacial\/#breadcrumb\"},\"inLanguage\":\"es\",\"potentialAction\":[{\"@type\":\"ReadAction\",\"target\":[\"https:\/\/visitnavarra.info\/visitnavarra\/clinica-sannas-dentofacial\/\"]}]},{\"@type\":\"ImageObject\",\"inLanguage\":\"es\",\"@id\":\"https:\/\/visitnavarra.info\/visitnavarra\/clinica-sannas-dentofacial\/#primaryimage\",\"url\":\"http:\/\/desarrollo.visitnavarra.info\/wp-content\/uploads\/2019\/01\/clinica-sanas-300x97.jpg\",\"contentUrl\":\"http:\/\/desarrollo.visitnavarra.info\/wp-content\/uploads\/2019\/01\/clinica-sanas-300x97.jpg\"},{\"@type\":\"BreadcrumbList\",\"@id\":\"https:\/\/visitnavarra.info\/visitnavarra\/clinica-sannas-dentofacial\/#breadcrumb\",\"itemListElement\":[{\"@type\":\"ListItem\",\"position\":1,\"name\":\"Portada\",\"item\":\"https:\/\/visitnavarra.info\/visitnavarra\/\"},{\"@type\":\"ListItem\",\"position\":2,\"name\":\"CL\u00cdNICA SANNAS DENTOFACIAL\"}]},{\"@type\":\"WebSite\",\"@id\":\"https:\/\/visitnavarra.info\/visitnavarra\/#website\",\"url\":\"https:\/\/visitnavarra.info\/visitnavarra\/\",\"name\":\"VisitNavarra\",\"description\":\"Alojamiento y experiencias tur\u00edsticas en Navarra; qu\u00e9 visitar en Navarra; comer en Navarra\",\"potentialAction\":[{\"@type\":\"SearchAction\",\"target\":{\"@type\":\"EntryPoint\",\"urlTemplate\":\"https:\/\/visitnavarra.info\/visitnavarra\/?s={search_term_string}\"},\"query-input\":{\"@type\":\"PropertyValueSpecification\",\"valueRequired\":true,\"valueName\":\"search_term_string\"}}],\"inLanguage\":\"es\"}]}<\/script>\n<!-- \/ Yoast SEO plugin. -->","yoast_head_json":{"title":"CL\u00cdNICA SANNAS DENTOFACIAL EN NAVARRA - VisitNavarra","description":"Cl\u00ednica Sannas ofrece todos los servicios en odontolog\u00eda y medicina est\u00e9tica facial en un mismo centro con unas instalaciones m\u00e9dicas a nivel hospitalario","robots":{"index":"index","follow":"follow","max-snippet":"max-snippet:-1","max-image-preview":"max-image-preview:large","max-video-preview":"max-video-preview:-1"},"canonical":"https:\/\/visitnavarra.info\/visitnavarra\/clinica-sannas-dentofacial\/","og_locale":"es_ES","og_type":"article","og_title":"CL\u00cdNICA SANNAS DENTOFACIAL EN NAVARRA - VisitNavarra","og_description":"Cl\u00ednica Sannas ofrece todos los servicios en odontolog\u00eda y medicina est\u00e9tica facial en un mismo centro con unas instalaciones m\u00e9dicas a nivel hospitalario","og_url":"https:\/\/visitnavarra.info\/visitnavarra\/clinica-sannas-dentofacial\/","og_site_name":"VisitNavarra","og_image":[{"url":"http:\/\/desarrollo.visitnavarra.info\/wp-content\/uploads\/2019\/01\/clinica-sanas-300x97.jpg"}],"twitter_card":"summary_large_image","twitter_misc":{"Tiempo de lectura":"2 minutos"},"schema":{"@context":"https:\/\/schema.org","@graph":[{"@type":"WebPage","@id":"https:\/\/visitnavarra.info\/visitnavarra\/clinica-sannas-dentofacial\/","url":"https:\/\/visitnavarra.info\/visitnavarra\/clinica-sannas-dentofacial\/","name":"CL\u00cdNICA SANNAS DENTOFACIAL EN NAVARRA - VisitNavarra","isPartOf":{"@id":"https:\/\/visitnavarra.info\/visitnavarra\/#website"},"primaryImageOfPage":{"@id":"https:\/\/visitnavarra.info\/visitnavarra\/clinica-sannas-dentofacial\/#primaryimage"},"image":{"@id":"https:\/\/visitnavarra.info\/visitnavarra\/clinica-sannas-dentofacial\/#primaryimage"},"thumbnailUrl":"http:\/\/desarrollo.visitnavarra.info\/wp-content\/uploads\/2019\/01\/clinica-sanas-300x97.jpg","datePublished":"2019-02-20T12:32:05+00:00","dateModified":"2019-02-20T12:32:05+00:00","description":"Cl\u00ednica Sannas ofrece todos los servicios en odontolog\u00eda y medicina est\u00e9tica facial en un mismo centro con unas instalaciones m\u00e9dicas a nivel hospitalario","breadcrumb":{"@id":"https:\/\/visitnavarra.info\/visitnavarra\/clinica-sannas-dentofacial\/#breadcrumb"},"inLanguage":"es","potentialAction":[{"@type":"ReadAction","target":["https:\/\/visitnavarra.info\/visitnavarra\/clinica-sannas-dentofacial\/"]}]},{"@type":"ImageObject","inLanguage":"es","@id":"https:\/\/visitnavarra.info\/visitnavarra\/clinica-sannas-dentofacial\/#primaryimage","url":"http:\/\/desarrollo.visitnavarra.info\/wp-content\/uploads\/2019\/01\/clinica-sanas-300x97.jpg","contentUrl":"http:\/\/desarrollo.visitnavarra.info\/wp-content\/uploads\/2019\/01\/clinica-sanas-300x97.jpg"},{"@type":"BreadcrumbList","@id":"https:\/\/visitnavarra.info\/visitnavarra\/clinica-sannas-dentofacial\/#breadcrumb","itemListElement":[{"@type":"ListItem","position":1,"name":"Portada","item":"https:\/\/visitnavarra.info\/visitnavarra\/"},{"@type":"ListItem","position":2,"name":"CL\u00cdNICA SANNAS DENTOFACIAL"}]},{"@type":"WebSite","@id":"https:\/\/visitnavarra.info\/visitnavarra\/#website","url":"https:\/\/visitnavarra.info\/visitnavarra\/","name":"VisitNavarra","description":"Alojamiento y experiencias tur\u00edsticas en Navarra; qu\u00e9 visitar en Navarra; comer en Navarra","potentialAction":[{"@type":"SearchAction","target":{"@type":"EntryPoint","urlTemplate":"https:\/\/visitnavarra.info\/visitnavarra\/?s={search_term_string}"},"query-input":{"@type":"PropertyValueSpecification","valueRequired":true,"valueName":"search_term_string"}}],"inLanguage":"es"}]}},"_links":{"self":[{"href":"https:\/\/visitnavarra.info\/visitnavarra\/wp-json\/wp\/v2\/pages\/1630","targetHints":{"allow":["GET"]}}],"collection":[{"href":"https:\/\/visitnavarra.info\/visitnavarra\/wp-json\/wp\/v2\/pages"}],"about":[{"href":"https:\/\/visitnavarra.info\/visitnavarra\/wp-json\/wp\/v2\/types\/page"}],"author":[{"embeddable":true,"href":"https:\/\/visitnavarra.info\/visitnavarra\/wp-json\/wp\/v2\/users\/1"}],"replies":[{"embeddable":true,"href":"https:\/\/visitnavarra.info\/visitnavarra\/wp-json\/wp\/v2\/comments?post=1630"}],"version-history":[{"count":1,"href":"https:\/\/visitnavarra.info\/visitnavarra\/wp-json\/wp\/v2\/pages\/1630\/revisions"}],"predecessor-version":[{"id":1632,"href":"https:\/\/visitnavarra.info\/visitnavarra\/wp-json\/wp\/v2\/pages\/1630\/revisions\/1632"}],"wp:attachment":[{"href":"https:\/\/visitnavarra.info\/visitnavarra\/wp-json\/wp\/v2\/media?parent=1630"}],"curies":[{"name":"wp","href":"https:\/\/api.w.org\/{rel}","templated":true}]}}