{"id":3855,"date":"2019-05-16T16:11:03","date_gmt":"2019-05-16T16:11:03","guid":{"rendered":"https:\/\/visitnavarra.info\/visitnavarra\/?page_id=3855"},"modified":"2023-11-22T11:15:00","modified_gmt":"2023-11-22T11:15:00","slug":"irrisarri-business-land","status":"publish","type":"page","link":"https:\/\/visitnavarra.info\/visitnavarra\/irrisarri-business-land\/","title":{"rendered":"IRRISARRI BUSINESS LAND"},"content":{"rendered":"<p>[vc_row][vc_column width=&#8221;1\/1&#8243;][vc_column_text]<img loading=\"lazy\" decoding=\"async\" class=\"size-full wp-image-3841 alignleft\" src=\"https:\/\/visitnavarra.info\/visitnavarra\/wp-content\/uploads\/2019\/05\/irisarri-250-mirador.jpg\" alt=\"\" width=\"250\" height=\"250\" srcset=\"https:\/\/visitnavarra.info\/visitnavarra\/wp-content\/uploads\/2019\/05\/irisarri-250-mirador.jpg 250w, https:\/\/visitnavarra.info\/visitnavarra\/wp-content\/uploads\/2019\/05\/irisarri-250-mirador-150x150.jpg 150w, https:\/\/visitnavarra.info\/visitnavarra\/wp-content\/uploads\/2019\/05\/irisarri-250-mirador-80x80.jpg 80w\" sizes=\"auto, (max-width: 250px) 100vw, 250px\" \/><\/p>\n<p>IrriSarri Business Land es la divisi\u00f3n de IrriSarri Land destinada a ofrecer servicios de coach de team building o construcci\u00f3n de equipos a empresas, instituciones, etc.<\/p>\n<p><strong>TEAMBUILDING<\/strong><br \/>\nActividades orientadas a fomentar el trabajo en equipo, la cohesi\u00f3n entre los miembros y el rendimiento laboral. La construcci\u00f3n de equipos tiene dos objetivos claves: mejorar la productividad y aumentar la motivaci\u00f3n laboral.<\/p>\n<p>RED DE COLABORADORES COACH<\/p>\n<ul>\n<li>Red de colaboradores: 20 coaches han dise\u00f1ado diferentes m\u00f3dulos. Puedes elegir con qui\u00e9n quieres trabajar.<\/li>\n<\/ul>\n<p><strong>BLOQUES DISE\u00d1ADOS\u00a0<\/strong><\/p>\n<ul>\n<li>9 bloques dise\u00f1ados seg\u00fan tem\u00e1tica:<\/li>\n<\/ul>\n<ol>\n<li><strong>Comunicaci\u00f3n<\/strong>: Mejora de comunicaci\u00f3n en los equipos.Los equipos integrantes se estrenar\u00e1n en el uso de la escucha activa, la empat\u00eda, la asertividad y la comunicaci\u00f3n consciente. Todo ello conllevar\u00e1 a un acercamiento de las personas en el equipo, consiguiendo afrontar los conflictos desde el enfoque a la soluci\u00f3n.<\/li>\n<li><strong>Productividad<\/strong>: Organizaci\u00f3n de la gesti\u00f3n del tiempo y productividad.Los miembros de la organizaci\u00f3n aprender\u00e1n a gestionar el tiempo de manera eficaz con el fin de mejorar la productividad del equipo. Para ello, se ofrecer\u00e1n herramientas para disminuir los tiempos de ejecuci\u00f3n de tareas, estimulando la coordinaci\u00f3n de todos los participantes durante la actividad.<\/li>\n<li><strong>Liderazgo<\/strong>: Liderazgo y competitividad.Se trabajar\u00e1 el entrenamiento de competencias y actitud necesarias para ser un buen l\u00edder. Para ello se desarrollar\u00e1n las habilidades clave para un liderazgo eficiente, permitiendo aumentar el sentimiento de pertenencia del equipo y una mejor efectividad del mismo.<\/li>\n<li><strong>Cohesi\u00f3n<\/strong>: Cohesi\u00f3n y motivaci\u00f3n de equipos.La empresa construir\u00e1 equipos y conectar\u00e1 a las personas integrantes de los mismos en un ambiente distendido, a trav\u00e9s de experiencias vivenciales. Tras haber realizado estas din\u00e1micas se conseguir\u00e1 que los equipos salgan fortalecidos.<\/li>\n<li><strong>Bienestar<\/strong>: Bienestar f\u00edsico y mental.Se har\u00e1 toma de conciencia y se desarrollar\u00e1n habilidades b\u00e1sicas para la gesti\u00f3n emocional y la reconexi\u00f3n. Todo ello, nos permitir\u00e1 lograr el equilibrio y poder fomentar la capacidad de adaptaci\u00f3n y resiliencia de las personas integrantes del equipo.<\/li>\n<li><strong>Talento<\/strong>: C\u00f3mo potenciar el talento.Se aprender\u00e1 a identificar el talento en el \u00e1mbito organizacional, pudiendo conocer las propias fortalezas y \u00e1reas de mejora. Se trabajar\u00e1 la cohesi\u00f3n del equipo desde una mirada de apreciaci\u00f3n al otro, buscando sinergias como fuente de ventaja competitiva.<\/li>\n<li><strong>Sostenibilidad<\/strong>: Responsabilidad social, econom\u00eda local y compromiso medioambiental.Se priorizar\u00e1n modelos organizativos que tengan en cuenta el bienestar de las personas, fomentando una estrategia de responsabilidad social corporativa. Se promover\u00e1 un cambio en los patrones de consumo, adapt\u00e1ndonos a una econom\u00eda m\u00e1s local. Se incrementar\u00e1 la labor de concienciaci\u00f3n del cuidado de los destinos desde una educaci\u00f3n medioambiental.<\/li>\n<li><strong>Rendimiento<\/strong>: Los valores del deporte aplicados a la empresa.Tomando como referente el mundo deportivo, se podr\u00e1n conocer, entender y contrastar las claves que hacen que un grupo de personas, pase a convertirse en un equipo de alto rendimiento.<\/li>\n<li><strong>Propuestas personalizadas<\/strong>:\u00a0\u00a0Cada empresa tiene unas necesidades espec\u00edficas y desde Irrisarri Business Land tambi\u00e9n ofrecemos la posibilidad de realizar propuestas personalizadas.<\/li>\n<\/ol>\n<p>&nbsp;<\/p>\n<p><a href=\"https:\/\/drive.google.com\/file\/d\/159MxT7FxcLzDxmK705MW_VBSSYe0ZFLP\/view\" target=\"_blank\" rel=\"noopener\"><strong>M\u00e1s informaci\u00f3n<\/strong><\/a><\/p>\n<div id=\"ventanamailtotoMail\" style=\"z-index: 1102;\">\n<div id=\"ventanamailtomodalMail\"><\/div>\n<\/div>\n<div><img \/><\/div>\n<p>[\/vc_column_text][\/vc_column][\/vc_row][vc_row][vc_column width=&#8221;1\/2&#8243;]<div class=\"single_image wpb_content_element align-right    \" data-animation=\"none\" data-delay=\"0\"><img loading=\"lazy\" decoding=\"async\" width=\"186\" height=\"77\" src=\"https:\/\/visitnavarra.info\/visitnavarra\/wp-content\/uploads\/2019\/05\/irrisarri_land_logo_BLANCO.jpg\" class=\"attachment-full\" alt=\"\" \/><\/div>[\/vc_column][vc_column width=&#8221;1\/2&#8243;][vc_column_text]<strong>CONTACTO \/ RESERVAS<\/strong><br \/>\nEntidad \/ empresa: IRRISARRI LAND<br \/>\nN\u00ba Registro Turismo: UETAC027<br \/>\nTel\u00e9fono: (+34) 948 928 922<br \/>\nMails: <a href=\"mailto:empresas@irrisarriland.com\" target=\"_blank\" rel=\"noopener\">empresas@irrisarriland.com<\/a><br \/>\nWeb: <a href=\"http:\/\/www.irrisarriland.com\/business-land\/\" target=\"_blank\" rel=\"noopener\">www.irrisarriland.com\/business-land\/<\/a>[\/vc_column_text][\/vc_column][\/vc_row]<\/p>\n","protected":false},"excerpt":{"rendered":"<p>[vc_row][vc_column width=&#8221;1\/1&#8243;][vc_column_text] IrriSarri Business Land es la divisi\u00f3n de IrriSarri Land destinada a ofrecer servicios de coach de team building o construcci\u00f3n de equipos a empresas, instituciones, etc. TEAMBUILDING Actividades orientadas a fomentar el trabajo en equipo, la cohesi\u00f3n entre los miembros y el rendimiento laboral. La construcci\u00f3n de equipos tiene dos objetivos claves: mejorar la productividad y aumentar la motivaci\u00f3n laboral. RED DE COLABORADORES COACH Red de colaboradores: 20 coaches han dise\u00f1ado diferentes m\u00f3dulos. Puedes elegir con qui\u00e9n quieres trabajar. BLOQUES DISE\u00d1ADOS\u00a0 9 bloques dise\u00f1ados seg\u00fan tem\u00e1tica: Comunicaci\u00f3n: Mejora de comunicaci\u00f3n en los equipos.Los equipos integrantes se estrenar\u00e1n en el uso de la escucha activa, la empat\u00eda, la asertividad y la comunicaci\u00f3n consciente. Todo ello conllevar\u00e1 a un acercamiento de las personas en el equipo, consiguiendo afrontar los conflictos desde el enfoque a la soluci\u00f3n. Productividad: Organizaci\u00f3n de la gesti\u00f3n del tiempo y productividad.Los miembros de la organizaci\u00f3n aprender\u00e1n a gestionar el tiempo de manera eficaz con el fin de mejorar la productividad del equipo. Para ello, se ofrecer\u00e1n herramientas para disminuir los tiempos de ejecuci\u00f3n de tareas, estimulando la coordinaci\u00f3n de todos los participantes durante la actividad. Liderazgo: Liderazgo y competitividad.Se trabajar\u00e1 el entrenamiento de competencias y actitud [&hellip;]<\/p>\n","protected":false},"author":1,"featured_media":0,"parent":0,"menu_order":0,"comment_status":"closed","ping_status":"closed","template":"","meta":{"footnotes":""},"class_list":["post-3855","page","type-page","status-publish","hentry"],"yoast_head":"<!-- This site is optimized with the Yoast SEO plugin v23.5 - https:\/\/yoast.com\/wordpress\/plugins\/seo\/ -->\n<title>IRRISARRI BUSINESS LAND - VisitNavarra<\/title>\n<meta name=\"robots\" content=\"index, follow, max-snippet:-1, max-image-preview:large, max-video-preview:-1\" \/>\n<link rel=\"canonical\" href=\"https:\/\/visitnavarra.info\/visitnavarra\/irrisarri-business-land\/\" \/>\n<meta property=\"og:locale\" content=\"es_ES\" \/>\n<meta property=\"og:type\" content=\"article\" \/>\n<meta property=\"og:title\" content=\"IRRISARRI BUSINESS LAND - VisitNavarra\" \/>\n<meta property=\"og:description\" content=\"[vc_row][vc_column width=&#8221;1\/1&#8243;][vc_column_text] IrriSarri Business Land es la divisi\u00f3n de IrriSarri Land destinada a ofrecer servicios de coach de team building o construcci\u00f3n de equipos a empresas, instituciones, etc. TEAMBUILDING Actividades orientadas a fomentar el trabajo en equipo, la cohesi\u00f3n entre los miembros y el rendimiento laboral. La construcci\u00f3n de equipos tiene dos objetivos claves: mejorar la productividad y aumentar la motivaci\u00f3n laboral. RED DE COLABORADORES COACH Red de colaboradores: 20 coaches han dise\u00f1ado diferentes m\u00f3dulos. Puedes elegir con qui\u00e9n quieres trabajar. BLOQUES DISE\u00d1ADOS\u00a0 9 bloques dise\u00f1ados seg\u00fan tem\u00e1tica: Comunicaci\u00f3n: Mejora de comunicaci\u00f3n en los equipos.Los equipos integrantes se estrenar\u00e1n en el uso de la escucha activa, la empat\u00eda, la asertividad y la comunicaci\u00f3n consciente. Todo ello conllevar\u00e1 a un acercamiento de las personas en el equipo, consiguiendo afrontar los conflictos desde el enfoque a la soluci\u00f3n. Productividad: Organizaci\u00f3n de la gesti\u00f3n del tiempo y productividad.Los miembros de la organizaci\u00f3n aprender\u00e1n a gestionar el tiempo de manera eficaz con el fin de mejorar la productividad del equipo. Para ello, se ofrecer\u00e1n herramientas para disminuir los tiempos de ejecuci\u00f3n de tareas, estimulando la coordinaci\u00f3n de todos los participantes durante la actividad. Liderazgo: Liderazgo y competitividad.Se trabajar\u00e1 el entrenamiento de competencias y actitud [&hellip;]\" \/>\n<meta property=\"og:url\" content=\"https:\/\/visitnavarra.info\/visitnavarra\/irrisarri-business-land\/\" \/>\n<meta property=\"og:site_name\" content=\"VisitNavarra\" \/>\n<meta property=\"article:modified_time\" content=\"2023-11-22T11:15:00+00:00\" \/>\n<meta property=\"og:image\" content=\"https:\/\/visitnavarra.info\/visitnavarra\/wp-content\/uploads\/2019\/05\/irisarri-250-mirador.jpg\" \/>\n<meta name=\"twitter:card\" content=\"summary_large_image\" \/>\n<meta name=\"twitter:label1\" content=\"Tiempo de lectura\" \/>\n\t<meta name=\"twitter:data1\" content=\"3 minutos\" \/>\n<script type=\"application\/ld+json\" class=\"yoast-schema-graph\">{\"@context\":\"https:\/\/schema.org\",\"@graph\":[{\"@type\":\"WebPage\",\"@id\":\"https:\/\/visitnavarra.info\/visitnavarra\/irrisarri-business-land\/\",\"url\":\"https:\/\/visitnavarra.info\/visitnavarra\/irrisarri-business-land\/\",\"name\":\"IRRISARRI BUSINESS LAND - VisitNavarra\",\"isPartOf\":{\"@id\":\"https:\/\/visitnavarra.info\/visitnavarra\/#website\"},\"primaryImageOfPage\":{\"@id\":\"https:\/\/visitnavarra.info\/visitnavarra\/irrisarri-business-land\/#primaryimage\"},\"image\":{\"@id\":\"https:\/\/visitnavarra.info\/visitnavarra\/irrisarri-business-land\/#primaryimage\"},\"thumbnailUrl\":\"https:\/\/visitnavarra.info\/visitnavarra\/wp-content\/uploads\/2019\/05\/irisarri-250-mirador.jpg\",\"datePublished\":\"2019-05-16T16:11:03+00:00\",\"dateModified\":\"2023-11-22T11:15:00+00:00\",\"breadcrumb\":{\"@id\":\"https:\/\/visitnavarra.info\/visitnavarra\/irrisarri-business-land\/#breadcrumb\"},\"inLanguage\":\"es\",\"potentialAction\":[{\"@type\":\"ReadAction\",\"target\":[\"https:\/\/visitnavarra.info\/visitnavarra\/irrisarri-business-land\/\"]}]},{\"@type\":\"ImageObject\",\"inLanguage\":\"es\",\"@id\":\"https:\/\/visitnavarra.info\/visitnavarra\/irrisarri-business-land\/#primaryimage\",\"url\":\"https:\/\/visitnavarra.info\/visitnavarra\/wp-content\/uploads\/2019\/05\/irisarri-250-mirador.jpg\",\"contentUrl\":\"https:\/\/visitnavarra.info\/visitnavarra\/wp-content\/uploads\/2019\/05\/irisarri-250-mirador.jpg\",\"width\":250,\"height\":250},{\"@type\":\"BreadcrumbList\",\"@id\":\"https:\/\/visitnavarra.info\/visitnavarra\/irrisarri-business-land\/#breadcrumb\",\"itemListElement\":[{\"@type\":\"ListItem\",\"position\":1,\"name\":\"Portada\",\"item\":\"https:\/\/visitnavarra.info\/visitnavarra\/\"},{\"@type\":\"ListItem\",\"position\":2,\"name\":\"IRRISARRI BUSINESS LAND\"}]},{\"@type\":\"WebSite\",\"@id\":\"https:\/\/visitnavarra.info\/visitnavarra\/#website\",\"url\":\"https:\/\/visitnavarra.info\/visitnavarra\/\",\"name\":\"VisitNavarra\",\"description\":\"Alojamiento y experiencias tur\u00edsticas en Navarra; qu\u00e9 visitar en Navarra; comer en Navarra\",\"potentialAction\":[{\"@type\":\"SearchAction\",\"target\":{\"@type\":\"EntryPoint\",\"urlTemplate\":\"https:\/\/visitnavarra.info\/visitnavarra\/?s={search_term_string}\"},\"query-input\":{\"@type\":\"PropertyValueSpecification\",\"valueRequired\":true,\"valueName\":\"search_term_string\"}}],\"inLanguage\":\"es\"}]}<\/script>\n<!-- \/ Yoast SEO plugin. -->","yoast_head_json":{"title":"IRRISARRI BUSINESS LAND - VisitNavarra","robots":{"index":"index","follow":"follow","max-snippet":"max-snippet:-1","max-image-preview":"max-image-preview:large","max-video-preview":"max-video-preview:-1"},"canonical":"https:\/\/visitnavarra.info\/visitnavarra\/irrisarri-business-land\/","og_locale":"es_ES","og_type":"article","og_title":"IRRISARRI BUSINESS LAND - VisitNavarra","og_description":"[vc_row][vc_column width=&#8221;1\/1&#8243;][vc_column_text] IrriSarri Business Land es la divisi\u00f3n de IrriSarri Land destinada a ofrecer servicios de coach de team building o construcci\u00f3n de equipos a empresas, instituciones, etc. TEAMBUILDING Actividades orientadas a fomentar el trabajo en equipo, la cohesi\u00f3n entre los miembros y el rendimiento laboral. La construcci\u00f3n de equipos tiene dos objetivos claves: mejorar la productividad y aumentar la motivaci\u00f3n laboral. RED DE COLABORADORES COACH Red de colaboradores: 20 coaches han dise\u00f1ado diferentes m\u00f3dulos. Puedes elegir con qui\u00e9n quieres trabajar. BLOQUES DISE\u00d1ADOS\u00a0 9 bloques dise\u00f1ados seg\u00fan tem\u00e1tica: Comunicaci\u00f3n: Mejora de comunicaci\u00f3n en los equipos.Los equipos integrantes se estrenar\u00e1n en el uso de la escucha activa, la empat\u00eda, la asertividad y la comunicaci\u00f3n consciente. Todo ello conllevar\u00e1 a un acercamiento de las personas en el equipo, consiguiendo afrontar los conflictos desde el enfoque a la soluci\u00f3n. Productividad: Organizaci\u00f3n de la gesti\u00f3n del tiempo y productividad.Los miembros de la organizaci\u00f3n aprender\u00e1n a gestionar el tiempo de manera eficaz con el fin de mejorar la productividad del equipo. Para ello, se ofrecer\u00e1n herramientas para disminuir los tiempos de ejecuci\u00f3n de tareas, estimulando la coordinaci\u00f3n de todos los participantes durante la actividad. Liderazgo: Liderazgo y competitividad.Se trabajar\u00e1 el entrenamiento de competencias y actitud [&hellip;]","og_url":"https:\/\/visitnavarra.info\/visitnavarra\/irrisarri-business-land\/","og_site_name":"VisitNavarra","article_modified_time":"2023-11-22T11:15:00+00:00","og_image":[{"url":"https:\/\/visitnavarra.info\/visitnavarra\/wp-content\/uploads\/2019\/05\/irisarri-250-mirador.jpg"}],"twitter_card":"summary_large_image","twitter_misc":{"Tiempo de lectura":"3 minutos"},"schema":{"@context":"https:\/\/schema.org","@graph":[{"@type":"WebPage","@id":"https:\/\/visitnavarra.info\/visitnavarra\/irrisarri-business-land\/","url":"https:\/\/visitnavarra.info\/visitnavarra\/irrisarri-business-land\/","name":"IRRISARRI BUSINESS LAND - VisitNavarra","isPartOf":{"@id":"https:\/\/visitnavarra.info\/visitnavarra\/#website"},"primaryImageOfPage":{"@id":"https:\/\/visitnavarra.info\/visitnavarra\/irrisarri-business-land\/#primaryimage"},"image":{"@id":"https:\/\/visitnavarra.info\/visitnavarra\/irrisarri-business-land\/#primaryimage"},"thumbnailUrl":"https:\/\/visitnavarra.info\/visitnavarra\/wp-content\/uploads\/2019\/05\/irisarri-250-mirador.jpg","datePublished":"2019-05-16T16:11:03+00:00","dateModified":"2023-11-22T11:15:00+00:00","breadcrumb":{"@id":"https:\/\/visitnavarra.info\/visitnavarra\/irrisarri-business-land\/#breadcrumb"},"inLanguage":"es","potentialAction":[{"@type":"ReadAction","target":["https:\/\/visitnavarra.info\/visitnavarra\/irrisarri-business-land\/"]}]},{"@type":"ImageObject","inLanguage":"es","@id":"https:\/\/visitnavarra.info\/visitnavarra\/irrisarri-business-land\/#primaryimage","url":"https:\/\/visitnavarra.info\/visitnavarra\/wp-content\/uploads\/2019\/05\/irisarri-250-mirador.jpg","contentUrl":"https:\/\/visitnavarra.info\/visitnavarra\/wp-content\/uploads\/2019\/05\/irisarri-250-mirador.jpg","width":250,"height":250},{"@type":"BreadcrumbList","@id":"https:\/\/visitnavarra.info\/visitnavarra\/irrisarri-business-land\/#breadcrumb","itemListElement":[{"@type":"ListItem","position":1,"name":"Portada","item":"https:\/\/visitnavarra.info\/visitnavarra\/"},{"@type":"ListItem","position":2,"name":"IRRISARRI BUSINESS LAND"}]},{"@type":"WebSite","@id":"https:\/\/visitnavarra.info\/visitnavarra\/#website","url":"https:\/\/visitnavarra.info\/visitnavarra\/","name":"VisitNavarra","description":"Alojamiento y experiencias tur\u00edsticas en Navarra; qu\u00e9 visitar en Navarra; comer en Navarra","potentialAction":[{"@type":"SearchAction","target":{"@type":"EntryPoint","urlTemplate":"https:\/\/visitnavarra.info\/visitnavarra\/?s={search_term_string}"},"query-input":{"@type":"PropertyValueSpecification","valueRequired":true,"valueName":"search_term_string"}}],"inLanguage":"es"}]}},"_links":{"self":[{"href":"https:\/\/visitnavarra.info\/visitnavarra\/wp-json\/wp\/v2\/pages\/3855","targetHints":{"allow":["GET"]}}],"collection":[{"href":"https:\/\/visitnavarra.info\/visitnavarra\/wp-json\/wp\/v2\/pages"}],"about":[{"href":"https:\/\/visitnavarra.info\/visitnavarra\/wp-json\/wp\/v2\/types\/page"}],"author":[{"embeddable":true,"href":"https:\/\/visitnavarra.info\/visitnavarra\/wp-json\/wp\/v2\/users\/1"}],"replies":[{"embeddable":true,"href":"https:\/\/visitnavarra.info\/visitnavarra\/wp-json\/wp\/v2\/comments?post=3855"}],"version-history":[{"count":9,"href":"https:\/\/visitnavarra.info\/visitnavarra\/wp-json\/wp\/v2\/pages\/3855\/revisions"}],"predecessor-version":[{"id":13189,"href":"https:\/\/visitnavarra.info\/visitnavarra\/wp-json\/wp\/v2\/pages\/3855\/revisions\/13189"}],"wp:attachment":[{"href":"https:\/\/visitnavarra.info\/visitnavarra\/wp-json\/wp\/v2\/media?parent=3855"}],"curies":[{"name":"wp","href":"https:\/\/api.w.org\/{rel}","templated":true}]}}