{"id":556,"date":"2019-01-17T18:55:40","date_gmt":"2019-01-17T18:55:40","guid":{"rendered":"http:\/\/desarrollo.visitnavarra.info\/?page_id=556"},"modified":"2020-01-03T09:18:09","modified_gmt":"2020-01-03T09:18:09","slug":"campings-navarra-en-familia","status":"publish","type":"page","link":"https:\/\/visitnavarra.info\/visitnavarra\/campings-navarra-en-familia\/","title":{"rendered":"EXPERIENCIAS FAMILIARES EN CAMPINGS NAVARRA"},"content":{"rendered":"<p>[vc_row][vc_column width=&#8221;1\/1&#8243;][vc_column_text]<strong><img loading=\"lazy\" decoding=\"async\" class=\"alignleft size-full wp-image-557\" src=\"http:\/\/desarrollo.visitnavarra.info\/wp-content\/uploads\/2019\/01\/campings.jpg\" alt=\"\" width=\"267\" height=\"187\" \/><\/strong><strong>EXPERIENCIAS FAMILIARES EN CAMPINGS DE NAVARRA<\/strong><\/p>\n<p>La Asociaci\u00f3n de Campings de Navarra, en casi la totalidad de sus 20 de los mejores campings de la regi\u00f3n, est\u00e1 comprometido con la conciliaci\u00f3n familiar y entiende que las vacaciones son para disfrutar toda la familia, por esto ofrecen m\u00faltiples modos de alojamiento: <strong>acampada &#8211; caravanas &#8211; bungalows &#8211; habitaciones dobles y m\u00faltiples.<\/strong><\/p>\n<p>&nbsp;<\/p>\n<p><strong>CON LA FAMILIA<\/strong><\/p>\n<p>Cada camping aprovecha al m\u00e1ximo los recursos naturales que ofrece su ubicaci\u00f3n, para que ning\u00fan visitante se pierda los espectaculares rincones de nuestra geograf\u00eda navarra y puedan disfrutalos con la amplia carta de actividades que ofrecen.<\/p>\n<p>&nbsp;<\/p>\n<p><strong>MULTIACTIVIDADES<\/strong><\/p>\n<p><strong>Deportes de aventura:<\/strong> descensos de barrancos y ca\u00f1ones, puenting y espeleolog\u00eda.<br \/>\n<strong>Monta\u00f1a y naturaleza:<\/strong> rutas guiadas, observaci\u00f3n de aves, traves\u00edas y ascensiones, rutas ecotur\u00edsticas, senderismo, rutas multiaventura, orientaci\u00f3n, BTT e interpretaci\u00f3n ornitol\u00f3gica.<br \/>\n<strong>Acu\u00e1ticas:<\/strong> canoas y pirag\u00fcismo.<br \/>\n<strong>Gastron\u00f3micas:<\/strong> visitas a queser\u00edas.<\/p>\n<p>&nbsp;<\/p>\n<p><strong>CAMPAMENTOS\/COLONIAS PARA NI\u00d1OS<\/strong><\/p>\n<p><strong>Durante los periodos vacacionales:<\/strong> Semana Santa 2019 (del 22 al 27 de abril). <strong>Precio por ni\u00f1o\/5 d\u00edas:<\/strong> desde 250\u20ac<\/p>\n<p><strong>Verano 2019:<\/strong> semanales entrada el domingo por la tarde y salida el s\u00e1bado por la tarde.<strong> Precio por ni\u00f1o\/semana:<\/strong> desde 275\u20ac<\/p>\n<p>Consulte opciones a trav\u00e9s del e-mail: <a href=\"mailto:lerelecampamentos@gmail.com\">lerelecampamentos@gmail.com<\/a><\/p>\n<p>&nbsp;<\/p>\n<p>[\/vc_column_text][\/vc_column][\/vc_row][vc_row][vc_column width=&#8221;1\/2&#8243;]<div class=\"single_image wpb_content_element align-right    \" data-animation=\"none\" data-delay=\"0\"><img loading=\"lazy\" decoding=\"async\" width=\"200\" height=\"214\" src=\"https:\/\/visitnavarra.info\/visitnavarra\/wp-content\/uploads\/2019\/01\/lerele.jpg\" class=\"attachment-full\" alt=\"\" \/><\/div>[\/vc_column][vc_column width=&#8221;1\/2&#8243;][vc_column_text]<strong>CONTACTO \/ RESERVAS<\/strong><br \/>\nEntidad \/ empresa: LERELE EXPERIENCIAS TUR\u00cdSTICAS<br \/>\nN\u00ba Registro Turismo: UETC0083<br \/>\nDirecci\u00f3n: c\/ Pedro I, n\u00ba 1, 1\u00ba &#8211; 31007 Pamplona (Navarra)<br \/>\nTel\u00e9fono: (+34) 684 457 112<br \/>\nContacto: Noelia Sampedro<br \/>\nMail: <a href=\"mailto:experienciasturisticas@lereletour.com\">experienciasturisticas@lereletour.com<\/a><br \/>\nHorario de atenci\u00f3n: Lunes-jueves 09:00-14:00 y 16:00-18:30 h. | Viernes 09:00-15:00 h.[\/vc_column_text][\/vc_column][\/vc_row]<\/p>\n","protected":false},"excerpt":{"rendered":"<p>[vc_row][vc_column width=&#8221;1\/1&#8243;][vc_column_text]EXPERIENCIAS FAMILIARES EN CAMPINGS DE NAVARRA La Asociaci\u00f3n de Campings de Navarra, en casi la totalidad de sus 20 de los mejores campings de la regi\u00f3n, est\u00e1 comprometido con la conciliaci\u00f3n familiar y entiende que las vacaciones son para disfrutar toda la familia, por esto ofrecen m\u00faltiples modos de alojamiento: acampada &#8211; caravanas &#8211; bungalows &#8211; habitaciones dobles y m\u00faltiples. &nbsp; CON LA FAMILIA Cada camping aprovecha al m\u00e1ximo los recursos naturales que ofrece su ubicaci\u00f3n, para que ning\u00fan visitante se pierda los espectaculares rincones de nuestra geograf\u00eda navarra y puedan disfrutalos con la amplia carta de actividades que ofrecen. &nbsp; MULTIACTIVIDADES Deportes de aventura: descensos de barrancos y ca\u00f1ones, puenting y espeleolog\u00eda. Monta\u00f1a y naturaleza: rutas guiadas, observaci\u00f3n de aves, traves\u00edas y ascensiones, rutas ecotur\u00edsticas, senderismo, rutas multiaventura, orientaci\u00f3n, BTT e interpretaci\u00f3n ornitol\u00f3gica. Acu\u00e1ticas: canoas y pirag\u00fcismo. Gastron\u00f3micas: visitas a queser\u00edas. &nbsp; CAMPAMENTOS\/COLONIAS PARA NI\u00d1OS Durante los periodos vacacionales: Semana Santa 2019 (del 22 al 27 de abril). Precio por ni\u00f1o\/5 d\u00edas: desde 250\u20ac Verano 2019: semanales entrada el domingo por la tarde y salida el s\u00e1bado por la tarde. Precio por ni\u00f1o\/semana: desde 275\u20ac Consulte opciones a trav\u00e9s del e-mail: lerelecampamentos@gmail.com &nbsp; [\/vc_column_text][\/vc_column][\/vc_row][vc_row][vc_column width=&#8221;1\/2&#8243;][\/vc_column][vc_column width=&#8221;1\/2&#8243;][vc_column_text]CONTACTO \/ RESERVAS [&hellip;]<\/p>\n","protected":false},"author":1,"featured_media":0,"parent":0,"menu_order":0,"comment_status":"closed","ping_status":"closed","template":"","meta":{"footnotes":""},"class_list":["post-556","page","type-page","status-publish","hentry"],"yoast_head":"<!-- This site is optimized with the Yoast SEO plugin v23.5 - https:\/\/yoast.com\/wordpress\/plugins\/seo\/ -->\n<title>EXPERIENCIAS FAMILIARES EN CAMPINGS NAVARRA - VisitNavarra<\/title>\n<meta name=\"robots\" content=\"index, follow, max-snippet:-1, max-image-preview:large, max-video-preview:-1\" \/>\n<link rel=\"canonical\" href=\"https:\/\/visitnavarra.info\/visitnavarra\/campings-navarra-en-familia\/\" \/>\n<meta property=\"og:locale\" content=\"es_ES\" \/>\n<meta property=\"og:type\" content=\"article\" \/>\n<meta property=\"og:title\" content=\"EXPERIENCIAS FAMILIARES EN CAMPINGS NAVARRA - VisitNavarra\" \/>\n<meta property=\"og:description\" content=\"[vc_row][vc_column width=&#8221;1\/1&#8243;][vc_column_text]EXPERIENCIAS FAMILIARES EN CAMPINGS DE NAVARRA La Asociaci\u00f3n de Campings de Navarra, en casi la totalidad de sus 20 de los mejores campings de la regi\u00f3n, est\u00e1 comprometido con la conciliaci\u00f3n familiar y entiende que las vacaciones son para disfrutar toda la familia, por esto ofrecen m\u00faltiples modos de alojamiento: acampada &#8211; caravanas &#8211; bungalows &#8211; habitaciones dobles y m\u00faltiples. &nbsp; CON LA FAMILIA Cada camping aprovecha al m\u00e1ximo los recursos naturales que ofrece su ubicaci\u00f3n, para que ning\u00fan visitante se pierda los espectaculares rincones de nuestra geograf\u00eda navarra y puedan disfrutalos con la amplia carta de actividades que ofrecen. &nbsp; MULTIACTIVIDADES Deportes de aventura: descensos de barrancos y ca\u00f1ones, puenting y espeleolog\u00eda. Monta\u00f1a y naturaleza: rutas guiadas, observaci\u00f3n de aves, traves\u00edas y ascensiones, rutas ecotur\u00edsticas, senderismo, rutas multiaventura, orientaci\u00f3n, BTT e interpretaci\u00f3n ornitol\u00f3gica. Acu\u00e1ticas: canoas y pirag\u00fcismo. Gastron\u00f3micas: visitas a queser\u00edas. &nbsp; CAMPAMENTOS\/COLONIAS PARA NI\u00d1OS Durante los periodos vacacionales: Semana Santa 2019 (del 22 al 27 de abril). Precio por ni\u00f1o\/5 d\u00edas: desde 250\u20ac Verano 2019: semanales entrada el domingo por la tarde y salida el s\u00e1bado por la tarde. Precio por ni\u00f1o\/semana: desde 275\u20ac Consulte opciones a trav\u00e9s del e-mail: lerelecampamentos@gmail.com &nbsp; [\/vc_column_text][\/vc_column][\/vc_row][vc_row][vc_column width=&#8221;1\/2&#8243;][\/vc_column][vc_column width=&#8221;1\/2&#8243;][vc_column_text]CONTACTO \/ RESERVAS [&hellip;]\" \/>\n<meta property=\"og:url\" content=\"https:\/\/visitnavarra.info\/visitnavarra\/campings-navarra-en-familia\/\" \/>\n<meta property=\"og:site_name\" content=\"VisitNavarra\" \/>\n<meta property=\"article:modified_time\" content=\"2020-01-03T09:18:09+00:00\" \/>\n<meta property=\"og:image\" content=\"http:\/\/desarrollo.visitnavarra.info\/wp-content\/uploads\/2019\/01\/campings.jpg\" \/>\n<meta name=\"twitter:card\" content=\"summary_large_image\" \/>\n<meta name=\"twitter:label1\" content=\"Tiempo de lectura\" \/>\n\t<meta name=\"twitter:data1\" content=\"2 minutos\" \/>\n<script type=\"application\/ld+json\" class=\"yoast-schema-graph\">{\"@context\":\"https:\/\/schema.org\",\"@graph\":[{\"@type\":\"WebPage\",\"@id\":\"https:\/\/visitnavarra.info\/visitnavarra\/campings-navarra-en-familia\/\",\"url\":\"https:\/\/visitnavarra.info\/visitnavarra\/campings-navarra-en-familia\/\",\"name\":\"EXPERIENCIAS FAMILIARES EN CAMPINGS NAVARRA - VisitNavarra\",\"isPartOf\":{\"@id\":\"https:\/\/visitnavarra.info\/visitnavarra\/#website\"},\"primaryImageOfPage\":{\"@id\":\"https:\/\/visitnavarra.info\/visitnavarra\/campings-navarra-en-familia\/#primaryimage\"},\"image\":{\"@id\":\"https:\/\/visitnavarra.info\/visitnavarra\/campings-navarra-en-familia\/#primaryimage\"},\"thumbnailUrl\":\"http:\/\/desarrollo.visitnavarra.info\/wp-content\/uploads\/2019\/01\/campings.jpg\",\"datePublished\":\"2019-01-17T18:55:40+00:00\",\"dateModified\":\"2020-01-03T09:18:09+00:00\",\"breadcrumb\":{\"@id\":\"https:\/\/visitnavarra.info\/visitnavarra\/campings-navarra-en-familia\/#breadcrumb\"},\"inLanguage\":\"es\",\"potentialAction\":[{\"@type\":\"ReadAction\",\"target\":[\"https:\/\/visitnavarra.info\/visitnavarra\/campings-navarra-en-familia\/\"]}]},{\"@type\":\"ImageObject\",\"inLanguage\":\"es\",\"@id\":\"https:\/\/visitnavarra.info\/visitnavarra\/campings-navarra-en-familia\/#primaryimage\",\"url\":\"http:\/\/desarrollo.visitnavarra.info\/wp-content\/uploads\/2019\/01\/campings.jpg\",\"contentUrl\":\"http:\/\/desarrollo.visitnavarra.info\/wp-content\/uploads\/2019\/01\/campings.jpg\"},{\"@type\":\"BreadcrumbList\",\"@id\":\"https:\/\/visitnavarra.info\/visitnavarra\/campings-navarra-en-familia\/#breadcrumb\",\"itemListElement\":[{\"@type\":\"ListItem\",\"position\":1,\"name\":\"Portada\",\"item\":\"https:\/\/visitnavarra.info\/visitnavarra\/\"},{\"@type\":\"ListItem\",\"position\":2,\"name\":\"EXPERIENCIAS FAMILIARES EN CAMPINGS NAVARRA\"}]},{\"@type\":\"WebSite\",\"@id\":\"https:\/\/visitnavarra.info\/visitnavarra\/#website\",\"url\":\"https:\/\/visitnavarra.info\/visitnavarra\/\",\"name\":\"VisitNavarra\",\"description\":\"Alojamiento y experiencias tur\u00edsticas en Navarra; qu\u00e9 visitar en Navarra; comer en Navarra\",\"potentialAction\":[{\"@type\":\"SearchAction\",\"target\":{\"@type\":\"EntryPoint\",\"urlTemplate\":\"https:\/\/visitnavarra.info\/visitnavarra\/?s={search_term_string}\"},\"query-input\":{\"@type\":\"PropertyValueSpecification\",\"valueRequired\":true,\"valueName\":\"search_term_string\"}}],\"inLanguage\":\"es\"}]}<\/script>\n<!-- \/ Yoast SEO plugin. -->","yoast_head_json":{"title":"EXPERIENCIAS FAMILIARES EN CAMPINGS NAVARRA - VisitNavarra","robots":{"index":"index","follow":"follow","max-snippet":"max-snippet:-1","max-image-preview":"max-image-preview:large","max-video-preview":"max-video-preview:-1"},"canonical":"https:\/\/visitnavarra.info\/visitnavarra\/campings-navarra-en-familia\/","og_locale":"es_ES","og_type":"article","og_title":"EXPERIENCIAS FAMILIARES EN CAMPINGS NAVARRA - VisitNavarra","og_description":"[vc_row][vc_column width=&#8221;1\/1&#8243;][vc_column_text]EXPERIENCIAS FAMILIARES EN CAMPINGS DE NAVARRA La Asociaci\u00f3n de Campings de Navarra, en casi la totalidad de sus 20 de los mejores campings de la regi\u00f3n, est\u00e1 comprometido con la conciliaci\u00f3n familiar y entiende que las vacaciones son para disfrutar toda la familia, por esto ofrecen m\u00faltiples modos de alojamiento: acampada &#8211; caravanas &#8211; bungalows &#8211; habitaciones dobles y m\u00faltiples. &nbsp; CON LA FAMILIA Cada camping aprovecha al m\u00e1ximo los recursos naturales que ofrece su ubicaci\u00f3n, para que ning\u00fan visitante se pierda los espectaculares rincones de nuestra geograf\u00eda navarra y puedan disfrutalos con la amplia carta de actividades que ofrecen. &nbsp; MULTIACTIVIDADES Deportes de aventura: descensos de barrancos y ca\u00f1ones, puenting y espeleolog\u00eda. Monta\u00f1a y naturaleza: rutas guiadas, observaci\u00f3n de aves, traves\u00edas y ascensiones, rutas ecotur\u00edsticas, senderismo, rutas multiaventura, orientaci\u00f3n, BTT e interpretaci\u00f3n ornitol\u00f3gica. Acu\u00e1ticas: canoas y pirag\u00fcismo. Gastron\u00f3micas: visitas a queser\u00edas. &nbsp; CAMPAMENTOS\/COLONIAS PARA NI\u00d1OS Durante los periodos vacacionales: Semana Santa 2019 (del 22 al 27 de abril). Precio por ni\u00f1o\/5 d\u00edas: desde 250\u20ac Verano 2019: semanales entrada el domingo por la tarde y salida el s\u00e1bado por la tarde. Precio por ni\u00f1o\/semana: desde 275\u20ac Consulte opciones a trav\u00e9s del e-mail: lerelecampamentos@gmail.com &nbsp; [\/vc_column_text][\/vc_column][\/vc_row][vc_row][vc_column width=&#8221;1\/2&#8243;][\/vc_column][vc_column width=&#8221;1\/2&#8243;][vc_column_text]CONTACTO \/ RESERVAS [&hellip;]","og_url":"https:\/\/visitnavarra.info\/visitnavarra\/campings-navarra-en-familia\/","og_site_name":"VisitNavarra","article_modified_time":"2020-01-03T09:18:09+00:00","og_image":[{"url":"http:\/\/desarrollo.visitnavarra.info\/wp-content\/uploads\/2019\/01\/campings.jpg"}],"twitter_card":"summary_large_image","twitter_misc":{"Tiempo de lectura":"2 minutos"},"schema":{"@context":"https:\/\/schema.org","@graph":[{"@type":"WebPage","@id":"https:\/\/visitnavarra.info\/visitnavarra\/campings-navarra-en-familia\/","url":"https:\/\/visitnavarra.info\/visitnavarra\/campings-navarra-en-familia\/","name":"EXPERIENCIAS FAMILIARES EN CAMPINGS NAVARRA - VisitNavarra","isPartOf":{"@id":"https:\/\/visitnavarra.info\/visitnavarra\/#website"},"primaryImageOfPage":{"@id":"https:\/\/visitnavarra.info\/visitnavarra\/campings-navarra-en-familia\/#primaryimage"},"image":{"@id":"https:\/\/visitnavarra.info\/visitnavarra\/campings-navarra-en-familia\/#primaryimage"},"thumbnailUrl":"http:\/\/desarrollo.visitnavarra.info\/wp-content\/uploads\/2019\/01\/campings.jpg","datePublished":"2019-01-17T18:55:40+00:00","dateModified":"2020-01-03T09:18:09+00:00","breadcrumb":{"@id":"https:\/\/visitnavarra.info\/visitnavarra\/campings-navarra-en-familia\/#breadcrumb"},"inLanguage":"es","potentialAction":[{"@type":"ReadAction","target":["https:\/\/visitnavarra.info\/visitnavarra\/campings-navarra-en-familia\/"]}]},{"@type":"ImageObject","inLanguage":"es","@id":"https:\/\/visitnavarra.info\/visitnavarra\/campings-navarra-en-familia\/#primaryimage","url":"http:\/\/desarrollo.visitnavarra.info\/wp-content\/uploads\/2019\/01\/campings.jpg","contentUrl":"http:\/\/desarrollo.visitnavarra.info\/wp-content\/uploads\/2019\/01\/campings.jpg"},{"@type":"BreadcrumbList","@id":"https:\/\/visitnavarra.info\/visitnavarra\/campings-navarra-en-familia\/#breadcrumb","itemListElement":[{"@type":"ListItem","position":1,"name":"Portada","item":"https:\/\/visitnavarra.info\/visitnavarra\/"},{"@type":"ListItem","position":2,"name":"EXPERIENCIAS FAMILIARES EN CAMPINGS NAVARRA"}]},{"@type":"WebSite","@id":"https:\/\/visitnavarra.info\/visitnavarra\/#website","url":"https:\/\/visitnavarra.info\/visitnavarra\/","name":"VisitNavarra","description":"Alojamiento y experiencias tur\u00edsticas en Navarra; qu\u00e9 visitar en Navarra; comer en Navarra","potentialAction":[{"@type":"SearchAction","target":{"@type":"EntryPoint","urlTemplate":"https:\/\/visitnavarra.info\/visitnavarra\/?s={search_term_string}"},"query-input":{"@type":"PropertyValueSpecification","valueRequired":true,"valueName":"search_term_string"}}],"inLanguage":"es"}]}},"_links":{"self":[{"href":"https:\/\/visitnavarra.info\/visitnavarra\/wp-json\/wp\/v2\/pages\/556","targetHints":{"allow":["GET"]}}],"collection":[{"href":"https:\/\/visitnavarra.info\/visitnavarra\/wp-json\/wp\/v2\/pages"}],"about":[{"href":"https:\/\/visitnavarra.info\/visitnavarra\/wp-json\/wp\/v2\/types\/page"}],"author":[{"embeddable":true,"href":"https:\/\/visitnavarra.info\/visitnavarra\/wp-json\/wp\/v2\/users\/1"}],"replies":[{"embeddable":true,"href":"https:\/\/visitnavarra.info\/visitnavarra\/wp-json\/wp\/v2\/comments?post=556"}],"version-history":[{"count":4,"href":"https:\/\/visitnavarra.info\/visitnavarra\/wp-json\/wp\/v2\/pages\/556\/revisions"}],"predecessor-version":[{"id":5696,"href":"https:\/\/visitnavarra.info\/visitnavarra\/wp-json\/wp\/v2\/pages\/556\/revisions\/5696"}],"wp:attachment":[{"href":"https:\/\/visitnavarra.info\/visitnavarra\/wp-json\/wp\/v2\/media?parent=556"}],"curies":[{"name":"wp","href":"https:\/\/api.w.org\/{rel}","templated":true}]}}