{"id":576,"date":"2019-01-17T19:12:45","date_gmt":"2019-01-17T19:12:45","guid":{"rendered":"http:\/\/desarrollo.visitnavarra.info\/?page_id=576"},"modified":"2020-01-03T09:19:31","modified_gmt":"2020-01-03T09:19:31","slug":"selva-irati","status":"publish","type":"page","link":"https:\/\/visitnavarra.info\/visitnavarra\/selva-irati\/","title":{"rendered":"SELVA IRATI \u00b7 VISITAS GUIADAS EN 4X4"},"content":{"rendered":"<p>[vc_row][vc_column width=&#8221;1\/1&#8243;][vc_column_text]<strong><img loading=\"lazy\" decoding=\"async\" class=\"alignleft size-medium wp-image-577\" src=\"http:\/\/desarrollo.visitnavarra.info\/wp-content\/uploads\/2019\/01\/AU\u00d1AK-Experiencia-4x4-300x225.png\" alt=\"\" width=\"300\" height=\"225\" srcset=\"https:\/\/visitnavarra.info\/visitnavarra\/wp-content\/uploads\/2019\/01\/AU\u00d1AK-Experiencia-4x4-300x225.png 300w, https:\/\/visitnavarra.info\/visitnavarra\/wp-content\/uploads\/2019\/01\/AU\u00d1AK-Experiencia-4x4.png 636w\" sizes=\"auto, (max-width: 300px) 100vw, 300px\" \/>SELVA DE IRATI: VISITAS GUIADAS EN 4X4<\/strong><\/p>\n<p>Descubra, en pocas horas, la inmensidad de la Selva de Irati.<br \/>\nLe mostraremos, adem\u00e1s de los impresionantes bosques, c\u00f3mo el ser humano ha ido modelando poco a poco el paisaje, a trav\u00e9s de la actividad ganadera y forestal.<\/p>\n<p>La Real F\u00e1brica de Armas de Orbaitzeta, las guerras, la frontera, el contrabando, los cromlechs, la torre de Urkulu, los h\u00f3rreos de Aezkoa&#8230;<\/p>\n<p><strong>Salidas:<\/strong> desde Garralda, junto a la torre de la iglesia, todos los d\u00edas, por la ma\u00f1ana o por la tarde, previa reserva y disponibilidad.<br \/>\nPosibilidad de traslados o recogidas con nuestro taxi (8 plazas) desde cualquier lugar.<\/p>\n<p><strong>PRECIO:<\/strong> 4 pax (220\u20ac)<br \/>\nOtro n\u00famero de personas: consultar<\/p>\n<p>&nbsp;<\/p>\n<p>[\/vc_column_text][\/vc_column][\/vc_row][vc_row][vc_column width=&#8221;1\/2&#8243;]<div class=\"single_image wpb_content_element align-right    \" data-animation=\"none\" data-delay=\"0\"><img loading=\"lazy\" decoding=\"async\" width=\"200\" height=\"214\" src=\"https:\/\/visitnavarra.info\/visitnavarra\/wp-content\/uploads\/2019\/01\/logo-aunak.jpg\" class=\"attachment-full\" alt=\"\" \/><\/div>[\/vc_column][vc_column width=&#8221;1\/2&#8243;][vc_column_text]<strong>CONTACTO \/ RESERVAS<\/strong><br \/>\nEntidad \/ empresa: AU\u00d1AK SERVICIOS TUR\u00cdSTICOS<br \/>\nN\u00ba Registro Turismo: ETC0002<br \/>\nDirecci\u00f3n: Garralda 31693 (Navarra)<br \/>\nTel\u00e9fono: (+34) 609 411 449<br \/>\nMail: <a href=\"mailto:excursiones@aunak.es\">excursiones@aunak.es<\/a><br \/>\nWeb: <a href=\"http:\/\/www.aunak.es\">www.aunak.es<\/a>[\/vc_column_text][\/vc_column][\/vc_row]<\/p>\n","protected":false},"excerpt":{"rendered":"<p>[vc_row][vc_column width=&#8221;1\/1&#8243;][vc_column_text]SELVA DE IRATI: VISITAS GUIADAS EN 4X4 Descubra, en pocas horas, la inmensidad de la Selva de Irati. Le mostraremos, adem\u00e1s de los impresionantes bosques, c\u00f3mo el ser humano ha ido modelando poco a poco el paisaje, a trav\u00e9s de la actividad ganadera y forestal. La Real F\u00e1brica de Armas de Orbaitzeta, las guerras, la frontera, el contrabando, los cromlechs, la torre de Urkulu, los h\u00f3rreos de Aezkoa&#8230; Salidas: desde Garralda, junto a la torre de la iglesia, todos los d\u00edas, por la ma\u00f1ana o por la tarde, previa reserva y disponibilidad. Posibilidad de traslados o recogidas con nuestro taxi (8 plazas) desde cualquier lugar. PRECIO: 4 pax (220\u20ac) Otro n\u00famero de personas: consultar &nbsp; [\/vc_column_text][\/vc_column][\/vc_row][vc_row][vc_column width=&#8221;1\/2&#8243;][\/vc_column][vc_column width=&#8221;1\/2&#8243;][vc_column_text]CONTACTO \/ RESERVAS Entidad \/ empresa: AU\u00d1AK SERVICIOS TUR\u00cdSTICOS N\u00ba Registro Turismo: ETC0002 Direcci\u00f3n: Garralda 31693 (Navarra) Tel\u00e9fono: (+34) 609 411 449 Mail: excursiones@aunak.es Web: www.aunak.es[\/vc_column_text][\/vc_column][\/vc_row]<\/p>\n","protected":false},"author":1,"featured_media":0,"parent":0,"menu_order":0,"comment_status":"closed","ping_status":"closed","template":"","meta":{"footnotes":""},"class_list":["post-576","page","type-page","status-publish","hentry"],"yoast_head":"<!-- This site is optimized with the Yoast SEO plugin v23.5 - https:\/\/yoast.com\/wordpress\/plugins\/seo\/ -->\n<title>SELVA IRATI \u00b7 VISITAS GUIADAS EN 4X4 - VisitNavarra<\/title>\n<meta name=\"description\" content=\"Selva de Irati visitas guiadas en 4x4. Descubra en pocas horas la inmensidad de la Selva de Irati. Le mostraremos los impresionantes bosques.\" \/>\n<meta name=\"robots\" content=\"index, follow, max-snippet:-1, max-image-preview:large, max-video-preview:-1\" \/>\n<link rel=\"canonical\" href=\"https:\/\/visitnavarra.info\/visitnavarra\/selva-irati\/\" \/>\n<meta property=\"og:locale\" content=\"es_ES\" \/>\n<meta property=\"og:type\" content=\"article\" \/>\n<meta property=\"og:title\" content=\"SELVA IRATI \u00b7 VISITAS GUIADAS EN 4X4 - VisitNavarra\" \/>\n<meta property=\"og:description\" content=\"Selva de Irati visitas guiadas en 4x4. Descubra en pocas horas la inmensidad de la Selva de Irati. Le mostraremos los impresionantes bosques.\" \/>\n<meta property=\"og:url\" content=\"https:\/\/visitnavarra.info\/visitnavarra\/selva-irati\/\" \/>\n<meta property=\"og:site_name\" content=\"VisitNavarra\" \/>\n<meta property=\"article:modified_time\" content=\"2020-01-03T09:19:31+00:00\" \/>\n<meta name=\"twitter:card\" content=\"summary_large_image\" \/>\n<meta name=\"twitter:label1\" content=\"Tiempo de lectura\" \/>\n\t<meta name=\"twitter:data1\" content=\"1 minuto\" \/>\n<script type=\"application\/ld+json\" class=\"yoast-schema-graph\">{\"@context\":\"https:\/\/schema.org\",\"@graph\":[{\"@type\":\"WebPage\",\"@id\":\"https:\/\/visitnavarra.info\/visitnavarra\/selva-irati\/\",\"url\":\"https:\/\/visitnavarra.info\/visitnavarra\/selva-irati\/\",\"name\":\"SELVA IRATI \u00b7 VISITAS GUIADAS EN 4X4 - VisitNavarra\",\"isPartOf\":{\"@id\":\"https:\/\/visitnavarra.info\/visitnavarra\/#website\"},\"datePublished\":\"2019-01-17T19:12:45+00:00\",\"dateModified\":\"2020-01-03T09:19:31+00:00\",\"description\":\"Selva de Irati visitas guiadas en 4x4. Descubra en pocas horas la inmensidad de la Selva de Irati. Le mostraremos los impresionantes bosques.\",\"breadcrumb\":{\"@id\":\"https:\/\/visitnavarra.info\/visitnavarra\/selva-irati\/#breadcrumb\"},\"inLanguage\":\"es\",\"potentialAction\":[{\"@type\":\"ReadAction\",\"target\":[\"https:\/\/visitnavarra.info\/visitnavarra\/selva-irati\/\"]}]},{\"@type\":\"BreadcrumbList\",\"@id\":\"https:\/\/visitnavarra.info\/visitnavarra\/selva-irati\/#breadcrumb\",\"itemListElement\":[{\"@type\":\"ListItem\",\"position\":1,\"name\":\"Portada\",\"item\":\"https:\/\/visitnavarra.info\/visitnavarra\/\"},{\"@type\":\"ListItem\",\"position\":2,\"name\":\"SELVA IRATI \u00b7 VISITAS GUIADAS EN 4X4\"}]},{\"@type\":\"WebSite\",\"@id\":\"https:\/\/visitnavarra.info\/visitnavarra\/#website\",\"url\":\"https:\/\/visitnavarra.info\/visitnavarra\/\",\"name\":\"VisitNavarra\",\"description\":\"Alojamiento y experiencias tur\u00edsticas en Navarra; qu\u00e9 visitar en Navarra; comer en Navarra\",\"potentialAction\":[{\"@type\":\"SearchAction\",\"target\":{\"@type\":\"EntryPoint\",\"urlTemplate\":\"https:\/\/visitnavarra.info\/visitnavarra\/?s={search_term_string}\"},\"query-input\":{\"@type\":\"PropertyValueSpecification\",\"valueRequired\":true,\"valueName\":\"search_term_string\"}}],\"inLanguage\":\"es\"}]}<\/script>\n<!-- \/ Yoast SEO plugin. -->","yoast_head_json":{"title":"SELVA IRATI \u00b7 VISITAS GUIADAS EN 4X4 - VisitNavarra","description":"Selva de Irati visitas guiadas en 4x4. Descubra en pocas horas la inmensidad de la Selva de Irati. Le mostraremos los impresionantes bosques.","robots":{"index":"index","follow":"follow","max-snippet":"max-snippet:-1","max-image-preview":"max-image-preview:large","max-video-preview":"max-video-preview:-1"},"canonical":"https:\/\/visitnavarra.info\/visitnavarra\/selva-irati\/","og_locale":"es_ES","og_type":"article","og_title":"SELVA IRATI \u00b7 VISITAS GUIADAS EN 4X4 - VisitNavarra","og_description":"Selva de Irati visitas guiadas en 4x4. Descubra en pocas horas la inmensidad de la Selva de Irati. Le mostraremos los impresionantes bosques.","og_url":"https:\/\/visitnavarra.info\/visitnavarra\/selva-irati\/","og_site_name":"VisitNavarra","article_modified_time":"2020-01-03T09:19:31+00:00","twitter_card":"summary_large_image","twitter_misc":{"Tiempo de lectura":"1 minuto"},"schema":{"@context":"https:\/\/schema.org","@graph":[{"@type":"WebPage","@id":"https:\/\/visitnavarra.info\/visitnavarra\/selva-irati\/","url":"https:\/\/visitnavarra.info\/visitnavarra\/selva-irati\/","name":"SELVA IRATI \u00b7 VISITAS GUIADAS EN 4X4 - VisitNavarra","isPartOf":{"@id":"https:\/\/visitnavarra.info\/visitnavarra\/#website"},"datePublished":"2019-01-17T19:12:45+00:00","dateModified":"2020-01-03T09:19:31+00:00","description":"Selva de Irati visitas guiadas en 4x4. Descubra en pocas horas la inmensidad de la Selva de Irati. Le mostraremos los impresionantes bosques.","breadcrumb":{"@id":"https:\/\/visitnavarra.info\/visitnavarra\/selva-irati\/#breadcrumb"},"inLanguage":"es","potentialAction":[{"@type":"ReadAction","target":["https:\/\/visitnavarra.info\/visitnavarra\/selva-irati\/"]}]},{"@type":"BreadcrumbList","@id":"https:\/\/visitnavarra.info\/visitnavarra\/selva-irati\/#breadcrumb","itemListElement":[{"@type":"ListItem","position":1,"name":"Portada","item":"https:\/\/visitnavarra.info\/visitnavarra\/"},{"@type":"ListItem","position":2,"name":"SELVA IRATI \u00b7 VISITAS GUIADAS EN 4X4"}]},{"@type":"WebSite","@id":"https:\/\/visitnavarra.info\/visitnavarra\/#website","url":"https:\/\/visitnavarra.info\/visitnavarra\/","name":"VisitNavarra","description":"Alojamiento y experiencias tur\u00edsticas en Navarra; qu\u00e9 visitar en Navarra; comer en Navarra","potentialAction":[{"@type":"SearchAction","target":{"@type":"EntryPoint","urlTemplate":"https:\/\/visitnavarra.info\/visitnavarra\/?s={search_term_string}"},"query-input":{"@type":"PropertyValueSpecification","valueRequired":true,"valueName":"search_term_string"}}],"inLanguage":"es"}]}},"_links":{"self":[{"href":"https:\/\/visitnavarra.info\/visitnavarra\/wp-json\/wp\/v2\/pages\/576","targetHints":{"allow":["GET"]}}],"collection":[{"href":"https:\/\/visitnavarra.info\/visitnavarra\/wp-json\/wp\/v2\/pages"}],"about":[{"href":"https:\/\/visitnavarra.info\/visitnavarra\/wp-json\/wp\/v2\/types\/page"}],"author":[{"embeddable":true,"href":"https:\/\/visitnavarra.info\/visitnavarra\/wp-json\/wp\/v2\/users\/1"}],"replies":[{"embeddable":true,"href":"https:\/\/visitnavarra.info\/visitnavarra\/wp-json\/wp\/v2\/comments?post=576"}],"version-history":[{"count":4,"href":"https:\/\/visitnavarra.info\/visitnavarra\/wp-json\/wp\/v2\/pages\/576\/revisions"}],"predecessor-version":[{"id":5700,"href":"https:\/\/visitnavarra.info\/visitnavarra\/wp-json\/wp\/v2\/pages\/576\/revisions\/5700"}],"wp:attachment":[{"href":"https:\/\/visitnavarra.info\/visitnavarra\/wp-json\/wp\/v2\/media?parent=576"}],"curies":[{"name":"wp","href":"https:\/\/api.w.org\/{rel}","templated":true}]}}