{"id":622,"date":"2019-01-18T09:23:35","date_gmt":"2019-01-18T09:23:35","guid":{"rendered":"http:\/\/desarrollo.visitnavarra.info\/?page_id=622"},"modified":"2020-11-24T12:01:08","modified_gmt":"2020-11-24T12:01:08","slug":"fitero-balnearios","status":"publish","type":"page","link":"https:\/\/visitnavarra.info\/visitnavarra\/fitero-balnearios\/","title":{"rendered":"Balneario Fitero | Balnearios &#038; Spa"},"content":{"rendered":"<p>[vc_row][vc_column width=&#8221;1\/1&#8243;][vc_column_text]<strong>RECORRIDO TERMAL FITERO<\/strong><\/p>\n<p><strong>PAQUETES<\/strong><\/p>\n<p><em> <img loading=\"lazy\" decoding=\"async\" class=\"alignleft size-medium wp-image-623\" src=\"http:\/\/desarrollo.visitnavarra.info\/wp-content\/uploads\/2019\/01\/fotografias-fitero-balneario-300x274.jpg\" alt=\"\" width=\"300\" height=\"274\" srcset=\"https:\/\/visitnavarra.info\/visitnavarra\/wp-content\/uploads\/2019\/01\/fotografias-fitero-balneario-300x274.jpg 300w, https:\/\/visitnavarra.info\/visitnavarra\/wp-content\/uploads\/2019\/01\/fotografias-fitero-balneario.jpg 693w\" sizes=\"auto, (max-width: 300px) 100vw, 300px\" \/>De la profundidad de la tierra, afloran dos manantiales que dan vida a una de las estaciones termales m\u00e1s importantes de Europa. Las excelentes cualidades terap\u00e9uticas de sus aguas, que emergen a la superficie a una temperatura superior a 50\u00ba C, est\u00e1n especialmente indicadas para enfermedades reumatol\u00f3gicas, respiratorias y rehabilitaciones.<\/em><\/p>\n<p>&nbsp;<\/p>\n<p><strong>PAQUETE CL\u00c1SICO<\/strong><\/p>\n<ul>\n<li>Estancia de 3 noches en r\u00e9gimen de media pensi\u00f3n<\/li>\n<li>1 ba\u00f1o general con chorro de presi\u00f3n y masaje subacu\u00e1tico<\/li>\n<li>1 sauna en gruta de piedra natural<\/li>\n<li>1 circuito en piscina hidrotermal de \u00bd h. de chorros subacu\u00e1ticos y en cascada y camas de burbujas<\/li>\n<li>Libre acceso en piscina hidrotermal exterior a 34\u00baC<br \/>\n<strong>PRECIO<\/strong>: desde: 183\u20ac \/ persona<\/li>\n<\/ul>\n<p>&nbsp;<\/p>\n<p><strong>ESPECIAL MAYORES DE 55 A\u00d1OS<\/strong><\/p>\n<ul>\n<li>Estancia de 5 noches (de domingo a jueves incluidos) en r\u00e9gimen de pensi\u00f3n completa<\/li>\n<li>Valoraci\u00f3n y seguimiento consulta m\u00e9dica del Balneario<\/li>\n<li>Circuito en piscina hidrotermal de \u00bd h. de chorros subacu\u00e1ticos y en cascada y camas de burbujas<\/li>\n<li>Libre acceso en piscina hidrotermal exterior a 34\u00baC<br \/>\n<strong>PRECIO<\/strong>: desde: 333\u20ac \/ persona<\/li>\n<\/ul>\n<p>&nbsp;<\/p>\n<ul>\n<li>Escuela de espalda<\/li>\n<li>De recuperaci\u00f3n<\/li>\n<li>Piernas pesadas<\/li>\n<li>Terap\u00e9utico de v\u00edas a\u00e9reas<\/li>\n<\/ul>\n<p>[\/vc_column_text][\/vc_column][\/vc_row][vc_row][vc_column width=&#8221;1\/2&#8243;]<div class=\"single_image wpb_content_element align-right    \" data-animation=\"none\" data-delay=\"0\"><img loading=\"lazy\" decoding=\"async\" width=\"200\" height=\"214\" src=\"https:\/\/visitnavarra.info\/visitnavarra\/wp-content\/uploads\/2019\/01\/logo-fitero.jpg\" class=\"attachment-full\" alt=\"\" \/><\/div>[\/vc_column][vc_column width=&#8221;1\/2&#8243;][vc_column_text]<strong>CONTACTO \/ RESERVAS<\/strong><br \/>\nEntidad \/ empresa: BALNEARIO TERMAL FITERO<br \/>\nN\u00ba Registro Turismo: UH000008 (B. Gustavo Adolfo B\u00e9cquer) &#8211; UH000079 (B. Virrey Palafox)<br \/>\nDirecci\u00f3n: c\/ Extramuros, s\/n &#8211; 31593 Fitero (Navarra)<br \/>\nTel\u00e9fono: (+34) 948 776 100<br \/>\nMail: <a href=\"mailto:info@balneariodefitero.es\">info@balneariodefitero.es<\/a><br \/>\nWeb: <a href=\"http:\/\/www.balneariodefitero.es\">www.balneariodefitero.es<\/a>[\/vc_column_text][\/vc_column][\/vc_row]<\/p>\n","protected":false},"excerpt":{"rendered":"<p>[vc_row][vc_column width=&#8221;1\/1&#8243;][vc_column_text]RECORRIDO TERMAL FITERO PAQUETES De la profundidad de la tierra, afloran dos manantiales que dan vida a una de las estaciones termales m\u00e1s importantes de Europa. Las excelentes cualidades terap\u00e9uticas de sus aguas, que emergen a la superficie a una temperatura superior a 50\u00ba C, est\u00e1n especialmente indicadas para enfermedades reumatol\u00f3gicas, respiratorias y rehabilitaciones. &nbsp; PAQUETE CL\u00c1SICO Estancia de 3 noches en r\u00e9gimen de media pensi\u00f3n 1 ba\u00f1o general con chorro de presi\u00f3n y masaje subacu\u00e1tico 1 sauna en gruta de piedra natural 1 circuito en piscina hidrotermal de \u00bd h. de chorros subacu\u00e1ticos y en cascada y camas de burbujas Libre acceso en piscina hidrotermal exterior a 34\u00baC PRECIO: desde: 183\u20ac \/ persona &nbsp; ESPECIAL MAYORES DE 55 A\u00d1OS Estancia de 5 noches (de domingo a jueves incluidos) en r\u00e9gimen de pensi\u00f3n completa Valoraci\u00f3n y seguimiento consulta m\u00e9dica del Balneario Circuito en piscina hidrotermal de \u00bd h. de chorros subacu\u00e1ticos y en cascada y camas de burbujas Libre acceso en piscina hidrotermal exterior a 34\u00baC PRECIO: desde: 333\u20ac \/ persona &nbsp; Escuela de espalda De recuperaci\u00f3n Piernas pesadas Terap\u00e9utico de v\u00edas a\u00e9reas [\/vc_column_text][\/vc_column][\/vc_row][vc_row][vc_column width=&#8221;1\/2&#8243;][\/vc_column][vc_column width=&#8221;1\/2&#8243;][vc_column_text]CONTACTO \/ RESERVAS Entidad \/ empresa: BALNEARIO TERMAL FITERO N\u00ba Registro Turismo: UH000008 (B. [&hellip;]<\/p>\n","protected":false},"author":1,"featured_media":0,"parent":0,"menu_order":0,"comment_status":"closed","ping_status":"closed","template":"","meta":{"footnotes":""},"class_list":["post-622","page","type-page","status-publish","hentry"],"yoast_head":"<!-- This site is optimized with the Yoast SEO plugin v23.5 - https:\/\/yoast.com\/wordpress\/plugins\/seo\/ -->\n<title>Balneario de Fitero Balneario Fitero | Balnearios &amp; Spa - VisitNavarra<\/title>\n<meta name=\"description\" content=\"De la profundidad de la tierra, afloran dos manantiales que dan vida a una de las estaciones termales m\u00e1s importantes de Europa.\" \/>\n<meta name=\"robots\" content=\"index, follow, max-snippet:-1, max-image-preview:large, max-video-preview:-1\" \/>\n<link rel=\"canonical\" href=\"https:\/\/visitnavarra.info\/visitnavarra\/fitero-balnearios\/\" \/>\n<meta property=\"og:locale\" content=\"es_ES\" \/>\n<meta property=\"og:type\" content=\"article\" \/>\n<meta property=\"og:title\" content=\"Balneario de Fitero Balneario Fitero | Balnearios &amp; Spa - VisitNavarra\" \/>\n<meta property=\"og:description\" content=\"De la profundidad de la tierra, afloran dos manantiales que dan vida a una de las estaciones termales m\u00e1s importantes de Europa.\" \/>\n<meta property=\"og:url\" content=\"https:\/\/visitnavarra.info\/visitnavarra\/fitero-balnearios\/\" \/>\n<meta property=\"og:site_name\" content=\"VisitNavarra\" \/>\n<meta property=\"article:modified_time\" content=\"2020-11-24T12:01:08+00:00\" \/>\n<meta property=\"og:image\" content=\"http:\/\/desarrollo.visitnavarra.info\/wp-content\/uploads\/2019\/01\/fotografias-fitero-balneario-300x274.jpg\" \/>\n<meta name=\"twitter:card\" content=\"summary_large_image\" \/>\n<meta name=\"twitter:label1\" content=\"Tiempo de lectura\" \/>\n\t<meta name=\"twitter:data1\" content=\"1 minuto\" \/>\n<script type=\"application\/ld+json\" class=\"yoast-schema-graph\">{\"@context\":\"https:\/\/schema.org\",\"@graph\":[{\"@type\":\"WebPage\",\"@id\":\"https:\/\/visitnavarra.info\/visitnavarra\/fitero-balnearios\/\",\"url\":\"https:\/\/visitnavarra.info\/visitnavarra\/fitero-balnearios\/\",\"name\":\"Balneario de Fitero Balneario Fitero | Balnearios & Spa - VisitNavarra\",\"isPartOf\":{\"@id\":\"https:\/\/visitnavarra.info\/visitnavarra\/#website\"},\"primaryImageOfPage\":{\"@id\":\"https:\/\/visitnavarra.info\/visitnavarra\/fitero-balnearios\/#primaryimage\"},\"image\":{\"@id\":\"https:\/\/visitnavarra.info\/visitnavarra\/fitero-balnearios\/#primaryimage\"},\"thumbnailUrl\":\"http:\/\/desarrollo.visitnavarra.info\/wp-content\/uploads\/2019\/01\/fotografias-fitero-balneario-300x274.jpg\",\"datePublished\":\"2019-01-18T09:23:35+00:00\",\"dateModified\":\"2020-11-24T12:01:08+00:00\",\"description\":\"De la profundidad de la tierra, afloran dos manantiales que dan vida a una de las estaciones termales m\u00e1s importantes de Europa.\",\"breadcrumb\":{\"@id\":\"https:\/\/visitnavarra.info\/visitnavarra\/fitero-balnearios\/#breadcrumb\"},\"inLanguage\":\"es\",\"potentialAction\":[{\"@type\":\"ReadAction\",\"target\":[\"https:\/\/visitnavarra.info\/visitnavarra\/fitero-balnearios\/\"]}]},{\"@type\":\"ImageObject\",\"inLanguage\":\"es\",\"@id\":\"https:\/\/visitnavarra.info\/visitnavarra\/fitero-balnearios\/#primaryimage\",\"url\":\"http:\/\/desarrollo.visitnavarra.info\/wp-content\/uploads\/2019\/01\/fotografias-fitero-balneario-300x274.jpg\",\"contentUrl\":\"http:\/\/desarrollo.visitnavarra.info\/wp-content\/uploads\/2019\/01\/fotografias-fitero-balneario-300x274.jpg\"},{\"@type\":\"BreadcrumbList\",\"@id\":\"https:\/\/visitnavarra.info\/visitnavarra\/fitero-balnearios\/#breadcrumb\",\"itemListElement\":[{\"@type\":\"ListItem\",\"position\":1,\"name\":\"Portada\",\"item\":\"https:\/\/visitnavarra.info\/visitnavarra\/\"},{\"@type\":\"ListItem\",\"position\":2,\"name\":\"Balneario Fitero | Balnearios &#038; Spa\"}]},{\"@type\":\"WebSite\",\"@id\":\"https:\/\/visitnavarra.info\/visitnavarra\/#website\",\"url\":\"https:\/\/visitnavarra.info\/visitnavarra\/\",\"name\":\"VisitNavarra\",\"description\":\"Alojamiento y experiencias tur\u00edsticas en Navarra; qu\u00e9 visitar en Navarra; comer en Navarra\",\"potentialAction\":[{\"@type\":\"SearchAction\",\"target\":{\"@type\":\"EntryPoint\",\"urlTemplate\":\"https:\/\/visitnavarra.info\/visitnavarra\/?s={search_term_string}\"},\"query-input\":{\"@type\":\"PropertyValueSpecification\",\"valueRequired\":true,\"valueName\":\"search_term_string\"}}],\"inLanguage\":\"es\"}]}<\/script>\n<!-- \/ Yoast SEO plugin. -->","yoast_head_json":{"title":"Balneario de Fitero Balneario Fitero | Balnearios & Spa - VisitNavarra","description":"De la profundidad de la tierra, afloran dos manantiales que dan vida a una de las estaciones termales m\u00e1s importantes de Europa.","robots":{"index":"index","follow":"follow","max-snippet":"max-snippet:-1","max-image-preview":"max-image-preview:large","max-video-preview":"max-video-preview:-1"},"canonical":"https:\/\/visitnavarra.info\/visitnavarra\/fitero-balnearios\/","og_locale":"es_ES","og_type":"article","og_title":"Balneario de Fitero Balneario Fitero | Balnearios & Spa - VisitNavarra","og_description":"De la profundidad de la tierra, afloran dos manantiales que dan vida a una de las estaciones termales m\u00e1s importantes de Europa.","og_url":"https:\/\/visitnavarra.info\/visitnavarra\/fitero-balnearios\/","og_site_name":"VisitNavarra","article_modified_time":"2020-11-24T12:01:08+00:00","og_image":[{"url":"http:\/\/desarrollo.visitnavarra.info\/wp-content\/uploads\/2019\/01\/fotografias-fitero-balneario-300x274.jpg"}],"twitter_card":"summary_large_image","twitter_misc":{"Tiempo de lectura":"1 minuto"},"schema":{"@context":"https:\/\/schema.org","@graph":[{"@type":"WebPage","@id":"https:\/\/visitnavarra.info\/visitnavarra\/fitero-balnearios\/","url":"https:\/\/visitnavarra.info\/visitnavarra\/fitero-balnearios\/","name":"Balneario de Fitero Balneario Fitero | Balnearios & Spa - VisitNavarra","isPartOf":{"@id":"https:\/\/visitnavarra.info\/visitnavarra\/#website"},"primaryImageOfPage":{"@id":"https:\/\/visitnavarra.info\/visitnavarra\/fitero-balnearios\/#primaryimage"},"image":{"@id":"https:\/\/visitnavarra.info\/visitnavarra\/fitero-balnearios\/#primaryimage"},"thumbnailUrl":"http:\/\/desarrollo.visitnavarra.info\/wp-content\/uploads\/2019\/01\/fotografias-fitero-balneario-300x274.jpg","datePublished":"2019-01-18T09:23:35+00:00","dateModified":"2020-11-24T12:01:08+00:00","description":"De la profundidad de la tierra, afloran dos manantiales que dan vida a una de las estaciones termales m\u00e1s importantes de Europa.","breadcrumb":{"@id":"https:\/\/visitnavarra.info\/visitnavarra\/fitero-balnearios\/#breadcrumb"},"inLanguage":"es","potentialAction":[{"@type":"ReadAction","target":["https:\/\/visitnavarra.info\/visitnavarra\/fitero-balnearios\/"]}]},{"@type":"ImageObject","inLanguage":"es","@id":"https:\/\/visitnavarra.info\/visitnavarra\/fitero-balnearios\/#primaryimage","url":"http:\/\/desarrollo.visitnavarra.info\/wp-content\/uploads\/2019\/01\/fotografias-fitero-balneario-300x274.jpg","contentUrl":"http:\/\/desarrollo.visitnavarra.info\/wp-content\/uploads\/2019\/01\/fotografias-fitero-balneario-300x274.jpg"},{"@type":"BreadcrumbList","@id":"https:\/\/visitnavarra.info\/visitnavarra\/fitero-balnearios\/#breadcrumb","itemListElement":[{"@type":"ListItem","position":1,"name":"Portada","item":"https:\/\/visitnavarra.info\/visitnavarra\/"},{"@type":"ListItem","position":2,"name":"Balneario Fitero | Balnearios &#038; Spa"}]},{"@type":"WebSite","@id":"https:\/\/visitnavarra.info\/visitnavarra\/#website","url":"https:\/\/visitnavarra.info\/visitnavarra\/","name":"VisitNavarra","description":"Alojamiento y experiencias tur\u00edsticas en Navarra; qu\u00e9 visitar en Navarra; comer en Navarra","potentialAction":[{"@type":"SearchAction","target":{"@type":"EntryPoint","urlTemplate":"https:\/\/visitnavarra.info\/visitnavarra\/?s={search_term_string}"},"query-input":{"@type":"PropertyValueSpecification","valueRequired":true,"valueName":"search_term_string"}}],"inLanguage":"es"}]}},"_links":{"self":[{"href":"https:\/\/visitnavarra.info\/visitnavarra\/wp-json\/wp\/v2\/pages\/622","targetHints":{"allow":["GET"]}}],"collection":[{"href":"https:\/\/visitnavarra.info\/visitnavarra\/wp-json\/wp\/v2\/pages"}],"about":[{"href":"https:\/\/visitnavarra.info\/visitnavarra\/wp-json\/wp\/v2\/types\/page"}],"author":[{"embeddable":true,"href":"https:\/\/visitnavarra.info\/visitnavarra\/wp-json\/wp\/v2\/users\/1"}],"replies":[{"embeddable":true,"href":"https:\/\/visitnavarra.info\/visitnavarra\/wp-json\/wp\/v2\/comments?post=622"}],"version-history":[{"count":6,"href":"https:\/\/visitnavarra.info\/visitnavarra\/wp-json\/wp\/v2\/pages\/622\/revisions"}],"predecessor-version":[{"id":5728,"href":"https:\/\/visitnavarra.info\/visitnavarra\/wp-json\/wp\/v2\/pages\/622\/revisions\/5728"}],"wp:attachment":[{"href":"https:\/\/visitnavarra.info\/visitnavarra\/wp-json\/wp\/v2\/media?parent=622"}],"curies":[{"name":"wp","href":"https:\/\/api.w.org\/{rel}","templated":true}]}}