{"id":6591,"date":"2020-09-03T12:17:16","date_gmt":"2020-09-03T12:17:16","guid":{"rendered":"https:\/\/visitnavarra.info\/visitnavarra\/?page_id=6591"},"modified":"2020-12-01T11:08:43","modified_gmt":"2020-12-01T11:08:43","slug":"plaza-fuerte","status":"publish","type":"page","link":"https:\/\/visitnavarra.info\/visitnavarra\/plaza-fuerte\/","title":{"rendered":"Plaza Fuerte"},"content":{"rendered":"<div class=\"cajaContenido\">\n<h3>PAMPLONA, PLAZA FUERTE: Murallas, jardines y el Palacio de los Reyes de Navarra<\/h3>\n<p>El recinto amurallado de Pamplona ya exist\u00eda durante la Edad Media, completando la ciudad su defensa con el castillo que hab\u00eda levantado el rey Luis el Hut\u00edn en 1308 en el lado este de la actual plaza del Castillo y con las diferentes torres de las mismas murallas y las de las iglesias-fortaleza de la ciudad, como las de San Saturnino, San Nicol\u00e1s y San Lorenzo.<\/p>\n<p>Sin embargo, cuando en 1512 Fernando el Cat\u00f3lico anexion\u00f3 el reino de Navarra al de Castilla, sus ingenieros militares le aconsejaron renovar todo el complejo defensivo de la ciudad. La importancia de Pamplona como plaza fuerte es obvia, dada su proximidad con Francia, con la que la monarqu\u00eda peninsular se hallaba en constante conflicto. Adem\u00e1s en tiempos del rey Cat\u00f3lico los leg\u00edtimos monarcas navarros se hab\u00edan refugiado en el pa\u00eds vecino, y todav\u00eda albergaban esperanzas de recuperar su reino. Por todo ello la necesidad de dotar a esta ciudad fronteriza de un moderno sistema de defensa urg\u00eda, y el primer paso fue construir un nuevo castillo que se situaba donde hoy se emplaza el Palacio de la Diputaci\u00f3n.<\/p>\n<p>Construido el Castillo Nuevo, Carlos I se dedicar\u00e1 principalmente a la modernizaci\u00f3n del cintur\u00f3n de murallas de la ciudad. Durante su reinado se crearon las &#8220;zonas pol\u00e9micas&#8221;, donde estaba prohibida la construcci\u00f3n de edificios. Estas zonas afectaban principalmente al cintur\u00f3n extramuros, donde exist\u00eda la posibilidad de que el enemigo se hiciera fuerte en un asedio a la ciudad. La gran construcci\u00f3n defensiva de Pamplona tuvo lugar bajo el reinado de Felipe II, la moderna ciudadela, que motiv\u00f3 la desaparici\u00f3n del ya anticuado castillo de Fernando el Cat\u00f3lico. Durante toda la Edad Moderna los monarcas mostraron un gran inter\u00e9s por mantener en buen estado y renovar las defensas de la ciudad hasta que los nuevos avances militares dejaron anticuado el viejo sistema de murallas y en el \u00faltimo tercio del siglo XIX se construy\u00f3 el Fuerte de Alfonso XII, en el cercano monte de San Crist\u00f3bal. Poco despu\u00e9s, en 1888, se autorizaba la demolici\u00f3n de parte de la muralla y de dos baluartes de la ciudadela para iniciar as\u00ed las obras del primer ensanche de Pamplona, que comenzaba a crecer extramuros.<\/p>\n<p>El paseo por las murallas resulta agradabil\u00edsimo, ya que en torno a ellas se abren la mayor\u00eda de los espacios verdes de la ciudad. Tanto por la parte superior de las mismas como por debajo, desde donde podemos apreciar la potencia de los muros, se puede realizar este recorrido.<\/p>\n<p>Junto al baluarte de San Bartolom\u00e9 (1), donde se encontraba el fuerte que llevaba su nombre levantado en el siglo XVIII, da comienzo el parque de la Media Luna (2), dise\u00f1ado por el arquitecto V\u00edctor Eusa en 1935. Ambientado con rom\u00e1nticas p\u00e9rgolas, estanques y parterres, tiene unas excelentes vistas sobre el Arga y la catedral. En \u00e9l se encuentra el monumento al violinista Pablo Sarasate.<\/p>\n<p>El trazado de las murallas nos lleva hasta el basti\u00f3n de Labrit (3). En esta zona se encontraba la antigua juder\u00eda de Pamplona, que ten\u00eda su propio cementerio al otro lado de la muralla. El reino de Navarra fue el \u00faltimo de la pen\u00ednsula en expulsar a los jud\u00edos, en el a\u00f1o de 1498. La zona que recorre el frente este de la muralla desde el basti\u00f3n de Labrit hasta el del Red\u00edn (4) se conoce como Ronda Barbazana, ya que pasa por detr\u00e1s de la capilla de la catedral de ese nombre, y es una de las que se remodelaron en \u00e9poca de Carlos I. Si nos asomamos a la muralla, bajo el basti\u00f3n del Red\u00edn podremos ver la avanzadilla del baluarte bajo de Guadalupe (5) y el puente de la Magdalena (6), uno de los muchos puentes de origen medieval que salvan el r\u00edo Arga. Recibe el nombre del antiguo hospital que se encontraba al otro lado del r\u00edo, y por \u00e9l acceden a Pamplona los peregrinos que realizan el camino de Santiago . Siguiendo el paseo nos encontramos con una de las puertas del recinto amurallado, el Portal de Francia (7), tambi\u00e9n conocido como &#8220;portal de Zumalac\u00e1rregui&#8221;, ya que la tradici\u00f3n cuenta que fue esta salida de la ciudad la que utiliz\u00f3 el general cuando se march\u00f3 a movilizar sus huestes en la primera guerra carlista. El portal data del a\u00f1o 1553, y es el m\u00e1s antiguo que se conserva. Bajo \u00e9l se encuentran el baluarte bajo del Pilar (8) y el revell\u00edn de los Reyes (9), y a su izquierda podemos ver el baluarte del Abrevador (10).<\/p>\n<p>&nbsp;<\/p>\n<h3><strong>Palacio de los Reyes de Navarra.<\/strong><\/h3>\n<p>Seguimos nuestra ruta pasando por el Palacio de los Reyes de Navarra (11), sobre el medio baluarte de Parma (12). Este palacio, hoy convertido en Archivo de Navarra tras la restauraci\u00f3n efectuada por el arquitecto Rafael Moneo, fue motivo de disputas entre el monarca y el obispo pr\u00e1cticamente durante toda la edad media. El palacio se construy\u00f3 en \u00e9poca de Sancho VI el Sabio (1150-1194), y a la misma \u00e9poca corresponde el semis\u00f3tano del ala norte. La galer\u00eda del patio es posterior, pertenece ya al siglo XV, y sufri\u00f3 adem\u00e1s reformas en el siglo XVI, cuando se introducen las t\u00edpicas zapatas castellanas. La portada pertenece a \u00e9poca de Carlos I de Espa\u00f1a, y se rehizo en 1598, con ocasi\u00f3n de la visita de Felipe II. Tras el palacio se encontraban las huertas y jardines que descend\u00edan hasta el parque de Santo Domingo.<\/p>\n<p>Seguimos el paseo por detr\u00e1s del Museo de Navarra, tras atravesar la cuesta de Santo Domingo, por la zona que se conoce como Paseo de Ronda (13). Bajo este paseo se encuentra el puente de la Rochapea (14), donde se encontraba otra de las antiguas puertas de la muralla, desmontada en el a\u00f1o 1914 y de la que nada m\u00e1s se conserva el escudo, que se coloc\u00f3 en 1960 en el Portal Nuevo (15). Este \u00faltimo se abri\u00f3 en la muralla en 1950, para facilitar el acceso a la ciudad desde el norte. A trav\u00e9s de \u00e9l llegamos al Parque de la Taconera, donde a\u00fan encontramos lienzos de muralla y los baluartes de Gonzaga, la media luna de San Roque y el baluarte de la Taconera, todos ellos realizados a fines del siglo XVII y principios del XVIII. Este parque es el m\u00e1s antiguo de los jardines de Pamplona, y adem\u00e1s del monumento a Juli\u00e1n Gayarre, la antigua fuente de la Mariblanca y dos cafeter\u00edas donde poder descansar, cuenta con un curioso zool\u00f3gico con ciervos, jabal\u00eds, pavos reales y otras especies en los mismos fosos de las antiguas murallas. En la calle del Bosquecillo, que bordea estos jardines, se puede contemplar el Portal de San Nicol\u00e1s (16), por el que se acced\u00eda al burgo del mismo nombre, que fue construido en 1666 junto con el portal de la Taconera.. Ambos fueron desmontados, pero el primero se volvi\u00f3 a instalar a la entrada de los jardines. El de la Taconera corri\u00f3 peor suerte, y de \u00e9l s\u00f3lo se conservan las inscripciones. Una reproducci\u00f3n del mismo se coloc\u00f3 frente al parque de Antoniutti (17).<\/p>\n<p>&nbsp;<\/p>\n<h3><strong>LA CIUDADELA DE PAMPLONA<\/strong> (18).<\/h3>\n<p>El elemento conservado m\u00e1s importante de las fortificaciones de Pamplona es la ciudadela. Su construcci\u00f3n se inicia en \u00e9poca de Felipe II, en 1571, seg\u00fan los planos del ingeniero militar Giacomo Palearo, conocido como el Frat\u00edn, que hab\u00eda participado tambi\u00e9n en la reforma del castillo de Santa B\u00e1rbara en Valencia y en el castillo de Santa Cruz de la Coru\u00f1a. La nueva ciudadela se acomodaba a los nuevos avances de las t\u00e9cnicas b\u00e9licas, que obligaban a defenderse de ca\u00f1ones que ten\u00edan un alcance m\u00e1s largo que los utilizados hasta ahora, por lo que el antiguo castillo de Fernando el Cat\u00f3lico hab\u00eda quedado anticuado.<\/p>\n<p>De este modo Palearo, ayudado por el virrey de Navarra, Vespasiano Gonzaga, marqu\u00e9s de Sabioneda y duque de Trayetto, proyectaron un edificio defensivo similar a la moderna ciudadela de Amberes, proyectada por el ingeniero Francisco Pacciotoo, un pent\u00e1gono regular con cinco baluartes en sus \u00e1ngulos. Los baluartes se conocen con los nombres de San Felipe el Real, Santa Mar\u00eda, Santiago, San Ant\u00f3n y la Victoria. Estos dos \u00faltimos se derribaron en 1888 para construir el primer ensanche de la ciudad, aunque algunos restos del baluarte de San Ant\u00f3n se pueden contemplar en el auditorio de Pamplona, que recibe precisamente su nombre.<\/p>\n<p>Bajo el virreinato del conde de Oropesa se a\u00f1adieron medias lunas, conocidas por los nombres de Santa Teresa, Santa Ana, Santa Isabel, Santa Clara y Santa Luc\u00eda. La ciudadela se dio por concluida en 1646, siendo en ese mismo a\u00f1o visitada por Felipe IV. Para conmemorar el fin de las obras y la visita real, sobre la puerta principal que se abre a la avenida del Ej\u00e9rcito se colocaron los blasones del monarca, del Conde de Oropesa y de don Luis Guzm\u00e1n y Ponce de Le\u00f3n, impulsores ambos de estas \u00faltimas obras. Bajo los escudos puede leerse la inscripci\u00f3n que hace referencia a la construcci\u00f3n del recinto en \u00e9poca de Felipe II.<\/p>\n<p>Sin embargo siguieron realiz\u00e1ndose nuevas obras, dot\u00e1ndose el interior de la fortificaci\u00f3n con otros servicios, como el polvor\u00edn, dise\u00f1ado en 1694 por el ingeniero H\u00e9rcules Torelli, la Sala de Armas, antiguo arsenal de artiller\u00eda, proyectada en 1725 por el ingeniero Jorge Pr\u00f3spero Verboom, autor de la ciudadela de Barcelona, el Horno y el antiguo almac\u00e9n de v\u00edveres y bodega, hoy conocido como el Pabell\u00f3n de Mixtos, construido a fines del siglo XVII y remodelado en 1720 por Ignacio de Sala. Este mismo ingeniero, que hab\u00eda trabajado ya en la construcci\u00f3n de la Real F\u00e1brica de Tabacos de Sevilla, fue el responsable tambi\u00e9n de las b\u00f3vedas a prueba de bomba que protegen los accesos a la ciudadela.<\/p>\n<p>La moderna construcci\u00f3n demostr\u00f3 su efectividad, ya que nunca fue tomada por las armas. S\u00f3lo una vez fue sometida, y fue por la astucia de los atacantes, que utilizaron como \u00fanica munici\u00f3n inofensivas bolas de nieve. Sucedi\u00f3 durante el invierno del 1808, cuando por el tratado de Fontainebleau las tropas francesas se asentaron en el exterior de la ciudad al negarse el prudente virrey, el Marqu\u00e9s de Vallesantoro, a alojarlas en el interior del recinto militar. Todas las ma\u00f1anas sin embargo, los franceses acud\u00edan a la ciudadela a recoger los alimentos necesarios para su abastecimiento. El d\u00eda 16 de febrero, tras una copiosa nevada, los franceses comenzaron a lanzar bolas de nieve a los navarros que guardaban la ciudadela que, animados por el juego, olvidaron sus obligaciones y se encontraron repentinamente rodeados y desarmados por las tropas extranjeras. Poco despu\u00e9s se iniciaba la guerra de la Independencia en Espa\u00f1a.<\/p>\n<p>En el a\u00f1o 1966 la autoridad militar hizo entrega del recinto al ayuntamiento de Pamplona, y hoy sus dependencias se utilizan para realizar exposiciones y en sus jardines y en los de la Vuelta del Castillo que la circunda se encuentran ubicadas una serie de esculturas que han transformado este espacio en un agradable museo al aire libre.<\/p>\n<\/div>\n","protected":false},"excerpt":{"rendered":"<p>PAMPLONA, PLAZA FUERTE: Murallas, jardines y el Palacio de los Reyes de Navarra El recinto amurallado de Pamplona ya exist\u00eda durante la Edad Media, completando la ciudad su defensa con el castillo que hab\u00eda levantado el rey Luis el Hut\u00edn en 1308 en el lado este de la actual plaza del Castillo y con las diferentes torres de las mismas murallas y las de las iglesias-fortaleza de la ciudad, como las de San Saturnino, San Nicol\u00e1s y San Lorenzo. Sin embargo, cuando en 1512 Fernando el Cat\u00f3lico anexion\u00f3 el reino de Navarra al de Castilla, sus ingenieros militares le aconsejaron renovar todo el complejo defensivo de la ciudad. La importancia de Pamplona como plaza fuerte es obvia, dada su proximidad con Francia, con la que la monarqu\u00eda peninsular se hallaba en constante conflicto. Adem\u00e1s en tiempos del rey Cat\u00f3lico los leg\u00edtimos monarcas navarros se hab\u00edan refugiado en el pa\u00eds vecino, y todav\u00eda albergaban esperanzas de recuperar su reino. Por todo ello la necesidad de dotar a esta ciudad fronteriza de un moderno sistema de defensa urg\u00eda, y el primer paso fue construir un nuevo castillo que se situaba donde hoy se emplaza el Palacio de la Diputaci\u00f3n. Construido el Castillo [&hellip;]<\/p>\n","protected":false},"author":1,"featured_media":0,"parent":0,"menu_order":0,"comment_status":"closed","ping_status":"closed","template":"","meta":{"footnotes":""},"class_list":["post-6591","page","type-page","status-publish","hentry"],"yoast_head":"<!-- This site is optimized with the Yoast SEO plugin v23.5 - https:\/\/yoast.com\/wordpress\/plugins\/seo\/ -->\n<title>PAMPLONA, PLAZA FUERTE Plaza Fuerte - VisitNavarra<\/title>\n<meta name=\"robots\" content=\"index, follow, max-snippet:-1, max-image-preview:large, max-video-preview:-1\" \/>\n<link rel=\"canonical\" href=\"https:\/\/visitnavarra.info\/visitnavarra\/plaza-fuerte\/\" \/>\n<meta property=\"og:locale\" content=\"es_ES\" \/>\n<meta property=\"og:type\" content=\"article\" \/>\n<meta property=\"og:title\" content=\"PAMPLONA, PLAZA FUERTE Plaza Fuerte - VisitNavarra\" \/>\n<meta property=\"og:description\" content=\"PAMPLONA, PLAZA FUERTE: Murallas, jardines y el Palacio de los Reyes de Navarra El recinto amurallado de Pamplona ya exist\u00eda durante la Edad Media, completando la ciudad su defensa con el castillo que hab\u00eda levantado el rey Luis el Hut\u00edn en 1308 en el lado este de la actual plaza del Castillo y con las diferentes torres de las mismas murallas y las de las iglesias-fortaleza de la ciudad, como las de San Saturnino, San Nicol\u00e1s y San Lorenzo. Sin embargo, cuando en 1512 Fernando el Cat\u00f3lico anexion\u00f3 el reino de Navarra al de Castilla, sus ingenieros militares le aconsejaron renovar todo el complejo defensivo de la ciudad. La importancia de Pamplona como plaza fuerte es obvia, dada su proximidad con Francia, con la que la monarqu\u00eda peninsular se hallaba en constante conflicto. Adem\u00e1s en tiempos del rey Cat\u00f3lico los leg\u00edtimos monarcas navarros se hab\u00edan refugiado en el pa\u00eds vecino, y todav\u00eda albergaban esperanzas de recuperar su reino. Por todo ello la necesidad de dotar a esta ciudad fronteriza de un moderno sistema de defensa urg\u00eda, y el primer paso fue construir un nuevo castillo que se situaba donde hoy se emplaza el Palacio de la Diputaci\u00f3n. Construido el Castillo [&hellip;]\" \/>\n<meta property=\"og:url\" content=\"https:\/\/visitnavarra.info\/visitnavarra\/plaza-fuerte\/\" \/>\n<meta property=\"og:site_name\" content=\"VisitNavarra\" \/>\n<meta property=\"article:modified_time\" content=\"2020-12-01T11:08:43+00:00\" \/>\n<meta name=\"twitter:card\" content=\"summary_large_image\" \/>\n<meta name=\"twitter:label1\" content=\"Tiempo de lectura\" \/>\n\t<meta name=\"twitter:data1\" content=\"10 minutos\" \/>\n<script type=\"application\/ld+json\" class=\"yoast-schema-graph\">{\"@context\":\"https:\/\/schema.org\",\"@graph\":[{\"@type\":\"WebPage\",\"@id\":\"https:\/\/visitnavarra.info\/visitnavarra\/plaza-fuerte\/\",\"url\":\"https:\/\/visitnavarra.info\/visitnavarra\/plaza-fuerte\/\",\"name\":\"PAMPLONA, PLAZA FUERTE Plaza Fuerte - VisitNavarra\",\"isPartOf\":{\"@id\":\"https:\/\/visitnavarra.info\/visitnavarra\/#website\"},\"datePublished\":\"2020-09-03T12:17:16+00:00\",\"dateModified\":\"2020-12-01T11:08:43+00:00\",\"breadcrumb\":{\"@id\":\"https:\/\/visitnavarra.info\/visitnavarra\/plaza-fuerte\/#breadcrumb\"},\"inLanguage\":\"es\",\"potentialAction\":[{\"@type\":\"ReadAction\",\"target\":[\"https:\/\/visitnavarra.info\/visitnavarra\/plaza-fuerte\/\"]}]},{\"@type\":\"BreadcrumbList\",\"@id\":\"https:\/\/visitnavarra.info\/visitnavarra\/plaza-fuerte\/#breadcrumb\",\"itemListElement\":[{\"@type\":\"ListItem\",\"position\":1,\"name\":\"Portada\",\"item\":\"https:\/\/visitnavarra.info\/visitnavarra\/\"},{\"@type\":\"ListItem\",\"position\":2,\"name\":\"Plaza Fuerte\"}]},{\"@type\":\"WebSite\",\"@id\":\"https:\/\/visitnavarra.info\/visitnavarra\/#website\",\"url\":\"https:\/\/visitnavarra.info\/visitnavarra\/\",\"name\":\"VisitNavarra\",\"description\":\"Alojamiento y experiencias tur\u00edsticas en Navarra; qu\u00e9 visitar en Navarra; comer en Navarra\",\"potentialAction\":[{\"@type\":\"SearchAction\",\"target\":{\"@type\":\"EntryPoint\",\"urlTemplate\":\"https:\/\/visitnavarra.info\/visitnavarra\/?s={search_term_string}\"},\"query-input\":{\"@type\":\"PropertyValueSpecification\",\"valueRequired\":true,\"valueName\":\"search_term_string\"}}],\"inLanguage\":\"es\"}]}<\/script>\n<!-- \/ Yoast SEO plugin. -->","yoast_head_json":{"title":"PAMPLONA, PLAZA FUERTE Plaza Fuerte - VisitNavarra","robots":{"index":"index","follow":"follow","max-snippet":"max-snippet:-1","max-image-preview":"max-image-preview:large","max-video-preview":"max-video-preview:-1"},"canonical":"https:\/\/visitnavarra.info\/visitnavarra\/plaza-fuerte\/","og_locale":"es_ES","og_type":"article","og_title":"PAMPLONA, PLAZA FUERTE Plaza Fuerte - VisitNavarra","og_description":"PAMPLONA, PLAZA FUERTE: Murallas, jardines y el Palacio de los Reyes de Navarra El recinto amurallado de Pamplona ya exist\u00eda durante la Edad Media, completando la ciudad su defensa con el castillo que hab\u00eda levantado el rey Luis el Hut\u00edn en 1308 en el lado este de la actual plaza del Castillo y con las diferentes torres de las mismas murallas y las de las iglesias-fortaleza de la ciudad, como las de San Saturnino, San Nicol\u00e1s y San Lorenzo. Sin embargo, cuando en 1512 Fernando el Cat\u00f3lico anexion\u00f3 el reino de Navarra al de Castilla, sus ingenieros militares le aconsejaron renovar todo el complejo defensivo de la ciudad. La importancia de Pamplona como plaza fuerte es obvia, dada su proximidad con Francia, con la que la monarqu\u00eda peninsular se hallaba en constante conflicto. Adem\u00e1s en tiempos del rey Cat\u00f3lico los leg\u00edtimos monarcas navarros se hab\u00edan refugiado en el pa\u00eds vecino, y todav\u00eda albergaban esperanzas de recuperar su reino. Por todo ello la necesidad de dotar a esta ciudad fronteriza de un moderno sistema de defensa urg\u00eda, y el primer paso fue construir un nuevo castillo que se situaba donde hoy se emplaza el Palacio de la Diputaci\u00f3n. Construido el Castillo [&hellip;]","og_url":"https:\/\/visitnavarra.info\/visitnavarra\/plaza-fuerte\/","og_site_name":"VisitNavarra","article_modified_time":"2020-12-01T11:08:43+00:00","twitter_card":"summary_large_image","twitter_misc":{"Tiempo de lectura":"10 minutos"},"schema":{"@context":"https:\/\/schema.org","@graph":[{"@type":"WebPage","@id":"https:\/\/visitnavarra.info\/visitnavarra\/plaza-fuerte\/","url":"https:\/\/visitnavarra.info\/visitnavarra\/plaza-fuerte\/","name":"PAMPLONA, PLAZA FUERTE Plaza Fuerte - VisitNavarra","isPartOf":{"@id":"https:\/\/visitnavarra.info\/visitnavarra\/#website"},"datePublished":"2020-09-03T12:17:16+00:00","dateModified":"2020-12-01T11:08:43+00:00","breadcrumb":{"@id":"https:\/\/visitnavarra.info\/visitnavarra\/plaza-fuerte\/#breadcrumb"},"inLanguage":"es","potentialAction":[{"@type":"ReadAction","target":["https:\/\/visitnavarra.info\/visitnavarra\/plaza-fuerte\/"]}]},{"@type":"BreadcrumbList","@id":"https:\/\/visitnavarra.info\/visitnavarra\/plaza-fuerte\/#breadcrumb","itemListElement":[{"@type":"ListItem","position":1,"name":"Portada","item":"https:\/\/visitnavarra.info\/visitnavarra\/"},{"@type":"ListItem","position":2,"name":"Plaza Fuerte"}]},{"@type":"WebSite","@id":"https:\/\/visitnavarra.info\/visitnavarra\/#website","url":"https:\/\/visitnavarra.info\/visitnavarra\/","name":"VisitNavarra","description":"Alojamiento y experiencias tur\u00edsticas en Navarra; qu\u00e9 visitar en Navarra; comer en Navarra","potentialAction":[{"@type":"SearchAction","target":{"@type":"EntryPoint","urlTemplate":"https:\/\/visitnavarra.info\/visitnavarra\/?s={search_term_string}"},"query-input":{"@type":"PropertyValueSpecification","valueRequired":true,"valueName":"search_term_string"}}],"inLanguage":"es"}]}},"_links":{"self":[{"href":"https:\/\/visitnavarra.info\/visitnavarra\/wp-json\/wp\/v2\/pages\/6591","targetHints":{"allow":["GET"]}}],"collection":[{"href":"https:\/\/visitnavarra.info\/visitnavarra\/wp-json\/wp\/v2\/pages"}],"about":[{"href":"https:\/\/visitnavarra.info\/visitnavarra\/wp-json\/wp\/v2\/types\/page"}],"author":[{"embeddable":true,"href":"https:\/\/visitnavarra.info\/visitnavarra\/wp-json\/wp\/v2\/users\/1"}],"replies":[{"embeddable":true,"href":"https:\/\/visitnavarra.info\/visitnavarra\/wp-json\/wp\/v2\/comments?post=6591"}],"version-history":[{"count":3,"href":"https:\/\/visitnavarra.info\/visitnavarra\/wp-json\/wp\/v2\/pages\/6591\/revisions"}],"predecessor-version":[{"id":7482,"href":"https:\/\/visitnavarra.info\/visitnavarra\/wp-json\/wp\/v2\/pages\/6591\/revisions\/7482"}],"wp:attachment":[{"href":"https:\/\/visitnavarra.info\/visitnavarra\/wp-json\/wp\/v2\/media?parent=6591"}],"curies":[{"name":"wp","href":"https:\/\/api.w.org\/{rel}","templated":true}]}}