{"id":6597,"date":"2020-09-03T12:21:45","date_gmt":"2020-09-03T12:21:45","guid":{"rendered":"https:\/\/visitnavarra.info\/visitnavarra\/?page_id=6597"},"modified":"2020-11-25T15:00:38","modified_gmt":"2020-11-25T15:00:38","slug":"pamplona-en-el-siglo-xviii","status":"publish","type":"page","link":"https:\/\/visitnavarra.info\/visitnavarra\/pamplona-en-el-siglo-xviii\/","title":{"rendered":"Pamplona en el Siglo XVIII"},"content":{"rendered":"<div class=\"cajaContenido\">\n<h3>PAMPLONA EN EL SIGLO XVIII: LA ILUSTRACI\u00d3N.<\/h3>\n<p>Un recorrido por la Pamplona del siglo XVIII a trav\u00e9s de su arquitectura civil ayuda a conocer mejor la evoluci\u00f3n de la ciudad precisamente en una \u00e9poca en la que surge un af\u00e1n de modernizaci\u00f3n muy acorde con las corrientes ilustradas del momento. Adem\u00e1s esta visi\u00f3n de Pamplona es interesante ya que el indudable atractivo de la historia medieval de Navarra eclipsa en muchas ocasiones la historia de Pamplona durante la Edad Moderna y sin embargo es durante el siglo XVIII cuando seg\u00fan Caro Baroja llega \u201cla hora navarra\u201d, y esta pujanza econ\u00f3mica de la que habla el autor se deja ver en las calles de la ciudad.<\/p>\n<h5 style=\"padding-left: 40px;\">Universidad de Santiago<\/h5>\n<p>La Pamplona del siglo XVIII cuenta con un centro de ense\u00f1anza superior, la Universidad de Santiago, donde se estudia Filosof\u00eda y Teolog\u00eda hasta 1771, y desde 1757 se imparten clases de medicina en el Hospital General, hoy convertido en el Museo de Navarra. Adem\u00e1s en el siglo XVIII se construye una red de alcantarillas con desag\u00fces para cada casa, lo que permite que las calles, ahora libres de vertidos, se cubran con un empedrado. Se realiza tambi\u00e9n la tra\u00edda de aguas desde Subiza, gracias al acueducto dise\u00f1ado por el arquitecto Ventura Rodr\u00edguez, que tambi\u00e9n proyecta la nueva fachada de la catedral. Para celebrar el acontecimiento que supuso la conducci\u00f3n de agua, en 1798 se inauguraron una serie de fuentes dise\u00f1adas por Luis de Paret y siguiendo la l\u00ednea de todas estas reformas, destinadas a modernizar la imagen de la ciudad, a finales de siglo se instala un sistema de alumbrado p\u00fablico.<\/p>\n<h5 style=\"padding-left: 40px;\">Arquitectura<\/h5>\n<p>Es durante el siglo XVIII tambi\u00e9n cuando se renuevan gran parte de las viviendas de vecinos y los nobles construyen sus palacios en la ciudad, dejando unos buenos ejemplos de arquitectura barroca. Este af\u00e1n constructivo no s\u00f3lo afecta a la aristocracia, sino que algunas instituciones civiles y eclesi\u00e1sticas tambi\u00e9n dejan la impronta de su af\u00e1n renovador con la erecci\u00f3n de sus respectivos edificios institucionales, como el Ayuntamiento de la ciudad y el palacio Episcopal. Esta preocupaci\u00f3n por cuidar la ciudad queda reflejada en las Ordenanzas Municipales, que regulan la construcci\u00f3n de edificios tratando de dar una cierta uniformidad al trazado de las calles.<\/p>\n<h5 style=\"padding-left: 40px;\">Edificio Marqu\u00e9s de Rozalejo<\/h5>\n<p>En la calle Navarrer\u00eda, el edificio m\u00e1s representativo es el del Marqu\u00e9s de Rozalejo (1). Se abre a la plaza de Santa Cecilia y goza de una excepcional perspectiva dentro del entramado urbano del casco antiguo de la ciudad, ya que Pamplona, por su situaci\u00f3n fronteriza, no empieza a crecer extramuros hasta 1888, cuando se realiza el primer ensanche, por lo que las nuevas ideas se tienen que ce\u00f1ir al interior de los muros de la ciudad, la zona que hoy llamamos el Casco Viejo. Esta particularidad tambi\u00e9n contribuye a que los edificios que se conservan nos pasen desapercibidos, ya que generalmente no existe la posibilidad de aprovechar o crear un trazado urbano con la perspectiva adecuada para poderlos contemplar.<\/p>\n<h5 style=\"padding-left: 40px;\">Nuevos espacios<\/h5>\n<p>La ubicaci\u00f3n de la casa dentro del entramado urbano va a tener una gran importancia, y en el contexto espec\u00edfico de la Pamplona del XVIII surgen nuevos espacios: las plazoletas. Son en realidad espacios, generalmente irregulares, que debido a la intersecci\u00f3n de varias calles presentan una mayor amplitud que una v\u00eda normal. Al ubicar la casa en una de estas plazoletas se consigue una mejor perspectiva de la fachada, lo que engrandece la apariencia de la edificaci\u00f3n.<\/p>\n<p>Este inter\u00e9s por despejar la fachada ampliando las posibilidades de contemplaci\u00f3n de la misma ya se hab\u00eda experimentado en el XVII, al ensanchar el \u00faltimo tramo de la calle Jarauta para permitir una mejor vista de la fachada del reci\u00e9n construido convento de Carmelitas. Al interior tambi\u00e9n resulta beneficiosa la presencia de la plazoleta precediendo a la casa, ya que permite que entre m\u00e1s luz y las vistas son m\u00e1s gratas.<\/p>\n<p>Esta casa perteneci\u00f3 a la familia Aoiz-Guendica, en quienes recay\u00f3 el t\u00edtulo del marquesado de Rozalejo en 1832, momento en el que colocan su blas\u00f3n en el palacio. La fachada, t\u00edpicamente barroca, ha sufrido algunas modificaciones en el siglo XIX, cuando se aument\u00f3 su altura para colocar el blas\u00f3n y se rasgaron las ventanas de la planta baja. En el interior se conserva un amplio zagu\u00e1n del que parte una amplia escalera imperial. La carpinter\u00eda y herrajes que se conservan corresponden tambi\u00e9n al siglo XVIII.<\/p>\n<h4>LAS FUENTES DE LUIS PARET.<\/h4>\n<p>Para conmemorar la tra\u00edda de aguas a Pamplona, en 1788 se instalaron en la ciudad una serie de fuentes cuyo dise\u00f1o se debe al pintor de la Corte Luis Paret y Alc\u00e1zar. Estas fuentes emblem\u00e1ticas de la ciudad, son la de Santa Cecilia, en la plaza de su nombre, la de Neptuno, en la plaza del Consejo, la del Obelisco, en la plaza de las Recoletas, y la de la Abundancia o la Beneficencia, para colocarse en la Plaza del Castillo, desde donde se traslad\u00f3 a su actual emplazamiento, en los jardines de la Taconera, y hoy es conocida popularmente como la &#8220;Mariblanca&#8221;.<\/p>\n<h5 style=\"padding-left: 40px;\">Dormitaler\u00eda<\/h5>\n<p>Tras alcanzar la catedral por la calle Navarrer\u00eda, recorremos toda la calle Dormitaler\u00eda, que recibe ese nombre por ser en la que viv\u00eda el dormitalero de la catedral, hasta llegar a la plaza de Santa Mar\u00eda la Real, donde se sit\u00faa el Palacio Episcopal. Esta plaza data de 1945, cuando se destruy\u00f3 el antiguo convento de la Merced para construir en 1952 en parte de su solar el retiro sacerdotal.<\/p>\n<h5 style=\"padding-left: 40px;\">Palacio Espiscopal<\/h5>\n<p>El palacio Episcopal se levant\u00f3 entre 1734 y 1740. Este edificio logra una s\u00edntesis entre la arquitectura de la zona media, donde predomina el sillar, y la Ribera, donde se impone el ladrillo y se abren galer\u00edas que coronan el edificio.<\/p>\n<p>El interior del palacio se renov\u00f3 parcialmente hacia 1973, si bien queda intacto el patio interior con arcadas, que repite en el \u00faltimo piso la galer\u00eda de arquillos que aparece en la fachada. Tambi\u00e9n se conserva la escalera imperial, coronada por una c\u00fapula va\u00edda con un flor\u00f3n central.<\/p>\n<h5 style=\"padding-left: 40px;\">Estafeta<\/h5>\n<p>Volviendo por la calle de la Merced, antigua r\u00faa de la juder\u00eda, hasta la bajada de Javier, llegamos hasta la calle Estafeta, donde se encuentra la fachada del palacio Goyeneche (7), que recibe su nombre por el noble baztan\u00e9s que lo mand\u00f3 levantar.<\/p>\n<p>Destaca en esta fachada la monumental portada y los balcones de la primera planta, que conservan la carpinter\u00eda original. Desde la plaza del Castillo se puede contemplar la linterna que ilumina la caja de escalera de la edificaci\u00f3n.<\/p>\n<h4>LA PLAZA DEL CASTILLO (8).<\/h4>\n<p>Esta plaza recibe su nombre por el castillo que en el siglo XIV levant\u00f3 Luis el Hut\u00edn, y que se encontraba en uno de sus extremos.<\/p>\n<p>Posteriormente este edificio fue sustituido por el castillo que mand\u00f3 edificar Fernando el Cat\u00f3lico, que a su vez fue derribado al construirse la moderna ciudadela de Pamplona.<\/p>\n<p>Este espacio tard\u00f3 en constituirse como una zona de viviendas, ya que los pamploneses resid\u00edan en el interior del casco urbano, pero al menos desde el siglo XIV funcionaba como zona de esparcimiento y de ocio.<\/p>\n<p>En 1405 Carlos III organiz\u00f3 en la plaza una serie de justas y torneos para conmemorar el matrimonio de su hija do\u00f1a Beatriz con el pr\u00edncipe Jacques de Borb\u00f3n. La plaza se utiliz\u00f3 para celebrar festivales taurinos desde 1385, cuando se documenta el primero de estos eventos, hasta 1844, cuando se construye la primitiva plaza de toros.<\/p>\n<p>Al caer en desuso su utilidad como coso taurino y lugar de espect\u00e1culos, este espacio sigui\u00f3 siendo un centro de ocio, al abrirse en el durante el siglo XIX los primeros caf\u00e9s.<\/p>\n<p>En 1888 abr\u00eda sus puertas el caf\u00e9 Iru\u00f1a, en el edificio levantado por el arquitecto de Logro\u00f1o Maximiano Hij\u00f3n para la entidad bancaria del Cr\u00e9dito Navarro.<\/p>\n<p>En el centro de la plaza se instal\u00f3 en el siglo XVIII la fuente de la Mariblanca, dise\u00f1ada por Luis Paret, que se traslad\u00f3 a los jardines de la Taconera al ser sustituida en 1910 por un quiosco de madera. En 1943 se retir\u00f3 tambi\u00e9n este \u00faltimo para colocar el que hoy sigue presidiendo la plaza.<\/p>\n<p>La plaza del Castillo sigue siendo hoy centro de reuni\u00f3n y esparcimiento de los pamploneses, donde se encuentran un buen n\u00famero de caf\u00e9s y bares donde dejar pasar los momentos de ocio. Adem\u00e1s desde ella se accede a las diferentes calles del casco viejo donde se sit\u00faan los sitios m\u00e1s tradicionales donde acudir de compras, a tomar tapas o copas.<\/p>\n<p>Edificio del Cr\u00e9dito Navarro. Caf\u00e9 Iru\u00f1a.<\/p>\n<h4>EL AYUNTAMIENTO (9).<\/h4>\n<p>Es uno de los edificios que se construye a partir de la promulgaci\u00f3n de Privilegio de la Uni\u00f3n por Carlos III en 1423. En el mismo documento se determina el emplazamiento exacto que deb\u00eda tener la casa municipal, en lo que era el foso donde conflu\u00edan los tres burgos: Navarrer\u00eda, San Cernin y San Nicol\u00e1s.<\/p>\n<p>El actual Consistorio se construy\u00f3 entre 1753 y 1759, en sustituci\u00f3n del antiguo que amenazaba a ruina. Las obras se iniciaron con las trazas del maestro Juan Miguel de Goyeneta, pero se decidi\u00f3 cambiar la fachada proyectada por la que hab\u00eda presentado en 1755 Jose Zay y Lorda. Al escultor Jos\u00e9 Jim\u00e9nez se el encarg\u00f3 todo el repertorio escult\u00f3rico. El reloj data tambi\u00e9n del siglo XVIII, aunque su maquinaria fue reemplazada en 1991. Todo el interior desapareci\u00f3 en la reforma que se llev\u00f3 a cabo en 1952.<\/p>\n<p>La puerta de la Casa Consistorial est\u00e1 custodiada por dos estatuas que representan a la Prudencia y la Justicia, y en lo alto se alza la figura de la Fama, que pregona con un clar\u00edn las glorias de la ciudad. A su lado se encuentran dos estatuas de H\u00e9rcules, como s\u00edmbolo de las virtudes c\u00edvicas. El escudo Pamplona aparece tambi\u00e9n repetidas veces en la fachada.<\/p>\n<h4>LA CALLE ZAPATERIA.<\/h4>\n<p>Hasta el Privilegio de la Uni\u00f3n del a\u00f1o 1423, la calle Zapater\u00eda fue la calle Mayor del burgo de San Nicol\u00e1s. En el siglo XVIII esta calle alcanz\u00f3 un importante nivel social dentro de la trama urbana, lo que revirti\u00f3 en sus construcciones, y de ello son testigos los palacios barrocos que se conservan, as\u00ed como los numerosos blasones que lucen todav\u00eda muchas casas de vecinos.<\/p>\n<p>Entre las edificaciones m\u00e1s interesantes se encuentra el edificio conocido como palacio Navarro-Tafalla (10), mandado construir en 1752 por el capit\u00e1n, caballero de Santiago y comerciante en Indias don Juan Francisco Ad\u00e1n y P\u00e9rez, que en 1746 obtuvo su ejecutoria de hidalgu\u00eda.<\/p>\n<h5 style=\"padding-left: 40px;\">El interior<\/h5>\n<p>En el interior se conserva la escalera original y el zagu\u00e1n, donde se desarrolla una espectacular escenograf\u00eda de gusto barroco, con sus dos cuerpos cubiertos por una b\u00f3veda poligonal con lunetos, bajo los que se abren ventanas en el cuerpo de linterna. Del centro de la b\u00f3veda, como en muchas escaleras barrocas, pende un flor\u00f3n vegetal. El suelo se cubre con cantos rodados, huesos y tabas, realizando un curioso motivo floral.<\/p>\n<h5 style=\"padding-left: 40px;\">Palacio de Guendulain<\/h5>\n<p>Tambi\u00e9n destaca el palacio de Guendulain (11), construido en el siglo XVIII por la familia Eslava de En\u00e9riz, nobles indianos que costearon parte de la iglesia de su pueblo. Tras el matrimonio de Magdalena Eslava con el conde de Guendul\u00e1in, el edificio qued\u00f3 vinculado a este t\u00edtulo navarro. En 1845 esta casa se convirti\u00f3 en residencia real por unos d\u00edas, ya que aloj\u00f3 en ella a Isabel II y su s\u00e9quito.<\/p>\n<p>La fachada de la casa, una de las m\u00e1s largas de la ciudad, tiene tres alturas. La primera planta corresponde a lo que se suele conocer como piso noble, destinado a las habitaciones principales de los se\u00f1ores de la casa y habitaciones de representaci\u00f3n como los salones, desde los cuales seguramente ver\u00edan y ven todav\u00eda las procesiones y acontecimientos que se suceden por esta importante v\u00eda del Casco Antiguo.<\/p>\n<h4>LA CALLE MAYOR.<\/h4>\n<p>Es la v\u00eda emblem\u00e1tica de la ciudad hist\u00f3rica, la vieja r\u00faa de los peregrinos a Santiago, que enlaza la parroquia de San Saturnino con la de San Lorenzo. Poco a poco, cuando se unificaron los burgos en 1423, se convirti\u00f3 en la calle principal de la ciudad, y en ella se aglutinaron numerosos gremios y oficios, como los plateros, guarnicioneros, bolseros y guanteros entre otros. Conserva varias casas barrocas y escudos nobiliarios del siglo XVIII, indicativos de la pujanza social de la zona.<\/p>\n<h5 style=\"padding-left: 40px;\">Casa Condestable<\/h5>\n<p>Junto a la iglesia de San Saturnino se encuentra la Casa del Condestable (12). Este edificio fue construido para el IV conde de Ler\u00edn a mediados del siglo XVI, quedando vinculado con posterioridad a la casa ducal de Alba, la cual lo cedi\u00f3 a distintas instituciones de la ciudad. As\u00ed, los obispos de Pamplona residieron en \u00e9l durante el siglo XVII y hasta 1732, a\u00f1o en que se trasladaron a su nuevo palacio.<\/p>\n<p>Tambi\u00e9n ocup\u00f3 esta edificaci\u00f3n el Ayuntamiento, mientras se terminaban las obras de su nuevo edificio. El edificio original data, como se ha dicho, del siglo XVI, pero en el siglo XIX sufri\u00f3 una importante reforma. En 1891 Pedro Arrieta modific\u00f3 sus fachadas, unidas en chafl\u00e1n con miradores, con la peculiaridad de ser el primer chafl\u00e1n del casco antiguo de Pamplona.<\/p>\n<h5 style=\"padding-left: 40px;\">Palacio Ezpeleta<\/h5>\n<p>Al final de la calle, ya junto a San Lorenzo, est\u00e1 el palacio Ezpeleta (13), que se construy\u00f3 entre 1709 y 1711 como residencia de los Marqueses de San Miguel de Aguayo, y que actualmente es propiedad del Ayuntamiento de Pamplona.<\/p>\n<p>Todav\u00eda se pueden ver los efectos de un ca\u00f1onazo lanzado durante la guerra carlista en uno de los herrajes de los balcones. Sobre el entablamento quebrado de la portada se desarrolla una exuberante decoraci\u00f3n tallada con una tem\u00e1tica alusiva a la guerra, en la que se prodigan personajes del ej\u00e9rcito con ca\u00f1ones, espadas, trofeos, arreos militares, etc., simbolizando as\u00ed los cargos pol\u00edticos que desempe\u00f1\u00f3 el mentor del palacio, don Agust\u00edn de Echeverz y Subiza, marqu\u00e9s de San Miguel de Aguayo, gobernador y capit\u00e1n general del Nuevo Reino de Le\u00f3n, adem\u00e1s de alguacil mayor del Reino de Navarra, t\u00edtulo \u00e9ste que puede tener que ver con la figura de la Justicia que corona el blas\u00f3n.<\/p>\n<p>En el interior se conserva el amplio zagu\u00e1n y la magn\u00edfica escalera imperial que accede a la planta noble. El palacio en el lado sur tiene una amplia solana concebida como una galer\u00eda de arcos de medio punto que se puede contemplar desde la calle San Francisco (14).<\/p>\n<\/div>\n<p><!-- cajaContenido --><\/p>\n","protected":false},"excerpt":{"rendered":"<p>PAMPLONA EN EL SIGLO XVIII: LA ILUSTRACI\u00d3N. Un recorrido por la Pamplona del siglo XVIII a trav\u00e9s de su arquitectura civil ayuda a conocer mejor la evoluci\u00f3n de la ciudad precisamente en una \u00e9poca en la que surge un af\u00e1n de modernizaci\u00f3n muy acorde con las corrientes ilustradas del momento. Adem\u00e1s esta visi\u00f3n de Pamplona es interesante ya que el indudable atractivo de la historia medieval de Navarra eclipsa en muchas ocasiones la historia de Pamplona durante la Edad Moderna y sin embargo es durante el siglo XVIII cuando seg\u00fan Caro Baroja llega \u201cla hora navarra\u201d, y esta pujanza econ\u00f3mica de la que habla el autor se deja ver en las calles de la ciudad. Universidad de Santiago La Pamplona del siglo XVIII cuenta con un centro de ense\u00f1anza superior, la Universidad de Santiago, donde se estudia Filosof\u00eda y Teolog\u00eda hasta 1771, y desde 1757 se imparten clases de medicina en el Hospital General, hoy convertido en el Museo de Navarra. Adem\u00e1s en el siglo XVIII se construye una red de alcantarillas con desag\u00fces para cada casa, lo que permite que las calles, ahora libres de vertidos, se cubran con un empedrado. Se realiza tambi\u00e9n la tra\u00edda de aguas desde [&hellip;]<\/p>\n","protected":false},"author":1,"featured_media":0,"parent":0,"menu_order":0,"comment_status":"closed","ping_status":"closed","template":"","meta":{"footnotes":""},"class_list":["post-6597","page","type-page","status-publish","hentry"],"yoast_head":"<!-- This site is optimized with the Yoast SEO plugin v23.5 - https:\/\/yoast.com\/wordpress\/plugins\/seo\/ -->\n<title>Pamplona en el Siglo XVIII Pamplona en el Siglo XVIII - VisitNavarra<\/title>\n<meta name=\"description\" content=\"Un recorrido por la Pamplona del siglo XVIII a trav\u00e9s de su arquitectura civil ayuda a conocer mejor la evoluci\u00f3n de la ciudad.\" \/>\n<meta name=\"robots\" content=\"index, follow, max-snippet:-1, max-image-preview:large, max-video-preview:-1\" \/>\n<link rel=\"canonical\" href=\"https:\/\/visitnavarra.info\/visitnavarra\/pamplona-en-el-siglo-xviii\/\" \/>\n<meta property=\"og:locale\" content=\"es_ES\" \/>\n<meta property=\"og:type\" content=\"article\" \/>\n<meta property=\"og:title\" content=\"Pamplona en el Siglo XVIII Pamplona en el Siglo XVIII - VisitNavarra\" \/>\n<meta property=\"og:description\" content=\"Un recorrido por la Pamplona del siglo XVIII a trav\u00e9s de su arquitectura civil ayuda a conocer mejor la evoluci\u00f3n de la ciudad.\" \/>\n<meta property=\"og:url\" content=\"https:\/\/visitnavarra.info\/visitnavarra\/pamplona-en-el-siglo-xviii\/\" \/>\n<meta property=\"og:site_name\" content=\"VisitNavarra\" \/>\n<meta property=\"article:modified_time\" content=\"2020-11-25T15:00:38+00:00\" \/>\n<meta name=\"twitter:card\" content=\"summary_large_image\" \/>\n<meta name=\"twitter:label1\" content=\"Tiempo de lectura\" \/>\n\t<meta name=\"twitter:data1\" content=\"13 minutos\" \/>\n<script type=\"application\/ld+json\" class=\"yoast-schema-graph\">{\"@context\":\"https:\/\/schema.org\",\"@graph\":[{\"@type\":\"WebPage\",\"@id\":\"https:\/\/visitnavarra.info\/visitnavarra\/pamplona-en-el-siglo-xviii\/\",\"url\":\"https:\/\/visitnavarra.info\/visitnavarra\/pamplona-en-el-siglo-xviii\/\",\"name\":\"Pamplona en el Siglo XVIII Pamplona en el Siglo XVIII - VisitNavarra\",\"isPartOf\":{\"@id\":\"https:\/\/visitnavarra.info\/visitnavarra\/#website\"},\"datePublished\":\"2020-09-03T12:21:45+00:00\",\"dateModified\":\"2020-11-25T15:00:38+00:00\",\"description\":\"Un recorrido por la Pamplona del siglo XVIII a trav\u00e9s de su arquitectura civil ayuda a conocer mejor la evoluci\u00f3n de la ciudad.\",\"breadcrumb\":{\"@id\":\"https:\/\/visitnavarra.info\/visitnavarra\/pamplona-en-el-siglo-xviii\/#breadcrumb\"},\"inLanguage\":\"es\",\"potentialAction\":[{\"@type\":\"ReadAction\",\"target\":[\"https:\/\/visitnavarra.info\/visitnavarra\/pamplona-en-el-siglo-xviii\/\"]}]},{\"@type\":\"BreadcrumbList\",\"@id\":\"https:\/\/visitnavarra.info\/visitnavarra\/pamplona-en-el-siglo-xviii\/#breadcrumb\",\"itemListElement\":[{\"@type\":\"ListItem\",\"position\":1,\"name\":\"Portada\",\"item\":\"https:\/\/visitnavarra.info\/visitnavarra\/\"},{\"@type\":\"ListItem\",\"position\":2,\"name\":\"Pamplona en el Siglo XVIII\"}]},{\"@type\":\"WebSite\",\"@id\":\"https:\/\/visitnavarra.info\/visitnavarra\/#website\",\"url\":\"https:\/\/visitnavarra.info\/visitnavarra\/\",\"name\":\"VisitNavarra\",\"description\":\"Alojamiento y experiencias tur\u00edsticas en Navarra; qu\u00e9 visitar en Navarra; comer en Navarra\",\"potentialAction\":[{\"@type\":\"SearchAction\",\"target\":{\"@type\":\"EntryPoint\",\"urlTemplate\":\"https:\/\/visitnavarra.info\/visitnavarra\/?s={search_term_string}\"},\"query-input\":{\"@type\":\"PropertyValueSpecification\",\"valueRequired\":true,\"valueName\":\"search_term_string\"}}],\"inLanguage\":\"es\"}]}<\/script>\n<!-- \/ Yoast SEO plugin. -->","yoast_head_json":{"title":"Pamplona en el Siglo XVIII Pamplona en el Siglo XVIII - VisitNavarra","description":"Un recorrido por la Pamplona del siglo XVIII a trav\u00e9s de su arquitectura civil ayuda a conocer mejor la evoluci\u00f3n de la ciudad.","robots":{"index":"index","follow":"follow","max-snippet":"max-snippet:-1","max-image-preview":"max-image-preview:large","max-video-preview":"max-video-preview:-1"},"canonical":"https:\/\/visitnavarra.info\/visitnavarra\/pamplona-en-el-siglo-xviii\/","og_locale":"es_ES","og_type":"article","og_title":"Pamplona en el Siglo XVIII Pamplona en el Siglo XVIII - VisitNavarra","og_description":"Un recorrido por la Pamplona del siglo XVIII a trav\u00e9s de su arquitectura civil ayuda a conocer mejor la evoluci\u00f3n de la ciudad.","og_url":"https:\/\/visitnavarra.info\/visitnavarra\/pamplona-en-el-siglo-xviii\/","og_site_name":"VisitNavarra","article_modified_time":"2020-11-25T15:00:38+00:00","twitter_card":"summary_large_image","twitter_misc":{"Tiempo de lectura":"13 minutos"},"schema":{"@context":"https:\/\/schema.org","@graph":[{"@type":"WebPage","@id":"https:\/\/visitnavarra.info\/visitnavarra\/pamplona-en-el-siglo-xviii\/","url":"https:\/\/visitnavarra.info\/visitnavarra\/pamplona-en-el-siglo-xviii\/","name":"Pamplona en el Siglo XVIII Pamplona en el Siglo XVIII - VisitNavarra","isPartOf":{"@id":"https:\/\/visitnavarra.info\/visitnavarra\/#website"},"datePublished":"2020-09-03T12:21:45+00:00","dateModified":"2020-11-25T15:00:38+00:00","description":"Un recorrido por la Pamplona del siglo XVIII a trav\u00e9s de su arquitectura civil ayuda a conocer mejor la evoluci\u00f3n de la ciudad.","breadcrumb":{"@id":"https:\/\/visitnavarra.info\/visitnavarra\/pamplona-en-el-siglo-xviii\/#breadcrumb"},"inLanguage":"es","potentialAction":[{"@type":"ReadAction","target":["https:\/\/visitnavarra.info\/visitnavarra\/pamplona-en-el-siglo-xviii\/"]}]},{"@type":"BreadcrumbList","@id":"https:\/\/visitnavarra.info\/visitnavarra\/pamplona-en-el-siglo-xviii\/#breadcrumb","itemListElement":[{"@type":"ListItem","position":1,"name":"Portada","item":"https:\/\/visitnavarra.info\/visitnavarra\/"},{"@type":"ListItem","position":2,"name":"Pamplona en el Siglo XVIII"}]},{"@type":"WebSite","@id":"https:\/\/visitnavarra.info\/visitnavarra\/#website","url":"https:\/\/visitnavarra.info\/visitnavarra\/","name":"VisitNavarra","description":"Alojamiento y experiencias tur\u00edsticas en Navarra; qu\u00e9 visitar en Navarra; comer en Navarra","potentialAction":[{"@type":"SearchAction","target":{"@type":"EntryPoint","urlTemplate":"https:\/\/visitnavarra.info\/visitnavarra\/?s={search_term_string}"},"query-input":{"@type":"PropertyValueSpecification","valueRequired":true,"valueName":"search_term_string"}}],"inLanguage":"es"}]}},"_links":{"self":[{"href":"https:\/\/visitnavarra.info\/visitnavarra\/wp-json\/wp\/v2\/pages\/6597","targetHints":{"allow":["GET"]}}],"collection":[{"href":"https:\/\/visitnavarra.info\/visitnavarra\/wp-json\/wp\/v2\/pages"}],"about":[{"href":"https:\/\/visitnavarra.info\/visitnavarra\/wp-json\/wp\/v2\/types\/page"}],"author":[{"embeddable":true,"href":"https:\/\/visitnavarra.info\/visitnavarra\/wp-json\/wp\/v2\/users\/1"}],"replies":[{"embeddable":true,"href":"https:\/\/visitnavarra.info\/visitnavarra\/wp-json\/wp\/v2\/comments?post=6597"}],"version-history":[{"count":6,"href":"https:\/\/visitnavarra.info\/visitnavarra\/wp-json\/wp\/v2\/pages\/6597\/revisions"}],"predecessor-version":[{"id":7296,"href":"https:\/\/visitnavarra.info\/visitnavarra\/wp-json\/wp\/v2\/pages\/6597\/revisions\/7296"}],"wp:attachment":[{"href":"https:\/\/visitnavarra.info\/visitnavarra\/wp-json\/wp\/v2\/media?parent=6597"}],"curies":[{"name":"wp","href":"https:\/\/api.w.org\/{rel}","templated":true}]}}