{"id":665,"date":"2019-01-18T10:47:17","date_gmt":"2019-01-18T10:47:17","guid":{"rendered":"http:\/\/desarrollo.visitnavarra.info\/?page_id=665"},"modified":"2020-01-03T11:23:27","modified_gmt":"2020-01-03T11:23:27","slug":"descubriendo-pamplona","status":"publish","type":"page","link":"https:\/\/visitnavarra.info\/visitnavarra\/descubriendo-pamplona\/","title":{"rendered":"DESCUBRIENDO PAMPLONA"},"content":{"rendered":"<p>[vc_row][vc_column width=&#8221;1\/1&#8243;][vc_column_text]<strong>DESCUBRIENDO PAMPLONA<\/strong><\/p>\n<p><img loading=\"lazy\" decoding=\"async\" class=\"alignleft size-full wp-image-1569\" src=\"https:\/\/visitnavarra.info\/visitnavarra\/wp-content\/uploads\/2019\/02\/novotur-circuitos.jpg\" alt=\"\" width=\"250\" height=\"250\" srcset=\"https:\/\/visitnavarra.info\/visitnavarra\/wp-content\/uploads\/2019\/02\/novotur-circuitos.jpg 250w, https:\/\/visitnavarra.info\/visitnavarra\/wp-content\/uploads\/2019\/02\/novotur-circuitos-150x150.jpg 150w, https:\/\/visitnavarra.info\/visitnavarra\/wp-content\/uploads\/2019\/02\/novotur-circuitos-80x80.jpg 80w\" sizes=\"auto, (max-width: 250px) 100vw, 250px\" \/>Pamplona es la capital de Navarra. Una ciudad donde la historia y las tradiciones se dan la mano. En esta visita, descubriremos su pasado hist\u00f3rico, visitando los antiguos burgos (barrios) de la ciudad. Visitaremos alguna de sus incre\u00edbles iglesias y si nos interesa, podemos entrar a deleitarnos con la Catedral. Visitaremos nuestras magn\u00edficas fortificaciones, mientras vemos pasar a los peregrinos del Camino de Santiago.<\/p>\n<p>Por supuesto que correremos por el recorrido de los \u201cencierros\u201d. Cantaremos al Santo en Santo Domingo. Derraparemos en la curva de la Estafeta y llegaremos hasta el final del recorrido, la Plaza de toros. Tambi\u00e9n veremos la plaza del Ayuntamiento donde el 6 de Julio se tira el \u201cchupinazo\u201d. Y terminaremos la visita en la bell\u00edsima Plaza del Castillo.<\/p>\n<p>La plaza del Castillo, es un lugar estrat\u00e9gico para terminar nuestra visita, ya que desde aqu\u00ed vamos a poder ir a degustar los famosos pinchos de Pamplona. A un paso est\u00e1n las dos calles mas importantes de tapas en la ciudad, Estafeta y San Nicol\u00e1s.<\/p>\n<p><strong>PRECIO:<\/strong> desde 120\u20ac (precio para grupos)<br \/>\n<strong>DURACI\u00d3N:<\/strong> hasta 2,5 horas<br \/>\n<strong>DISPONIBILIDAD:<\/strong> todo el a\u00f1o, excepto San Ferm\u00edn (6-14 Julio)<\/p>\n<p>[\/vc_column_text][\/vc_column][\/vc_row][vc_row][vc_column width=&#8221;1\/2&#8243;]<div class=\"single_image wpb_content_element align-right    \" data-animation=\"none\" data-delay=\"0\"><img loading=\"lazy\" decoding=\"async\" width=\"200\" height=\"214\" src=\"https:\/\/visitnavarra.info\/visitnavarra\/wp-content\/uploads\/2019\/01\/logo-novotur.jpg\" class=\"attachment-full\" alt=\"\" \/><\/div>[\/vc_column][vc_column width=&#8221;1\/2&#8243;][vc_column_text]<strong>CONTACTO \/ RESERVAS<\/strong><br \/>\nEntidad \/ empresa: NOVOTUR GU\u00cdAS TUR\u00cdSTICOS DE NAVARRA<br \/>\nN\u00ba Registro Turismo: UETC0018<br \/>\nDirecci\u00f3n: Av. Bayona 37, 6\u00baC, 31011 Pamplona (Navarra)<br \/>\nTel\u00e9fono: (+34) ) 629 661 604 | (+34) 617 348 844<br \/>\nMail: <a href=\"mailto:francisco@novotur.com\">francisco@novotur.com<\/a><br \/>\nWeb: <a href=\"http:\/\/www.novotur.com\">www.novotur.com<\/a>[\/vc_column_text][\/vc_column][\/vc_row]<\/p>\n","protected":false},"excerpt":{"rendered":"<p>[vc_row][vc_column width=&#8221;1\/1&#8243;][vc_column_text]DESCUBRIENDO PAMPLONA Pamplona es la capital de Navarra. Una ciudad donde la historia y las tradiciones se dan la mano. En esta visita, descubriremos su pasado hist\u00f3rico, visitando los antiguos burgos (barrios) de la ciudad. Visitaremos alguna de sus incre\u00edbles iglesias y si nos interesa, podemos entrar a deleitarnos con la Catedral. Visitaremos nuestras magn\u00edficas fortificaciones, mientras vemos pasar a los peregrinos del Camino de Santiago. Por supuesto que correremos por el recorrido de los \u201cencierros\u201d. Cantaremos al Santo en Santo Domingo. Derraparemos en la curva de la Estafeta y llegaremos hasta el final del recorrido, la Plaza de toros. Tambi\u00e9n veremos la plaza del Ayuntamiento donde el 6 de Julio se tira el \u201cchupinazo\u201d. Y terminaremos la visita en la bell\u00edsima Plaza del Castillo. La plaza del Castillo, es un lugar estrat\u00e9gico para terminar nuestra visita, ya que desde aqu\u00ed vamos a poder ir a degustar los famosos pinchos de Pamplona. A un paso est\u00e1n las dos calles mas importantes de tapas en la ciudad, Estafeta y San Nicol\u00e1s. PRECIO: desde 120\u20ac (precio para grupos) DURACI\u00d3N: hasta 2,5 horas DISPONIBILIDAD: todo el a\u00f1o, excepto San Ferm\u00edn (6-14 Julio) [\/vc_column_text][\/vc_column][\/vc_row][vc_row][vc_column width=&#8221;1\/2&#8243;][\/vc_column][vc_column width=&#8221;1\/2&#8243;][vc_column_text]CONTACTO \/ RESERVAS Entidad \/ empresa: NOVOTUR GU\u00cdAS [&hellip;]<\/p>\n","protected":false},"author":1,"featured_media":0,"parent":0,"menu_order":0,"comment_status":"closed","ping_status":"closed","template":"","meta":{"footnotes":""},"class_list":["post-665","page","type-page","status-publish","hentry"],"yoast_head":"<!-- This site is optimized with the Yoast SEO plugin v23.5 - https:\/\/yoast.com\/wordpress\/plugins\/seo\/ -->\n<title>DESCUBRIENDO PAMPLONA - VisitNavarra<\/title>\n<meta name=\"description\" content=\"Pamplona es la capital de Navarra. Una ciudad donde la historia y las tradiciones se danla mano. Descubriremos su pasado hist\u00f3rico, ...\" \/>\n<meta name=\"robots\" content=\"index, follow, max-snippet:-1, max-image-preview:large, max-video-preview:-1\" \/>\n<link rel=\"canonical\" href=\"https:\/\/visitnavarra.info\/visitnavarra\/descubriendo-pamplona\/\" \/>\n<meta property=\"og:locale\" content=\"es_ES\" \/>\n<meta property=\"og:type\" content=\"article\" \/>\n<meta property=\"og:title\" content=\"DESCUBRIENDO PAMPLONA - VisitNavarra\" \/>\n<meta property=\"og:description\" content=\"Pamplona es la capital de Navarra. Una ciudad donde la historia y las tradiciones se danla mano. Descubriremos su pasado hist\u00f3rico, ...\" \/>\n<meta property=\"og:url\" content=\"https:\/\/visitnavarra.info\/visitnavarra\/descubriendo-pamplona\/\" \/>\n<meta property=\"og:site_name\" content=\"VisitNavarra\" \/>\n<meta property=\"article:modified_time\" content=\"2020-01-03T11:23:27+00:00\" \/>\n<meta property=\"og:image\" content=\"https:\/\/visitnavarra.info\/visitnavarra\/wp-content\/uploads\/2019\/02\/novotur-circuitos.jpg\" \/>\n<meta name=\"twitter:card\" content=\"summary_large_image\" \/>\n<meta name=\"twitter:label1\" content=\"Tiempo de lectura\" \/>\n\t<meta name=\"twitter:data1\" content=\"1 minuto\" \/>\n<script type=\"application\/ld+json\" class=\"yoast-schema-graph\">{\"@context\":\"https:\/\/schema.org\",\"@graph\":[{\"@type\":\"WebPage\",\"@id\":\"https:\/\/visitnavarra.info\/visitnavarra\/descubriendo-pamplona\/\",\"url\":\"https:\/\/visitnavarra.info\/visitnavarra\/descubriendo-pamplona\/\",\"name\":\"DESCUBRIENDO PAMPLONA - VisitNavarra\",\"isPartOf\":{\"@id\":\"https:\/\/visitnavarra.info\/visitnavarra\/#website\"},\"primaryImageOfPage\":{\"@id\":\"https:\/\/visitnavarra.info\/visitnavarra\/descubriendo-pamplona\/#primaryimage\"},\"image\":{\"@id\":\"https:\/\/visitnavarra.info\/visitnavarra\/descubriendo-pamplona\/#primaryimage\"},\"thumbnailUrl\":\"https:\/\/visitnavarra.info\/visitnavarra\/wp-content\/uploads\/2019\/02\/novotur-circuitos.jpg\",\"datePublished\":\"2019-01-18T10:47:17+00:00\",\"dateModified\":\"2020-01-03T11:23:27+00:00\",\"description\":\"Pamplona es la capital de Navarra. Una ciudad donde la historia y las tradiciones se danla mano. Descubriremos su pasado hist\u00f3rico, ...\",\"breadcrumb\":{\"@id\":\"https:\/\/visitnavarra.info\/visitnavarra\/descubriendo-pamplona\/#breadcrumb\"},\"inLanguage\":\"es\",\"potentialAction\":[{\"@type\":\"ReadAction\",\"target\":[\"https:\/\/visitnavarra.info\/visitnavarra\/descubriendo-pamplona\/\"]}]},{\"@type\":\"ImageObject\",\"inLanguage\":\"es\",\"@id\":\"https:\/\/visitnavarra.info\/visitnavarra\/descubriendo-pamplona\/#primaryimage\",\"url\":\"https:\/\/visitnavarra.info\/visitnavarra\/wp-content\/uploads\/2019\/02\/novotur-circuitos.jpg\",\"contentUrl\":\"https:\/\/visitnavarra.info\/visitnavarra\/wp-content\/uploads\/2019\/02\/novotur-circuitos.jpg\"},{\"@type\":\"BreadcrumbList\",\"@id\":\"https:\/\/visitnavarra.info\/visitnavarra\/descubriendo-pamplona\/#breadcrumb\",\"itemListElement\":[{\"@type\":\"ListItem\",\"position\":1,\"name\":\"Portada\",\"item\":\"https:\/\/visitnavarra.info\/visitnavarra\/\"},{\"@type\":\"ListItem\",\"position\":2,\"name\":\"DESCUBRIENDO PAMPLONA\"}]},{\"@type\":\"WebSite\",\"@id\":\"https:\/\/visitnavarra.info\/visitnavarra\/#website\",\"url\":\"https:\/\/visitnavarra.info\/visitnavarra\/\",\"name\":\"VisitNavarra\",\"description\":\"Alojamiento y experiencias tur\u00edsticas en Navarra; qu\u00e9 visitar en Navarra; comer en Navarra\",\"potentialAction\":[{\"@type\":\"SearchAction\",\"target\":{\"@type\":\"EntryPoint\",\"urlTemplate\":\"https:\/\/visitnavarra.info\/visitnavarra\/?s={search_term_string}\"},\"query-input\":{\"@type\":\"PropertyValueSpecification\",\"valueRequired\":true,\"valueName\":\"search_term_string\"}}],\"inLanguage\":\"es\"}]}<\/script>\n<!-- \/ Yoast SEO plugin. -->","yoast_head_json":{"title":"DESCUBRIENDO PAMPLONA - VisitNavarra","description":"Pamplona es la capital de Navarra. Una ciudad donde la historia y las tradiciones se danla mano. Descubriremos su pasado hist\u00f3rico, ...","robots":{"index":"index","follow":"follow","max-snippet":"max-snippet:-1","max-image-preview":"max-image-preview:large","max-video-preview":"max-video-preview:-1"},"canonical":"https:\/\/visitnavarra.info\/visitnavarra\/descubriendo-pamplona\/","og_locale":"es_ES","og_type":"article","og_title":"DESCUBRIENDO PAMPLONA - VisitNavarra","og_description":"Pamplona es la capital de Navarra. Una ciudad donde la historia y las tradiciones se danla mano. Descubriremos su pasado hist\u00f3rico, ...","og_url":"https:\/\/visitnavarra.info\/visitnavarra\/descubriendo-pamplona\/","og_site_name":"VisitNavarra","article_modified_time":"2020-01-03T11:23:27+00:00","og_image":[{"url":"https:\/\/visitnavarra.info\/visitnavarra\/wp-content\/uploads\/2019\/02\/novotur-circuitos.jpg"}],"twitter_card":"summary_large_image","twitter_misc":{"Tiempo de lectura":"1 minuto"},"schema":{"@context":"https:\/\/schema.org","@graph":[{"@type":"WebPage","@id":"https:\/\/visitnavarra.info\/visitnavarra\/descubriendo-pamplona\/","url":"https:\/\/visitnavarra.info\/visitnavarra\/descubriendo-pamplona\/","name":"DESCUBRIENDO PAMPLONA - VisitNavarra","isPartOf":{"@id":"https:\/\/visitnavarra.info\/visitnavarra\/#website"},"primaryImageOfPage":{"@id":"https:\/\/visitnavarra.info\/visitnavarra\/descubriendo-pamplona\/#primaryimage"},"image":{"@id":"https:\/\/visitnavarra.info\/visitnavarra\/descubriendo-pamplona\/#primaryimage"},"thumbnailUrl":"https:\/\/visitnavarra.info\/visitnavarra\/wp-content\/uploads\/2019\/02\/novotur-circuitos.jpg","datePublished":"2019-01-18T10:47:17+00:00","dateModified":"2020-01-03T11:23:27+00:00","description":"Pamplona es la capital de Navarra. Una ciudad donde la historia y las tradiciones se danla mano. Descubriremos su pasado hist\u00f3rico, ...","breadcrumb":{"@id":"https:\/\/visitnavarra.info\/visitnavarra\/descubriendo-pamplona\/#breadcrumb"},"inLanguage":"es","potentialAction":[{"@type":"ReadAction","target":["https:\/\/visitnavarra.info\/visitnavarra\/descubriendo-pamplona\/"]}]},{"@type":"ImageObject","inLanguage":"es","@id":"https:\/\/visitnavarra.info\/visitnavarra\/descubriendo-pamplona\/#primaryimage","url":"https:\/\/visitnavarra.info\/visitnavarra\/wp-content\/uploads\/2019\/02\/novotur-circuitos.jpg","contentUrl":"https:\/\/visitnavarra.info\/visitnavarra\/wp-content\/uploads\/2019\/02\/novotur-circuitos.jpg"},{"@type":"BreadcrumbList","@id":"https:\/\/visitnavarra.info\/visitnavarra\/descubriendo-pamplona\/#breadcrumb","itemListElement":[{"@type":"ListItem","position":1,"name":"Portada","item":"https:\/\/visitnavarra.info\/visitnavarra\/"},{"@type":"ListItem","position":2,"name":"DESCUBRIENDO PAMPLONA"}]},{"@type":"WebSite","@id":"https:\/\/visitnavarra.info\/visitnavarra\/#website","url":"https:\/\/visitnavarra.info\/visitnavarra\/","name":"VisitNavarra","description":"Alojamiento y experiencias tur\u00edsticas en Navarra; qu\u00e9 visitar en Navarra; comer en Navarra","potentialAction":[{"@type":"SearchAction","target":{"@type":"EntryPoint","urlTemplate":"https:\/\/visitnavarra.info\/visitnavarra\/?s={search_term_string}"},"query-input":{"@type":"PropertyValueSpecification","valueRequired":true,"valueName":"search_term_string"}}],"inLanguage":"es"}]}},"_links":{"self":[{"href":"https:\/\/visitnavarra.info\/visitnavarra\/wp-json\/wp\/v2\/pages\/665","targetHints":{"allow":["GET"]}}],"collection":[{"href":"https:\/\/visitnavarra.info\/visitnavarra\/wp-json\/wp\/v2\/pages"}],"about":[{"href":"https:\/\/visitnavarra.info\/visitnavarra\/wp-json\/wp\/v2\/types\/page"}],"author":[{"embeddable":true,"href":"https:\/\/visitnavarra.info\/visitnavarra\/wp-json\/wp\/v2\/users\/1"}],"replies":[{"embeddable":true,"href":"https:\/\/visitnavarra.info\/visitnavarra\/wp-json\/wp\/v2\/comments?post=665"}],"version-history":[{"count":5,"href":"https:\/\/visitnavarra.info\/visitnavarra\/wp-json\/wp\/v2\/pages\/665\/revisions"}],"predecessor-version":[{"id":5761,"href":"https:\/\/visitnavarra.info\/visitnavarra\/wp-json\/wp\/v2\/pages\/665\/revisions\/5761"}],"wp:attachment":[{"href":"https:\/\/visitnavarra.info\/visitnavarra\/wp-json\/wp\/v2\/media?parent=665"}],"curies":[{"name":"wp","href":"https:\/\/api.w.org\/{rel}","templated":true}]}}