{"id":6715,"date":"2020-09-30T12:07:20","date_gmt":"2020-09-30T12:07:20","guid":{"rendered":"https:\/\/visitnavarra.info\/visitnavarra\/?page_id=6715"},"modified":"2021-02-25T15:57:06","modified_gmt":"2021-02-25T15:57:06","slug":"baztan-abentura-park-y-bertiz-abentura-park","status":"publish","type":"page","link":"https:\/\/visitnavarra.info\/visitnavarra\/baztan-abentura-park-y-bertiz-abentura-park\/","title":{"rendered":"BAZTAN ABENTURA PARK Y BERTIZ ABENTURA PARK"},"content":{"rendered":"<p>[vc_row][vc_column][vc_column_text]<img loading=\"lazy\" decoding=\"async\" class=\"size-full wp-image-6718 alignleft\" src=\"https:\/\/visitnavarra.info\/visitnavarra\/wp-content\/uploads\/2020\/09\/FAMILIAR-BKZ-250.jpg\" alt=\"\" width=\"250\" height=\"250\" srcset=\"https:\/\/visitnavarra.info\/visitnavarra\/wp-content\/uploads\/2020\/09\/FAMILIAR-BKZ-250.jpg 250w, https:\/\/visitnavarra.info\/visitnavarra\/wp-content\/uploads\/2020\/09\/FAMILIAR-BKZ-250-150x150.jpg 150w, https:\/\/visitnavarra.info\/visitnavarra\/wp-content\/uploads\/2020\/09\/FAMILIAR-BKZ-250-80x80.jpg 80w\" sizes=\"auto, (max-width: 250px) 100vw, 250px\" \/><strong>BIDASOA KULTUR ZERBITZUAK<\/strong> te ofrece deportes multiaventura en 2 parques de aventura Bazt\u00e1n Abentura Park y Bertiz Abentura Park<\/p>\n<p>Si quieres vivir un mont\u00f3n de nuevas sensaciones te ofrecemos un amplio abanico de actividades multiaventura: Tirolinas gigantes y peque\u00f1as, ca\u00f1\u00f3n aquapark natural, piragua, v\u00eda ferrata, mega-p\u00e9ndulo, arborismo, paintball&#8230; \u00a1Elige tu plan!Todas las actividades est\u00e1n adaptadas para todo tipo de p\u00fablico: Adultos, ni\u00f1os, familias, asociaciones, grupos&#8230; Nuestra empresa, decana en el sector tur\u00edstico de la Comarca de Baztan-Bidasoa, ha sido merecedora del primer premio de turismo activo de aventura en la edici\u00f3n de 2015 de la Feria Internacional de TurismoFitur.<\/p>\n<p>DESTACA:* Disponemos de dos albergues: Kattalin (Legasa) y Bertiz (Narbarte)* Ofrecemos Servicio de Transporte Propio * Ofrecemos dos parques de Aventura: Baztan Abentura Park (Elizondo-Baztan) y Bertiz Abentura Park (Narbarte)* Nuestros Parques est\u00e1n dotados de la m\u00e1s avanzadas tecnolog\u00edasen materia de seguridad conforme a las exigencias de la UE.<\/p>\n<p><a href=\"https:\/\/www.navarraaventura.com\/tarifas\/\"><strong>CONSULTAR TARIFAS<\/strong><\/a><\/p>\n<p><a href=\"https:\/\/www.navarraaventura.com\/tarifas\/\"><img loading=\"lazy\" decoding=\"async\" class=\"alignnone wp-image-6734\" src=\"https:\/\/visitnavarra.info\/visitnavarra\/wp-content\/uploads\/2020\/09\/FAMILIAR-BKZ-TARIFAS-300x206.jpg\" alt=\"\" width=\"351\" height=\"241\" srcset=\"https:\/\/visitnavarra.info\/visitnavarra\/wp-content\/uploads\/2020\/09\/FAMILIAR-BKZ-TARIFAS-300x206.jpg 300w, https:\/\/visitnavarra.info\/visitnavarra\/wp-content\/uploads\/2020\/09\/FAMILIAR-BKZ-TARIFAS-1024x702.jpg 1024w, https:\/\/visitnavarra.info\/visitnavarra\/wp-content\/uploads\/2020\/09\/FAMILIAR-BKZ-TARIFAS-768x526.jpg 768w, https:\/\/visitnavarra.info\/visitnavarra\/wp-content\/uploads\/2020\/09\/FAMILIAR-BKZ-TARIFAS-1536x1053.jpg 1536w, https:\/\/visitnavarra.info\/visitnavarra\/wp-content\/uploads\/2020\/09\/FAMILIAR-BKZ-TARIFAS-2048x1404.jpg 2048w\" sizes=\"auto, (max-width: 351px) 100vw, 351px\" \/><\/a>[\/vc_column_text][\/vc_column][\/vc_row][vc_row][vc_column width=&#8221;1\/2&#8243;][vc_column_text]<strong><img loading=\"lazy\" decoding=\"async\" class=\"size-full wp-image-6333 alignright\" src=\"https:\/\/visitnavarra.info\/visitnavarra\/wp-content\/uploads\/2020\/05\/BKZ-logo.png\" alt=\"\" width=\"300\" height=\"62\" \/><\/strong>[\/vc_column_text][\/vc_column][vc_column width=&#8221;1\/2&#8243;][vc_column_text]<strong>CONTACTOS \/ RESERVAS:<\/strong><br \/>\n<strong>Empresa<\/strong>: Bidasoa Kultur Zerbitzuak<br \/>\n<strong>Persona de Contacto:<\/strong> Mattari Alzuarte Gaztelu<br \/>\n<strong>Tel\u00e9fono<\/strong>: (+34) 948 59 23 22\/ (+34) 646 75 57 60<br \/>\n<strong>Mail<\/strong>: info@navarraaventura.com<br \/>\n<strong>Web<\/strong>: www.navarraaventura.com[\/vc_column_text][\/vc_column][\/vc_row]<\/p>\n","protected":false},"excerpt":{"rendered":"<p>[vc_row][vc_column][vc_column_text]BIDASOA KULTUR ZERBITZUAK te ofrece deportes multiaventura en 2 parques de aventura Bazt\u00e1n Abentura Park y Bertiz Abentura Park Si quieres vivir un mont\u00f3n de nuevas sensaciones te ofrecemos un amplio abanico de actividades multiaventura: Tirolinas gigantes y peque\u00f1as, ca\u00f1\u00f3n aquapark natural, piragua, v\u00eda ferrata, mega-p\u00e9ndulo, arborismo, paintball&#8230; \u00a1Elige tu plan!Todas las actividades est\u00e1n adaptadas para todo tipo de p\u00fablico: Adultos, ni\u00f1os, familias, asociaciones, grupos&#8230; Nuestra empresa, decana en el sector tur\u00edstico de la Comarca de Baztan-Bidasoa, ha sido merecedora del primer premio de turismo activo de aventura en la edici\u00f3n de 2015 de la Feria Internacional de TurismoFitur. DESTACA:* Disponemos de dos albergues: Kattalin (Legasa) y Bertiz (Narbarte)* Ofrecemos Servicio de Transporte Propio * Ofrecemos dos parques de Aventura: Baztan Abentura Park (Elizondo-Baztan) y Bertiz Abentura Park (Narbarte)* Nuestros Parques est\u00e1n dotados de la m\u00e1s avanzadas tecnolog\u00edasen materia de seguridad conforme a las exigencias de la UE. CONSULTAR TARIFAS [\/vc_column_text][\/vc_column][\/vc_row][vc_row][vc_column width=&#8221;1\/2&#8243;][vc_column_text][\/vc_column_text][\/vc_column][vc_column width=&#8221;1\/2&#8243;][vc_column_text]CONTACTOS \/ RESERVAS: Empresa: Bidasoa Kultur Zerbitzuak Persona de Contacto: Mattari Alzuarte Gaztelu Tel\u00e9fono: (+34) 948 59 23 22\/ (+34) 646 75 57 60 Mail: info@navarraaventura.com Web: www.navarraaventura.com[\/vc_column_text][\/vc_column][\/vc_row]<\/p>\n","protected":false},"author":1,"featured_media":0,"parent":0,"menu_order":0,"comment_status":"closed","ping_status":"closed","template":"","meta":{"footnotes":""},"class_list":["post-6715","page","type-page","status-publish","hentry"],"yoast_head":"<!-- This site is optimized with the Yoast SEO plugin v23.5 - https:\/\/yoast.com\/wordpress\/plugins\/seo\/ -->\n<title>BAZTAN ABENTURA PARK Y BERTIZ ABENTURA PARK - VisitNavarra<\/title>\n<meta name=\"robots\" content=\"index, follow, max-snippet:-1, max-image-preview:large, max-video-preview:-1\" \/>\n<link rel=\"canonical\" href=\"https:\/\/visitnavarra.info\/visitnavarra\/baztan-abentura-park-y-bertiz-abentura-park\/\" \/>\n<meta property=\"og:locale\" content=\"es_ES\" \/>\n<meta property=\"og:type\" content=\"article\" \/>\n<meta property=\"og:title\" content=\"BAZTAN ABENTURA PARK Y BERTIZ ABENTURA PARK - VisitNavarra\" \/>\n<meta property=\"og:description\" content=\"[vc_row][vc_column][vc_column_text]BIDASOA KULTUR ZERBITZUAK te ofrece deportes multiaventura en 2 parques de aventura Bazt\u00e1n Abentura Park y Bertiz Abentura Park Si quieres vivir un mont\u00f3n de nuevas sensaciones te ofrecemos un amplio abanico de actividades multiaventura: Tirolinas gigantes y peque\u00f1as, ca\u00f1\u00f3n aquapark natural, piragua, v\u00eda ferrata, mega-p\u00e9ndulo, arborismo, paintball&#8230; \u00a1Elige tu plan!Todas las actividades est\u00e1n adaptadas para todo tipo de p\u00fablico: Adultos, ni\u00f1os, familias, asociaciones, grupos&#8230; Nuestra empresa, decana en el sector tur\u00edstico de la Comarca de Baztan-Bidasoa, ha sido merecedora del primer premio de turismo activo de aventura en la edici\u00f3n de 2015 de la Feria Internacional de TurismoFitur. DESTACA:* Disponemos de dos albergues: Kattalin (Legasa) y Bertiz (Narbarte)* Ofrecemos Servicio de Transporte Propio * Ofrecemos dos parques de Aventura: Baztan Abentura Park (Elizondo-Baztan) y Bertiz Abentura Park (Narbarte)* Nuestros Parques est\u00e1n dotados de la m\u00e1s avanzadas tecnolog\u00edasen materia de seguridad conforme a las exigencias de la UE. CONSULTAR TARIFAS [\/vc_column_text][\/vc_column][\/vc_row][vc_row][vc_column width=&#8221;1\/2&#8243;][vc_column_text][\/vc_column_text][\/vc_column][vc_column width=&#8221;1\/2&#8243;][vc_column_text]CONTACTOS \/ RESERVAS: Empresa: Bidasoa Kultur Zerbitzuak Persona de Contacto: Mattari Alzuarte Gaztelu Tel\u00e9fono: (+34) 948 59 23 22\/ (+34) 646 75 57 60 Mail: info@navarraaventura.com Web: www.navarraaventura.com[\/vc_column_text][\/vc_column][\/vc_row]\" \/>\n<meta property=\"og:url\" content=\"https:\/\/visitnavarra.info\/visitnavarra\/baztan-abentura-park-y-bertiz-abentura-park\/\" \/>\n<meta property=\"og:site_name\" content=\"VisitNavarra\" \/>\n<meta property=\"article:modified_time\" content=\"2021-02-25T15:57:06+00:00\" \/>\n<meta property=\"og:image\" content=\"https:\/\/visitnavarra.info\/visitnavarra\/wp-content\/uploads\/2020\/09\/FAMILIAR-BKZ-250.jpg\" \/>\n<meta name=\"twitter:card\" content=\"summary_large_image\" \/>\n<meta name=\"twitter:label1\" content=\"Tiempo de lectura\" \/>\n\t<meta name=\"twitter:data1\" content=\"2 minutos\" \/>\n<script type=\"application\/ld+json\" class=\"yoast-schema-graph\">{\"@context\":\"https:\/\/schema.org\",\"@graph\":[{\"@type\":\"WebPage\",\"@id\":\"https:\/\/visitnavarra.info\/visitnavarra\/baztan-abentura-park-y-bertiz-abentura-park\/\",\"url\":\"https:\/\/visitnavarra.info\/visitnavarra\/baztan-abentura-park-y-bertiz-abentura-park\/\",\"name\":\"BAZTAN ABENTURA PARK Y BERTIZ ABENTURA PARK - VisitNavarra\",\"isPartOf\":{\"@id\":\"https:\/\/visitnavarra.info\/visitnavarra\/#website\"},\"primaryImageOfPage\":{\"@id\":\"https:\/\/visitnavarra.info\/visitnavarra\/baztan-abentura-park-y-bertiz-abentura-park\/#primaryimage\"},\"image\":{\"@id\":\"https:\/\/visitnavarra.info\/visitnavarra\/baztan-abentura-park-y-bertiz-abentura-park\/#primaryimage\"},\"thumbnailUrl\":\"https:\/\/visitnavarra.info\/visitnavarra\/wp-content\/uploads\/2020\/09\/FAMILIAR-BKZ-250.jpg\",\"datePublished\":\"2020-09-30T12:07:20+00:00\",\"dateModified\":\"2021-02-25T15:57:06+00:00\",\"breadcrumb\":{\"@id\":\"https:\/\/visitnavarra.info\/visitnavarra\/baztan-abentura-park-y-bertiz-abentura-park\/#breadcrumb\"},\"inLanguage\":\"es\",\"potentialAction\":[{\"@type\":\"ReadAction\",\"target\":[\"https:\/\/visitnavarra.info\/visitnavarra\/baztan-abentura-park-y-bertiz-abentura-park\/\"]}]},{\"@type\":\"ImageObject\",\"inLanguage\":\"es\",\"@id\":\"https:\/\/visitnavarra.info\/visitnavarra\/baztan-abentura-park-y-bertiz-abentura-park\/#primaryimage\",\"url\":\"https:\/\/visitnavarra.info\/visitnavarra\/wp-content\/uploads\/2020\/09\/FAMILIAR-BKZ-250.jpg\",\"contentUrl\":\"https:\/\/visitnavarra.info\/visitnavarra\/wp-content\/uploads\/2020\/09\/FAMILIAR-BKZ-250.jpg\",\"width\":250,\"height\":250},{\"@type\":\"BreadcrumbList\",\"@id\":\"https:\/\/visitnavarra.info\/visitnavarra\/baztan-abentura-park-y-bertiz-abentura-park\/#breadcrumb\",\"itemListElement\":[{\"@type\":\"ListItem\",\"position\":1,\"name\":\"Portada\",\"item\":\"https:\/\/visitnavarra.info\/visitnavarra\/\"},{\"@type\":\"ListItem\",\"position\":2,\"name\":\"BAZTAN ABENTURA PARK Y BERTIZ ABENTURA PARK\"}]},{\"@type\":\"WebSite\",\"@id\":\"https:\/\/visitnavarra.info\/visitnavarra\/#website\",\"url\":\"https:\/\/visitnavarra.info\/visitnavarra\/\",\"name\":\"VisitNavarra\",\"description\":\"Alojamiento y experiencias tur\u00edsticas en Navarra; qu\u00e9 visitar en Navarra; comer en Navarra\",\"potentialAction\":[{\"@type\":\"SearchAction\",\"target\":{\"@type\":\"EntryPoint\",\"urlTemplate\":\"https:\/\/visitnavarra.info\/visitnavarra\/?s={search_term_string}\"},\"query-input\":{\"@type\":\"PropertyValueSpecification\",\"valueRequired\":true,\"valueName\":\"search_term_string\"}}],\"inLanguage\":\"es\"}]}<\/script>\n<!-- \/ Yoast SEO plugin. -->","yoast_head_json":{"title":"BAZTAN ABENTURA PARK Y BERTIZ ABENTURA PARK - VisitNavarra","robots":{"index":"index","follow":"follow","max-snippet":"max-snippet:-1","max-image-preview":"max-image-preview:large","max-video-preview":"max-video-preview:-1"},"canonical":"https:\/\/visitnavarra.info\/visitnavarra\/baztan-abentura-park-y-bertiz-abentura-park\/","og_locale":"es_ES","og_type":"article","og_title":"BAZTAN ABENTURA PARK Y BERTIZ ABENTURA PARK - VisitNavarra","og_description":"[vc_row][vc_column][vc_column_text]BIDASOA KULTUR ZERBITZUAK te ofrece deportes multiaventura en 2 parques de aventura Bazt\u00e1n Abentura Park y Bertiz Abentura Park Si quieres vivir un mont\u00f3n de nuevas sensaciones te ofrecemos un amplio abanico de actividades multiaventura: Tirolinas gigantes y peque\u00f1as, ca\u00f1\u00f3n aquapark natural, piragua, v\u00eda ferrata, mega-p\u00e9ndulo, arborismo, paintball&#8230; \u00a1Elige tu plan!Todas las actividades est\u00e1n adaptadas para todo tipo de p\u00fablico: Adultos, ni\u00f1os, familias, asociaciones, grupos&#8230; Nuestra empresa, decana en el sector tur\u00edstico de la Comarca de Baztan-Bidasoa, ha sido merecedora del primer premio de turismo activo de aventura en la edici\u00f3n de 2015 de la Feria Internacional de TurismoFitur. DESTACA:* Disponemos de dos albergues: Kattalin (Legasa) y Bertiz (Narbarte)* Ofrecemos Servicio de Transporte Propio * Ofrecemos dos parques de Aventura: Baztan Abentura Park (Elizondo-Baztan) y Bertiz Abentura Park (Narbarte)* Nuestros Parques est\u00e1n dotados de la m\u00e1s avanzadas tecnolog\u00edasen materia de seguridad conforme a las exigencias de la UE. CONSULTAR TARIFAS [\/vc_column_text][\/vc_column][\/vc_row][vc_row][vc_column width=&#8221;1\/2&#8243;][vc_column_text][\/vc_column_text][\/vc_column][vc_column width=&#8221;1\/2&#8243;][vc_column_text]CONTACTOS \/ RESERVAS: Empresa: Bidasoa Kultur Zerbitzuak Persona de Contacto: Mattari Alzuarte Gaztelu Tel\u00e9fono: (+34) 948 59 23 22\/ (+34) 646 75 57 60 Mail: info@navarraaventura.com Web: www.navarraaventura.com[\/vc_column_text][\/vc_column][\/vc_row]","og_url":"https:\/\/visitnavarra.info\/visitnavarra\/baztan-abentura-park-y-bertiz-abentura-park\/","og_site_name":"VisitNavarra","article_modified_time":"2021-02-25T15:57:06+00:00","og_image":[{"url":"https:\/\/visitnavarra.info\/visitnavarra\/wp-content\/uploads\/2020\/09\/FAMILIAR-BKZ-250.jpg"}],"twitter_card":"summary_large_image","twitter_misc":{"Tiempo de lectura":"2 minutos"},"schema":{"@context":"https:\/\/schema.org","@graph":[{"@type":"WebPage","@id":"https:\/\/visitnavarra.info\/visitnavarra\/baztan-abentura-park-y-bertiz-abentura-park\/","url":"https:\/\/visitnavarra.info\/visitnavarra\/baztan-abentura-park-y-bertiz-abentura-park\/","name":"BAZTAN ABENTURA PARK Y BERTIZ ABENTURA PARK - VisitNavarra","isPartOf":{"@id":"https:\/\/visitnavarra.info\/visitnavarra\/#website"},"primaryImageOfPage":{"@id":"https:\/\/visitnavarra.info\/visitnavarra\/baztan-abentura-park-y-bertiz-abentura-park\/#primaryimage"},"image":{"@id":"https:\/\/visitnavarra.info\/visitnavarra\/baztan-abentura-park-y-bertiz-abentura-park\/#primaryimage"},"thumbnailUrl":"https:\/\/visitnavarra.info\/visitnavarra\/wp-content\/uploads\/2020\/09\/FAMILIAR-BKZ-250.jpg","datePublished":"2020-09-30T12:07:20+00:00","dateModified":"2021-02-25T15:57:06+00:00","breadcrumb":{"@id":"https:\/\/visitnavarra.info\/visitnavarra\/baztan-abentura-park-y-bertiz-abentura-park\/#breadcrumb"},"inLanguage":"es","potentialAction":[{"@type":"ReadAction","target":["https:\/\/visitnavarra.info\/visitnavarra\/baztan-abentura-park-y-bertiz-abentura-park\/"]}]},{"@type":"ImageObject","inLanguage":"es","@id":"https:\/\/visitnavarra.info\/visitnavarra\/baztan-abentura-park-y-bertiz-abentura-park\/#primaryimage","url":"https:\/\/visitnavarra.info\/visitnavarra\/wp-content\/uploads\/2020\/09\/FAMILIAR-BKZ-250.jpg","contentUrl":"https:\/\/visitnavarra.info\/visitnavarra\/wp-content\/uploads\/2020\/09\/FAMILIAR-BKZ-250.jpg","width":250,"height":250},{"@type":"BreadcrumbList","@id":"https:\/\/visitnavarra.info\/visitnavarra\/baztan-abentura-park-y-bertiz-abentura-park\/#breadcrumb","itemListElement":[{"@type":"ListItem","position":1,"name":"Portada","item":"https:\/\/visitnavarra.info\/visitnavarra\/"},{"@type":"ListItem","position":2,"name":"BAZTAN ABENTURA PARK Y BERTIZ ABENTURA PARK"}]},{"@type":"WebSite","@id":"https:\/\/visitnavarra.info\/visitnavarra\/#website","url":"https:\/\/visitnavarra.info\/visitnavarra\/","name":"VisitNavarra","description":"Alojamiento y experiencias tur\u00edsticas en Navarra; qu\u00e9 visitar en Navarra; comer en Navarra","potentialAction":[{"@type":"SearchAction","target":{"@type":"EntryPoint","urlTemplate":"https:\/\/visitnavarra.info\/visitnavarra\/?s={search_term_string}"},"query-input":{"@type":"PropertyValueSpecification","valueRequired":true,"valueName":"search_term_string"}}],"inLanguage":"es"}]}},"_links":{"self":[{"href":"https:\/\/visitnavarra.info\/visitnavarra\/wp-json\/wp\/v2\/pages\/6715","targetHints":{"allow":["GET"]}}],"collection":[{"href":"https:\/\/visitnavarra.info\/visitnavarra\/wp-json\/wp\/v2\/pages"}],"about":[{"href":"https:\/\/visitnavarra.info\/visitnavarra\/wp-json\/wp\/v2\/types\/page"}],"author":[{"embeddable":true,"href":"https:\/\/visitnavarra.info\/visitnavarra\/wp-json\/wp\/v2\/users\/1"}],"replies":[{"embeddable":true,"href":"https:\/\/visitnavarra.info\/visitnavarra\/wp-json\/wp\/v2\/comments?post=6715"}],"version-history":[{"count":14,"href":"https:\/\/visitnavarra.info\/visitnavarra\/wp-json\/wp\/v2\/pages\/6715\/revisions"}],"predecessor-version":[{"id":9081,"href":"https:\/\/visitnavarra.info\/visitnavarra\/wp-json\/wp\/v2\/pages\/6715\/revisions\/9081"}],"wp:attachment":[{"href":"https:\/\/visitnavarra.info\/visitnavarra\/wp-json\/wp\/v2\/media?parent=6715"}],"curies":[{"name":"wp","href":"https:\/\/api.w.org\/{rel}","templated":true}]}}