{"id":7589,"date":"2020-12-02T12:52:21","date_gmt":"2020-12-02T12:52:21","guid":{"rendered":"https:\/\/visitnavarra.info\/visitnavarra\/?page_id=7589"},"modified":"2020-12-02T13:05:55","modified_gmt":"2020-12-02T13:05:55","slug":"ruta-pirineos-orientales","status":"publish","type":"page","link":"https:\/\/visitnavarra.info\/visitnavarra\/ruta-pirineos-orientales\/","title":{"rendered":"Ruta Pirineos Orientales"},"content":{"rendered":"<p style=\"text-align: center;\"><img loading=\"lazy\" decoding=\"async\" class=\"aligncenter wp-image-7566 size-full\" src=\"https:\/\/visitnavarra.info\/visitnavarra\/wp-content\/uploads\/2020\/12\/FozLumbier-1024.jpg\" alt=\"\" width=\"1024\" height=\"445\" srcset=\"https:\/\/visitnavarra.info\/visitnavarra\/wp-content\/uploads\/2020\/12\/FozLumbier-1024.jpg 1024w, https:\/\/visitnavarra.info\/visitnavarra\/wp-content\/uploads\/2020\/12\/FozLumbier-1024-300x130.jpg 300w, https:\/\/visitnavarra.info\/visitnavarra\/wp-content\/uploads\/2020\/12\/FozLumbier-1024-768x334.jpg 768w\" sizes=\"auto, (max-width: 1024px) 100vw, 1024px\" \/><em>Fotograf\u00edas cedidas por Gobierno de Navarra<\/em><\/p>\n<p>&nbsp;<\/p>\n<h3><strong>PIRINEOS ORIENTALES: RONCESVALLES-IRATI<\/strong><\/h3>\n<p>Esta es la ocasi\u00f3n de recorrer una <strong>parte del Camino de Santiago, pero al rev\u00e9s.<\/strong> Y es que, desde el fascinante conjunto monumental de Roncesvalles, surge la ruta jacobea en Espa\u00f1a. Un camino inmerso en la hermosura de los verdes paisajes forales y la hospitalidad de sus bonitos pueblos.<\/p>\n<p>Dejamos Pamplona por Burlada y en el cruce de Villava (localidad de origen del campe\u00f3n de ciclismo Miguel Indur\u00e1in), tomamos la N135 direcci\u00f3n a Francia. Pasamos Huarte y seguimos hacia Francia y Zubiri, acogedora localidad con un puente g\u00f3tico medieval del que se dice que puede cuidar la rabia. Nos espera un paisaje precioso.<\/p>\n<p>Cogemos la v\u00eda N138 que en 7 kil\u00f3metros nos conducir\u00e1 hasta Eugui. Es una muy peque\u00f1a villa compuesta por escasas, pero grandes casonas norte\u00f1as ubicadas junto al pantano de Eugui, donde embalsan el agua para la comarca de Pamplona desde 1971. Al ser para consumo humano, el ba\u00f1o no est\u00e1 permitido. Este lago artificial asiduamente nos regala el reflejo de Eugui y el monte Quinto Real, 5,900 incre\u00edbles hect\u00e1reas habitadas por hayas, arces, acebo, boj, jabal\u00edes, zorros, ciervos,\u2026 En el inicio del oto\u00f1o, se puede escuchar la berrea de los ciervos machos.<\/p>\n<p>Volvemos a la N135 para pasar los puertos sencillos de Erro (801 m.) y Mezqu\u00edriz (922 m.). Atravesaremos Burguete, pueblo jacobeo que mantiene una calle-calzada peregrina e imponentes casonas blasonadas. Llegamos a Orreaga-Roncesvalles, enclave vital en Europa durante varios siglos y un lugar incre\u00edble con un inmenso significado hist\u00f3rico para Navarra.<\/p>\n<p>De nuevo, retrocedemos, y tomamos la carretera auton\u00f3mica NA140. Abandonamos Garralda, llegamos a Aribe y, en este punto, tomamos el desv\u00edo hacia Orbaiceta, hasta llegar a su <strong>bella F\u00e1brica de Armas<\/strong>, acompa\u00f1ados por la impresionante imagen de la Selva de Irati. Sorprende aquello de visitar una f\u00e1brica de armas. Al verla, comprendemos por qu\u00e9 es un lugar m\u00e1gico.<\/p>\n<p>De vuelta en Aribe, cogeremos el desv\u00edo hacia Villanueva de A\u00e9zkoa, en un valle de 925 metros de altitud donde hallaremos sus famosos <strong>h\u00f3rreos<\/strong>, y la iglesia de San Salvador.<br \/>\nPor \u00faltimo, cuidado con las carreteras en invierno: la nieve y el hielo son habituales.<\/p>\n<h3><strong>ORREAGA-RONCESVALLES<\/strong><\/h3>\n<p>En <strong>Roncesvalles<\/strong>, punto de partida del Camino de Santiago, uno siente la historia y la leyenda que mana de este m\u00edtico lugar.<br \/>\nFue un enclave vital en Europa durante la Edad Media. Miles de peregrinos acud\u00edan de todas partes. La Chanson de Roland, el cantar de gesta m\u00e1s antiguo de Francia (siglo XI) traspasaba fronteras relatando la historia del legendario h\u00e9roe, que perdi\u00f3 la vida en aquellos parajes en la batalla en la que Carlomagno fue derrotado por los vascones en el 778.<\/p>\n<p>En el 1127, se construy\u00f3 un hospital en el alto de Iba\u00f1eta, pero las nieves y el fr\u00edo, aconsejaron cinco a\u00f1os despu\u00e9s trasladarlo a Roncesvalles. Pronto comenz\u00f3 a recibir la Colegiata los favores de nobles, peregrinos y monarcas europeos, especialmente los de Sancho VII el Fuerte.<\/p>\n<p>La <strong>Real Colegiata<\/strong>, de estilo g\u00f3tico rural franc\u00e9s del siglo XIII y con cinco magn\u00edficas vidrieras, est\u00e1 compuesta por tres naves sin crucero, un claustro del XVII y una hermosa sala capitular, tambi\u00e9n capilla de San Agust\u00edn o Preciosa, donde descansan los restos del rey Sancho VII el Fuerte y su esposa. Este mausoleo recoge el tama\u00f1o real del rey. No es broma. Un estudio sobre su f\u00e9mur demostr\u00f3 lo que las cr\u00f3nicas de la \u00e9poca dec\u00edan: med\u00eda 2,25 metros.<br \/>\nLa Colegiata resguarda tambi\u00e9n una bella imagen de Nuestra Se\u00f1ora de Roncesvalles, del siglo XIV, cubierta toda de plata, excepto cara y manos. Es sorprendente la expresi\u00f3n de sus rasgados ojos mirando al Ni\u00f1o.<\/p>\n<p>En el edificio m\u00e1s antiguo, la Capilla del Sancti Spiritus o Silo de Carlomagno (siglo XII), est\u00e1n enterrados los peregrinos que mor\u00edan en Roncesvalles y seg\u00fan dicen, los doce pares de Francia muertos en la batalla de Roncesvalles. Cuentan que fue constru\u00edda sobre la piedra en la que Rold\u00e1n hundi\u00f3 su espada Durandal tras la derrota.<\/p>\n<p>El museo conserva piezas de esmalter\u00eda, orfebrer\u00eda, escultura y pintura, en especial la Sagrada Familia de Luis de Morales, un tr\u00edptico flamenco y el Evangeliario de Roncesvalles o el ajedrez de Carlomagno.<\/p>\n<p>Adem\u00e1s, Roncesvalles se completa con la Capilla de Santiago y la Cruz de los Peregrinos que desde el XVI nos despide cuando abandonamos Roncesvalles.<\/p>\n<h3><strong>F\u00c1BRICA DE ORBAICETA<\/strong><\/h3>\n<p>\u00c9ste es, sin duda, un enclave especial. <strong>La F\u00e1brica de Armas de Orbaiceta<\/strong> hace ya m\u00e1s de un siglo que no est\u00e1 en funcionamiento y la naturaleza ha conquistado muchos de sus espacios. Se funden los matorrales y la vegetaci\u00f3n frondosa con la estructura de hierro y piedra, los arcos de su arquitectura con un paisaje m\u00e1s propio de un parque natural que de una actividad industrial. Hay algo de irreal en este lugar y, ante todo, unos rincones que impresionan por su extra\u00f1a belleza, por su silencio.<\/p>\n<p>Se le llam\u00f3 la Real F\u00e1brica de munici\u00f3n para armamento. Se encuentra en una zona rica en yacimientos de cobre, mercurio, hierro, plata, zinc y plomo. Antiguamente, en este sitio exist\u00eda una ferrer\u00eda medieval. Y es que tenemos que remontarnos hasta 1784, cuando el rey Carlos III de Espa\u00f1a compr\u00f3 esta fundici\u00f3n. Para entonces, ya los recursos minerales se hab\u00edan agotado, as\u00ed que se hizo traer los materiales de minas vizca\u00ednas. Esta f\u00e1brica se dedic\u00f3 a constru\u00edr bombas de artiller\u00eda y lingotes de hierro. Por su riqueza productiva y la cercan\u00eda a la frontera, fue objeto de numerosos ataques, saqueos e incendios hasta que finalmente ces\u00f3 su actividad en 1873. Abandonada durante a\u00f1os, fue resucitada con unos trabajos de restauraci\u00f3n que volvieron a sacar a la luz parte de lo que fue.<\/p>\n<p>No es muy frecuente poder visitar una muestra de arquitectura empresarial e industrial de aquellos tiempos y la F\u00e1brica de Orbaiceta nos cuenta mucho acerca de c\u00f3mo fue la vida cuando a su alrededor a\u00fan bull\u00edan las voces de sus trabajadores. Observaremos las casas de los obreros alrededor de la plaza y parte del proceso de fabricaci\u00f3n de las armas: sus talleres, los dep\u00f3sitos, dos hornos de fundici\u00f3n,\u2026 el coraz\u00f3n de la f\u00e1brica.<\/p>\n<p>Adem\u00e1s, est\u00e1 el canal constru\u00eddo para aprovechar la fuerza del r\u00edo Legarza, un conducto que a\u00fan conserva sus s\u00f3lidos muros y restos de algunas sorprendentes b\u00f3vedas que lo conformaron.<br \/>\nY adem\u00e1s, desde esta f\u00e1brica, parten excursiones para visitar los d\u00f3menes y restos romanos de Urkulo y las monta\u00f1as m\u00e1s pr\u00f3ximas, Ortzanzurieta y Mendilaz.<\/p>\n<h3><strong>LA SELVA DEL IRATI<\/strong><\/h3>\n<p>Desde siempre la <strong>Selva del Irati<\/strong> ha estado ligada al mundo de las leyendas. No es de extra\u00f1ar. En un paraje tan bello, donde el silencio comparte su espacio con sonidos indescifrables, uno imagina ver al m\u00edtico Basajaun, un ser de gran altura y larga cabellera, que se apoya en un palo. Si lo hallamos en nuestro camino, no debemos hu\u00edr ni enfurecerlo. Si hacemos lo que nos dice, ser\u00e1 nuestro inofensivo gu\u00eda.<\/p>\n<p>La Selva del Irati es la mayor mancha forestal de Navarra y la segunda concentraci\u00f3n de hayas de Europa. Se halla en una depresi\u00f3n surcada por el r\u00edo Irati y sus afluentes, con una superficie de bosque de 12.400 hect\u00e1reas: de ellas, 6.250 son del monte Irati y 1.800 del monte de la Cuesti\u00f3n. Principalmente, est\u00e1 configurada por hayas y abetos, especies aut\u00f3ctonas. En oto\u00f1o es fascinante observar los inveros\u00edmiles colores que la propia naturaleza crea.<\/p>\n<p>Durante mucho tiempo, la Selva del Irati permaneci\u00f3 sin tocar, pero en el siglo XVIII fue objeto de agrias disputas entre Francia y Espa\u00f1a. Las guerras hicieron que codiciasen la madera para sus flotas navieras y de los abetos surg\u00edan los mejores m\u00e1stiles. En 1856, el Tratado de L\u00edmites concedi\u00f3 los terrenos a Espa\u00f1a y tambi\u00e9n en este siglo, se otorg\u00f3 al gobierno la tala gratuita de \u00e1rboles para la Armada. La explotaci\u00f3n se extendi\u00f3 a\u00fan m\u00e1s en el siglo XX.<\/p>\n<p>Pero de todo esto se libr\u00f3 un cachito de selva virgen en el Monte La Cuesti\u00f3n, 20 hect\u00e1reas de bosque inalterado llamado reserva de Lizardoya o el Parque. Los abetos alcanzan alturas de 40 metros y los troncos tienen m\u00e1s de un metro de di\u00e1metro. Frondosas copas impiden en ocasiones ver el cielo. Una aut\u00e9ntica delicia.<\/p>\n<p>Al norte, el<strong> embalse de Irabia<\/strong> es de una extraordinaria belleza. Se puede rodear los 9 kil\u00f3metros de este pantano a pie o en bici. Tambi\u00e9n en Irati hay magn\u00edficos robledales, como los de Tristuibartea y Aritztoki.<\/p>\n<p>Sin perder la pista de los paseos forestales, podremos sentir la vida en la selva: pinzones, petirrojos, jabal\u00edes, zorros. Caminando en silencio uno puede incluso encontrarse corzos y ciervos.<\/p>\n","protected":false},"excerpt":{"rendered":"<p>Fotograf\u00edas cedidas por Gobierno de Navarra &nbsp; PIRINEOS ORIENTALES: RONCESVALLES-IRATI Esta es la ocasi\u00f3n de recorrer una parte del Camino de Santiago, pero al rev\u00e9s. Y es que, desde el fascinante conjunto monumental de Roncesvalles, surge la ruta jacobea en Espa\u00f1a. Un camino inmerso en la hermosura de los verdes paisajes forales y la hospitalidad de sus bonitos pueblos. Dejamos Pamplona por Burlada y en el cruce de Villava (localidad de origen del campe\u00f3n de ciclismo Miguel Indur\u00e1in), tomamos la N135 direcci\u00f3n a Francia. Pasamos Huarte y seguimos hacia Francia y Zubiri, acogedora localidad con un puente g\u00f3tico medieval del que se dice que puede cuidar la rabia. Nos espera un paisaje precioso. Cogemos la v\u00eda N138 que en 7 kil\u00f3metros nos conducir\u00e1 hasta Eugui. Es una muy peque\u00f1a villa compuesta por escasas, pero grandes casonas norte\u00f1as ubicadas junto al pantano de Eugui, donde embalsan el agua para la comarca de Pamplona desde 1971. Al ser para consumo humano, el ba\u00f1o no est\u00e1 permitido. Este lago artificial asiduamente nos regala el reflejo de Eugui y el monte Quinto Real, 5,900 incre\u00edbles hect\u00e1reas habitadas por hayas, arces, acebo, boj, jabal\u00edes, zorros, ciervos,\u2026 En el inicio del oto\u00f1o, se puede escuchar la [&hellip;]<\/p>\n","protected":false},"author":1,"featured_media":0,"parent":0,"menu_order":0,"comment_status":"closed","ping_status":"closed","template":"","meta":{"footnotes":""},"class_list":["post-7589","page","type-page","status-publish","hentry"],"yoast_head":"<!-- This site is optimized with the Yoast SEO plugin v23.5 - https:\/\/yoast.com\/wordpress\/plugins\/seo\/ -->\n<title>PIRINEOS ORIENTALES: RONCESVALLES-IRATI - VisitNavarra<\/title>\n<meta name=\"description\" content=\"Esta es la ocasi\u00f3n de recorrer una parte del Camino de Santiago, pero al rev\u00e9s. Y es que, desde Roncesvalles, surge la ruta jacobea en Espa\u00f1a.\" \/>\n<meta name=\"robots\" content=\"index, follow, max-snippet:-1, max-image-preview:large, max-video-preview:-1\" \/>\n<link rel=\"canonical\" href=\"https:\/\/visitnavarra.info\/visitnavarra\/ruta-pirineos-orientales\/\" \/>\n<meta property=\"og:locale\" content=\"es_ES\" \/>\n<meta property=\"og:type\" content=\"article\" \/>\n<meta property=\"og:title\" content=\"PIRINEOS ORIENTALES: RONCESVALLES-IRATI - VisitNavarra\" \/>\n<meta property=\"og:description\" content=\"Esta es la ocasi\u00f3n de recorrer una parte del Camino de Santiago, pero al rev\u00e9s. Y es que, desde Roncesvalles, surge la ruta jacobea en Espa\u00f1a.\" \/>\n<meta property=\"og:url\" content=\"https:\/\/visitnavarra.info\/visitnavarra\/ruta-pirineos-orientales\/\" \/>\n<meta property=\"og:site_name\" content=\"VisitNavarra\" \/>\n<meta property=\"article:modified_time\" content=\"2020-12-02T13:05:55+00:00\" \/>\n<meta property=\"og:image\" content=\"https:\/\/visitnavarra.info\/visitnavarra\/wp-content\/uploads\/2020\/12\/FozLumbier-1024.jpg\" \/>\n<meta name=\"twitter:card\" content=\"summary_large_image\" \/>\n<meta name=\"twitter:label1\" content=\"Tiempo de lectura\" \/>\n\t<meta name=\"twitter:data1\" content=\"8 minutos\" \/>\n<script type=\"application\/ld+json\" class=\"yoast-schema-graph\">{\"@context\":\"https:\/\/schema.org\",\"@graph\":[{\"@type\":\"WebPage\",\"@id\":\"https:\/\/visitnavarra.info\/visitnavarra\/ruta-pirineos-orientales\/\",\"url\":\"https:\/\/visitnavarra.info\/visitnavarra\/ruta-pirineos-orientales\/\",\"name\":\"PIRINEOS ORIENTALES: RONCESVALLES-IRATI - VisitNavarra\",\"isPartOf\":{\"@id\":\"https:\/\/visitnavarra.info\/visitnavarra\/#website\"},\"primaryImageOfPage\":{\"@id\":\"https:\/\/visitnavarra.info\/visitnavarra\/ruta-pirineos-orientales\/#primaryimage\"},\"image\":{\"@id\":\"https:\/\/visitnavarra.info\/visitnavarra\/ruta-pirineos-orientales\/#primaryimage\"},\"thumbnailUrl\":\"https:\/\/visitnavarra.info\/visitnavarra\/wp-content\/uploads\/2020\/12\/FozLumbier-1024.jpg\",\"datePublished\":\"2020-12-02T12:52:21+00:00\",\"dateModified\":\"2020-12-02T13:05:55+00:00\",\"description\":\"Esta es la ocasi\u00f3n de recorrer una parte del Camino de Santiago, pero al rev\u00e9s. Y es que, desde Roncesvalles, surge la ruta jacobea en Espa\u00f1a.\",\"breadcrumb\":{\"@id\":\"https:\/\/visitnavarra.info\/visitnavarra\/ruta-pirineos-orientales\/#breadcrumb\"},\"inLanguage\":\"es\",\"potentialAction\":[{\"@type\":\"ReadAction\",\"target\":[\"https:\/\/visitnavarra.info\/visitnavarra\/ruta-pirineos-orientales\/\"]}]},{\"@type\":\"ImageObject\",\"inLanguage\":\"es\",\"@id\":\"https:\/\/visitnavarra.info\/visitnavarra\/ruta-pirineos-orientales\/#primaryimage\",\"url\":\"https:\/\/visitnavarra.info\/visitnavarra\/wp-content\/uploads\/2020\/12\/FozLumbier-1024.jpg\",\"contentUrl\":\"https:\/\/visitnavarra.info\/visitnavarra\/wp-content\/uploads\/2020\/12\/FozLumbier-1024.jpg\",\"width\":1024,\"height\":445},{\"@type\":\"BreadcrumbList\",\"@id\":\"https:\/\/visitnavarra.info\/visitnavarra\/ruta-pirineos-orientales\/#breadcrumb\",\"itemListElement\":[{\"@type\":\"ListItem\",\"position\":1,\"name\":\"Portada\",\"item\":\"https:\/\/visitnavarra.info\/visitnavarra\/\"},{\"@type\":\"ListItem\",\"position\":2,\"name\":\"Ruta Pirineos Orientales\"}]},{\"@type\":\"WebSite\",\"@id\":\"https:\/\/visitnavarra.info\/visitnavarra\/#website\",\"url\":\"https:\/\/visitnavarra.info\/visitnavarra\/\",\"name\":\"VisitNavarra\",\"description\":\"Alojamiento y experiencias tur\u00edsticas en Navarra; qu\u00e9 visitar en Navarra; comer en Navarra\",\"potentialAction\":[{\"@type\":\"SearchAction\",\"target\":{\"@type\":\"EntryPoint\",\"urlTemplate\":\"https:\/\/visitnavarra.info\/visitnavarra\/?s={search_term_string}\"},\"query-input\":{\"@type\":\"PropertyValueSpecification\",\"valueRequired\":true,\"valueName\":\"search_term_string\"}}],\"inLanguage\":\"es\"}]}<\/script>\n<!-- \/ Yoast SEO plugin. -->","yoast_head_json":{"title":"PIRINEOS ORIENTALES: RONCESVALLES-IRATI - VisitNavarra","description":"Esta es la ocasi\u00f3n de recorrer una parte del Camino de Santiago, pero al rev\u00e9s. Y es que, desde Roncesvalles, surge la ruta jacobea en Espa\u00f1a.","robots":{"index":"index","follow":"follow","max-snippet":"max-snippet:-1","max-image-preview":"max-image-preview:large","max-video-preview":"max-video-preview:-1"},"canonical":"https:\/\/visitnavarra.info\/visitnavarra\/ruta-pirineos-orientales\/","og_locale":"es_ES","og_type":"article","og_title":"PIRINEOS ORIENTALES: RONCESVALLES-IRATI - VisitNavarra","og_description":"Esta es la ocasi\u00f3n de recorrer una parte del Camino de Santiago, pero al rev\u00e9s. Y es que, desde Roncesvalles, surge la ruta jacobea en Espa\u00f1a.","og_url":"https:\/\/visitnavarra.info\/visitnavarra\/ruta-pirineos-orientales\/","og_site_name":"VisitNavarra","article_modified_time":"2020-12-02T13:05:55+00:00","og_image":[{"url":"https:\/\/visitnavarra.info\/visitnavarra\/wp-content\/uploads\/2020\/12\/FozLumbier-1024.jpg"}],"twitter_card":"summary_large_image","twitter_misc":{"Tiempo de lectura":"8 minutos"},"schema":{"@context":"https:\/\/schema.org","@graph":[{"@type":"WebPage","@id":"https:\/\/visitnavarra.info\/visitnavarra\/ruta-pirineos-orientales\/","url":"https:\/\/visitnavarra.info\/visitnavarra\/ruta-pirineos-orientales\/","name":"PIRINEOS ORIENTALES: RONCESVALLES-IRATI - VisitNavarra","isPartOf":{"@id":"https:\/\/visitnavarra.info\/visitnavarra\/#website"},"primaryImageOfPage":{"@id":"https:\/\/visitnavarra.info\/visitnavarra\/ruta-pirineos-orientales\/#primaryimage"},"image":{"@id":"https:\/\/visitnavarra.info\/visitnavarra\/ruta-pirineos-orientales\/#primaryimage"},"thumbnailUrl":"https:\/\/visitnavarra.info\/visitnavarra\/wp-content\/uploads\/2020\/12\/FozLumbier-1024.jpg","datePublished":"2020-12-02T12:52:21+00:00","dateModified":"2020-12-02T13:05:55+00:00","description":"Esta es la ocasi\u00f3n de recorrer una parte del Camino de Santiago, pero al rev\u00e9s. Y es que, desde Roncesvalles, surge la ruta jacobea en Espa\u00f1a.","breadcrumb":{"@id":"https:\/\/visitnavarra.info\/visitnavarra\/ruta-pirineos-orientales\/#breadcrumb"},"inLanguage":"es","potentialAction":[{"@type":"ReadAction","target":["https:\/\/visitnavarra.info\/visitnavarra\/ruta-pirineos-orientales\/"]}]},{"@type":"ImageObject","inLanguage":"es","@id":"https:\/\/visitnavarra.info\/visitnavarra\/ruta-pirineos-orientales\/#primaryimage","url":"https:\/\/visitnavarra.info\/visitnavarra\/wp-content\/uploads\/2020\/12\/FozLumbier-1024.jpg","contentUrl":"https:\/\/visitnavarra.info\/visitnavarra\/wp-content\/uploads\/2020\/12\/FozLumbier-1024.jpg","width":1024,"height":445},{"@type":"BreadcrumbList","@id":"https:\/\/visitnavarra.info\/visitnavarra\/ruta-pirineos-orientales\/#breadcrumb","itemListElement":[{"@type":"ListItem","position":1,"name":"Portada","item":"https:\/\/visitnavarra.info\/visitnavarra\/"},{"@type":"ListItem","position":2,"name":"Ruta Pirineos Orientales"}]},{"@type":"WebSite","@id":"https:\/\/visitnavarra.info\/visitnavarra\/#website","url":"https:\/\/visitnavarra.info\/visitnavarra\/","name":"VisitNavarra","description":"Alojamiento y experiencias tur\u00edsticas en Navarra; qu\u00e9 visitar en Navarra; comer en Navarra","potentialAction":[{"@type":"SearchAction","target":{"@type":"EntryPoint","urlTemplate":"https:\/\/visitnavarra.info\/visitnavarra\/?s={search_term_string}"},"query-input":{"@type":"PropertyValueSpecification","valueRequired":true,"valueName":"search_term_string"}}],"inLanguage":"es"}]}},"_links":{"self":[{"href":"https:\/\/visitnavarra.info\/visitnavarra\/wp-json\/wp\/v2\/pages\/7589","targetHints":{"allow":["GET"]}}],"collection":[{"href":"https:\/\/visitnavarra.info\/visitnavarra\/wp-json\/wp\/v2\/pages"}],"about":[{"href":"https:\/\/visitnavarra.info\/visitnavarra\/wp-json\/wp\/v2\/types\/page"}],"author":[{"embeddable":true,"href":"https:\/\/visitnavarra.info\/visitnavarra\/wp-json\/wp\/v2\/users\/1"}],"replies":[{"embeddable":true,"href":"https:\/\/visitnavarra.info\/visitnavarra\/wp-json\/wp\/v2\/comments?post=7589"}],"version-history":[{"count":1,"href":"https:\/\/visitnavarra.info\/visitnavarra\/wp-json\/wp\/v2\/pages\/7589\/revisions"}],"predecessor-version":[{"id":7590,"href":"https:\/\/visitnavarra.info\/visitnavarra\/wp-json\/wp\/v2\/pages\/7589\/revisions\/7590"}],"wp:attachment":[{"href":"https:\/\/visitnavarra.info\/visitnavarra\/wp-json\/wp\/v2\/media?parent=7589"}],"curies":[{"name":"wp","href":"https:\/\/api.w.org\/{rel}","templated":true}]}}