{"id":7609,"date":"2020-12-02T14:07:52","date_gmt":"2020-12-02T14:07:52","guid":{"rendered":"https:\/\/visitnavarra.info\/visitnavarra\/?page_id=7609"},"modified":"2020-12-02T14:07:52","modified_gmt":"2020-12-02T14:07:52","slug":"ruta-tierra-estella","status":"publish","type":"page","link":"https:\/\/visitnavarra.info\/visitnavarra\/ruta-tierra-estella\/","title":{"rendered":"Ruta Tierra Estella"},"content":{"rendered":"<p style=\"text-align: center;\"><img loading=\"lazy\" decoding=\"async\" class=\"aligncenter wp-image-7610 size-full\" src=\"https:\/\/visitnavarra.info\/visitnavarra\/wp-content\/uploads\/2020\/12\/Monasterio-Iranzu-1024.jpg\" alt=\"\" width=\"1024\" height=\"445\" srcset=\"https:\/\/visitnavarra.info\/visitnavarra\/wp-content\/uploads\/2020\/12\/Monasterio-Iranzu-1024.jpg 1024w, https:\/\/visitnavarra.info\/visitnavarra\/wp-content\/uploads\/2020\/12\/Monasterio-Iranzu-1024-300x130.jpg 300w, https:\/\/visitnavarra.info\/visitnavarra\/wp-content\/uploads\/2020\/12\/Monasterio-Iranzu-1024-768x334.jpg 768w\" sizes=\"auto, (max-width: 1024px) 100vw, 1024px\" \/><em>Fotograf\u00edas cedidas por Gobierno de Navarra<\/em><\/p>\n<p>&nbsp;<\/p>\n<h3><strong>TIERRA ESTELLA: Monasterio de Irantzu- Nacedero del Urederra-Estella-Puente la Reina-Obanos-Ermita de Eunate<\/strong><\/h3>\n<p><strong>Tierra Estella<\/strong> es s\u00edmbolo de localidades hist\u00f3ricas, vinos exquisitos y la armon\u00eda de las sierras de Urbasa y And\u00eda, con una peculiaridad: ambas sierras son de propiedad comunal, es decir, cualquier navarro puede hacer uso gratu\u00edto de ellas. Si uno lo solicita, recibe el lote de le\u00f1a que le pertenece.<\/p>\n<p>Salimos por la carretera de Logro\u00f1o, la N111, que atraviesa el puerto del Perd\u00f3n y sus molinos. Cruzamos Puente la Reina y llegamos a Estella, que bordeamos, hasta alcanzar un cruce en el que giraremos hacia el centro de la ciudad, Vitoria y San Sebasti\u00e1n. A la salida de Estella, tomaremos la carretera NA-120 a San Sebasti\u00e1n por Etxarri-Aranaz y ya en Ab\u00e1rzuza, tomamos una v\u00eda que en 4 kil\u00f3metros nos llevar\u00e1 al Monasterio de Irantzu.<\/p>\n<p>En medio de un hermoso ca\u00f1\u00f3n horadado por el r\u00edo, el monasterio, aunque benedictino de or\u00edgen, en el siglo XII cobr\u00f3 gran importancia con la orden cisterciense. Hoy admiramos su iglesia de tres naves y b\u00f3veda de crucer\u00eda, el claustro g\u00f3tico, la sala capitular y la cocina.<\/p>\n<p>Ya de regreso, nada m\u00e1s pasar Ab\u00e1rzuza, cogemos a la derecha una peque\u00f1a carretera sin se\u00f1alizar, que nos dejar\u00e1 en 10 kil\u00f3metros en la ruta de Olazagut\u00eda. Atentos, tomamos el desv\u00edo hacia Baquedano, donde en lo alto del pueblo, cogemos una pista que en medio kil\u00f3metro nos dejar\u00e1 en una campa. Ya a pie, iniciamos un camino alucinante de unos 45 minutos hasta el nacedero del<\/p>\n<p><strong>Urederra<\/strong>: cascadas y pozas espectaculares, pendientes rocosas y un variado bosque (hayas, fresnos, tilos, arces, avellanos, encinas) que envuelve al agua que el karst calizo de Urbasa absorvi\u00f3 y ahora libera. El agua impacta no s\u00f3lo por su belleza (Urederra significa agua preciosa en euskera), sino porque \u00a1est\u00e1 helada!.<\/p>\n<p>De vuelta, alcanzamos Estella, hermosa ciudad monumental que merece la pena visitar, al igual que Puente la Reina.<br \/>\nY apenas dejamos Puente, tomamos el desv\u00edo a Obanos y a la entra\u00f1able ermita de Santa Mar\u00eda de Eunate, de planta octogonal y evocador atrio porticado.<br \/>\nAconsejamos regresar hasta la carretera de Puente o ir por Muruzabal y Uterga, hasta la N111.<\/p>\n<h3><strong>LA ERMITA DE EUNATE<\/strong><\/h3>\n<p><strong>Eunate<\/strong>, <strong>ermita hermosa<\/strong> donde las haya, luce con sencillez y encanto su planta octogonal y una preciosa galer\u00eda arcada o claustro exterior.<\/p>\n<p>Rodeada por un paisaje llano y tranquilizador, cubierto de campos de cultivo, cereal y vi\u00f1edos, Eunate suma leyendas. Y es que la confusi\u00f3n reina sobre su origen. Aunque parece ser que fue constru\u00edda por nobles de Valdizarbe tras una peregrinaci\u00f3n a Jerusal\u00e9n, se dice que perteneci\u00f3 a los templarios o que fue iglesia-faro, con un fuego siempre vivo que orientaba a los peregrinos a los que les hab\u00eda ca\u00eddo la noche encima.<\/p>\n<p>Situada en pleno <strong>Camino de Santiago<\/strong>, Eunate ha sido lugar de acogida y hospital para los peregrinos, e incluso muchos, exhaustos, fueron enterrados ah\u00ed.<\/p>\n<p>Este templo es un capricho del rom\u00e1nico del siglo XIII. En su portada, \u00e1bside y capiteles, aguardan desafiantes, rostros misteriosos y fieras monstruosas. En su peculiar estructura octogonal, descubrimos los s\u00edmbolos de los principales canteros del momento. Adem\u00e1s, no debemos perder detalle del maravilloso atrio exterior porticado y sus variados capiteles.<\/p>\n<p>Eunate significa cien puertas en euskera (eun-ate) y biennacido en lat\u00edn (eu-nato). Sea como sea, atravesamos las puertas de la ermita y encontramos un bonito interior y una b\u00f3veda de nervios cuadrangulares que evoca la arquitectura \u00e1rabe.<\/p>\n<p>A Eunate se acude en romer\u00eda para pedir bonanza, agua y erradicaci\u00f3n de las plagas, pero aparte, otros muchos lo visitan por motivos esot\u00e9ricos, ya que a Eunate le atribuyen ese poder.<\/p>\n<p>Muy cerca de Eunate, est\u00e1 <strong>Obanos<\/strong>, una bella localidad, sede en el siglo XII de la orden de los Infanzones, nobles que combat\u00edan posibles abusos cometidos por los reyes. Todos los veranos, los vecinos de Obanos se entregan a la representaci\u00f3n del Misterio de Obanos. Un acto que cuenta la tragedia de San Guill\u00e9n y Santa Felicia, un joven duque aquitano que no pudo soportar que su noble hermana quisiera dedicarse a cuidar de los pobres y la mat\u00f3. Arrepentido, el duque se retir\u00f3 a la cercana ermita de Arnotegui. Es una muy cuidada representaci\u00f3n que se desarrolla en la hist\u00f3rica y ambientada plaza de Obanos.<\/p>\n<h3><strong>ESTELLA: LA CIUDAD DEL EGA<\/strong><\/h3>\n<p><strong>Estella<\/strong> desborda historia. Cada rinc\u00f3n, edificio o iglesia de esta ciudad monumental re\u00fane arte.<\/p>\n<p>Fue constru\u00edda en el 1090 por el rey Sancho Ram\u00edrez sobre el poblado vasc\u00f3n de Lizarra para ayudar a los peregrinos. As\u00ed, la antigua Lizarra inici\u00f3 un importante desarrollo en plena ruta compostelana. Los francos llegaron y, entre los vecinos, se asent\u00f3 un importante n\u00famero de jud\u00edos que convirtieron a Estella en un gran centro de la juder\u00eda. Hered\u00f3 una gran actividad comercial, premiada geogr\u00e1ficamente al unir la Monta\u00f1a y la Ribera.<\/p>\n<p>En el siglo XIX, Estella, gran baluarte de las tesis carlistas, fue nombrada capital del Estado Carlista y tuvo hasta ministros y c\u00f3digo penal propio.<br \/>\nAnte la inevitable selecci\u00f3n de sus obras de arte, comenzamos por la plaza de San Mart\u00edn. En ella, el Palacio de los Reyes de Navarra, del siglo XII y ejemplo \u00fanico del rom\u00e1nico civil en Navarra, es hoy Museo Gustavo de Maeztu.<\/p>\n<p>El Juzgado Comarcal, del siglo XVIII, se encuentra junto a la escalinata. Subi\u00e9ndola, vemos la iglesia San Pedro de la R\u00faa, cisterciense del siglo XII, con una hermosa portada y claustro rom\u00e1nico.<\/p>\n<p>En la calle de la R\u00faa nos esperan el palacio plateresco Fray Diego de Estella (hoy Casa de Cultura), el Palacio del Gobernador y el sencillo Puente de la C\u00e1rcel o San Agust\u00edn.<br \/>\nLa iglesia G\u00f3tica del Santo Sepulcro, el convento g\u00f3tico de Santo Domingo y la iglesia rom\u00e1nica de Santa Mar\u00eda Jus del Castillo, tambi\u00e9n nos aguardan.<\/p>\n<p>Y a\u00fan nos quedan lugares maravillosos como la iglesia de San Mart\u00edn, la plaza de los Fueros y la de Santiago, donde todos los jueves se celebra un mercado de gran relevancia artesana: cer\u00e1mica, telas, forja, piel, madera,\u2026<\/p>\n<p>Es necesario mencionar la iglesia de San Juan, el Convento de Recoletas, la bas\u00edlica de la Virgen del Puy, del siglo XX, el convento de Santa Clara y la iglesia Nuestra Se\u00f1ora de Rocamador.<br \/>\nAdem\u00e1s, podremos disfrutar de un gorr\u00edn asado y tres denominaciones de origen: queso Idiaz\u00e1bal, pimiento del piquillo de Lodosa y vinos adscritos a la denominaci\u00f3n de origen de Navarra.<\/p>\n<p>Muchas de las bodegas abren sus puertas al visitante.<\/p>\n<h3><strong>PUENTE LA REINA\/GAR\u00c9S<\/strong><\/h3>\n<p>\u201cY desde aqu\u00ed todos los caminos a Santiago se hacen uno solo\u201d. As\u00ed reza el Monumento al Peregrino que nos da la bienvenida. Y no miente: Puente la Reina une las rutas de quienes cruzaban los Pirineos por Somport y los de Valcarlos.<\/p>\n<p><strong>Puente la Reina<\/strong> debe su nombre a un magn\u00edfico puente rom\u00e1nico de piedra anterior a la villa. Cuentan que hab\u00eda sido encargado por una reina; otros aseguran que no era Regina la palabra original, sino Runa, como antiguamente se conoc\u00eda al r\u00edo Arga.<\/p>\n<p>Este bello puente se edific\u00f3 en la primera mitad del siglo XI para facilitar el paso de los peregrinos. Hoy, presume de seis ojos de medio punto de distinta abertura, uno m\u00e1s bajo tierra. Unos arquillos horadados en la piedra permiten el paso del agua cuando el r\u00edo va crecido. Adem\u00e1s, lo adorna la bonita leyenda de el Txori, un pajarillo que lavaba el rostro de la Virgen con el agua del r\u00edo que transportaba en su pico.<\/p>\n<p>Puente la Reina, cruce vital de caminos y gente, pronto se enriqueci\u00f3 econ\u00f3mica y culturalmente. Muestra de ello es la iglesia del Crucifijo tardorrom\u00e1nica construida por los templarios a mitad del siglo XII, que acoge la Virgen con Ni\u00f1o del siglo XII y un bell\u00edsimo Crucificado g\u00f3tico, proveniente de Alemania, llamativo por la forma de Y que tiene su cruz.<\/p>\n<p>La calle Mayor es calle y arte a la vez: arquitectura popular con casas blasonadas, palacios, comercios de artesanos,\u2026<\/p>\n<p>La iglesia de Santiago el Mayor, de final del siglo XII y reconstruida en el XV, muestra su portada romana y las tallas g\u00f3ticas de San Bartolom\u00e9 y de Santiago Beltza, denominado as\u00ed por el color oscuro que ten\u00eda antes de que se restaurara.<\/p>\n<p>Tras pasar por la entra\u00f1able Plaza Mayor, cerca del puente, est\u00e1 la iglesia de San Pedro y el convento de Comendadoras de Sancti Spiritus.<br \/>\nGastron\u00f3micamente, la mesa est\u00e1 servida con alubias blancas o rojas, asado de cerdo o cordero, en \u00e9poca de caza, codorniz, liebre o perdiz y vinos excelentes de Valdizarbe.<\/p>\n","protected":false},"excerpt":{"rendered":"<p>Fotograf\u00edas cedidas por Gobierno de Navarra &nbsp; TIERRA ESTELLA: Monasterio de Irantzu- Nacedero del Urederra-Estella-Puente la Reina-Obanos-Ermita de Eunate Tierra Estella es s\u00edmbolo de localidades hist\u00f3ricas, vinos exquisitos y la armon\u00eda de las sierras de Urbasa y And\u00eda, con una peculiaridad: ambas sierras son de propiedad comunal, es decir, cualquier navarro puede hacer uso gratu\u00edto de ellas. Si uno lo solicita, recibe el lote de le\u00f1a que le pertenece. Salimos por la carretera de Logro\u00f1o, la N111, que atraviesa el puerto del Perd\u00f3n y sus molinos. Cruzamos Puente la Reina y llegamos a Estella, que bordeamos, hasta alcanzar un cruce en el que giraremos hacia el centro de la ciudad, Vitoria y San Sebasti\u00e1n. A la salida de Estella, tomaremos la carretera NA-120 a San Sebasti\u00e1n por Etxarri-Aranaz y ya en Ab\u00e1rzuza, tomamos una v\u00eda que en 4 kil\u00f3metros nos llevar\u00e1 al Monasterio de Irantzu. En medio de un hermoso ca\u00f1\u00f3n horadado por el r\u00edo, el monasterio, aunque benedictino de or\u00edgen, en el siglo XII cobr\u00f3 gran importancia con la orden cisterciense. Hoy admiramos su iglesia de tres naves y b\u00f3veda de crucer\u00eda, el claustro g\u00f3tico, la sala capitular y la cocina. Ya de regreso, nada m\u00e1s pasar Ab\u00e1rzuza, cogemos [&hellip;]<\/p>\n","protected":false},"author":1,"featured_media":0,"parent":0,"menu_order":0,"comment_status":"closed","ping_status":"closed","template":"","meta":{"footnotes":""},"class_list":["post-7609","page","type-page","status-publish","hentry"],"yoast_head":"<!-- This site is optimized with the Yoast SEO plugin v23.5 - https:\/\/yoast.com\/wordpress\/plugins\/seo\/ -->\n<title>Ruta Tierra Estella Nacedero del UrederraRuta Tierra Estella - VisitNavarra<\/title>\n<meta name=\"description\" content=\"Tierra Estella es s\u00edmbolo de localidades hist\u00f3ricas, vinos exquisitos y la armon\u00eda de las sierras de Urbasa y And\u00eda, con una peculiaridad:\" \/>\n<meta name=\"robots\" content=\"index, follow, max-snippet:-1, max-image-preview:large, max-video-preview:-1\" \/>\n<link rel=\"canonical\" href=\"https:\/\/visitnavarra.info\/visitnavarra\/ruta-tierra-estella\/\" \/>\n<meta property=\"og:locale\" content=\"es_ES\" \/>\n<meta property=\"og:type\" content=\"article\" \/>\n<meta property=\"og:title\" content=\"Ruta Tierra Estella Nacedero del UrederraRuta Tierra Estella - VisitNavarra\" \/>\n<meta property=\"og:description\" content=\"Tierra Estella es s\u00edmbolo de localidades hist\u00f3ricas, vinos exquisitos y la armon\u00eda de las sierras de Urbasa y And\u00eda, con una peculiaridad:\" \/>\n<meta property=\"og:url\" content=\"https:\/\/visitnavarra.info\/visitnavarra\/ruta-tierra-estella\/\" \/>\n<meta property=\"og:site_name\" content=\"VisitNavarra\" \/>\n<meta property=\"og:image\" content=\"https:\/\/visitnavarra.info\/visitnavarra\/wp-content\/uploads\/2020\/12\/Monasterio-Iranzu-1024.jpg\" \/>\n<meta name=\"twitter:card\" content=\"summary_large_image\" \/>\n<meta name=\"twitter:label1\" content=\"Tiempo de lectura\" \/>\n\t<meta name=\"twitter:data1\" content=\"8 minutos\" \/>\n<script type=\"application\/ld+json\" class=\"yoast-schema-graph\">{\"@context\":\"https:\/\/schema.org\",\"@graph\":[{\"@type\":\"WebPage\",\"@id\":\"https:\/\/visitnavarra.info\/visitnavarra\/ruta-tierra-estella\/\",\"url\":\"https:\/\/visitnavarra.info\/visitnavarra\/ruta-tierra-estella\/\",\"name\":\"Ruta Tierra Estella Nacedero del UrederraRuta Tierra Estella - VisitNavarra\",\"isPartOf\":{\"@id\":\"https:\/\/visitnavarra.info\/visitnavarra\/#website\"},\"primaryImageOfPage\":{\"@id\":\"https:\/\/visitnavarra.info\/visitnavarra\/ruta-tierra-estella\/#primaryimage\"},\"image\":{\"@id\":\"https:\/\/visitnavarra.info\/visitnavarra\/ruta-tierra-estella\/#primaryimage\"},\"thumbnailUrl\":\"https:\/\/visitnavarra.info\/visitnavarra\/wp-content\/uploads\/2020\/12\/Monasterio-Iranzu-1024.jpg\",\"datePublished\":\"2020-12-02T14:07:52+00:00\",\"dateModified\":\"2020-12-02T14:07:52+00:00\",\"description\":\"Tierra Estella es s\u00edmbolo de localidades hist\u00f3ricas, vinos exquisitos y la armon\u00eda de las sierras de Urbasa y And\u00eda, con una peculiaridad:\",\"breadcrumb\":{\"@id\":\"https:\/\/visitnavarra.info\/visitnavarra\/ruta-tierra-estella\/#breadcrumb\"},\"inLanguage\":\"es\",\"potentialAction\":[{\"@type\":\"ReadAction\",\"target\":[\"https:\/\/visitnavarra.info\/visitnavarra\/ruta-tierra-estella\/\"]}]},{\"@type\":\"ImageObject\",\"inLanguage\":\"es\",\"@id\":\"https:\/\/visitnavarra.info\/visitnavarra\/ruta-tierra-estella\/#primaryimage\",\"url\":\"https:\/\/visitnavarra.info\/visitnavarra\/wp-content\/uploads\/2020\/12\/Monasterio-Iranzu-1024.jpg\",\"contentUrl\":\"https:\/\/visitnavarra.info\/visitnavarra\/wp-content\/uploads\/2020\/12\/Monasterio-Iranzu-1024.jpg\",\"width\":1024,\"height\":445},{\"@type\":\"BreadcrumbList\",\"@id\":\"https:\/\/visitnavarra.info\/visitnavarra\/ruta-tierra-estella\/#breadcrumb\",\"itemListElement\":[{\"@type\":\"ListItem\",\"position\":1,\"name\":\"Portada\",\"item\":\"https:\/\/visitnavarra.info\/visitnavarra\/\"},{\"@type\":\"ListItem\",\"position\":2,\"name\":\"Ruta Tierra Estella\"}]},{\"@type\":\"WebSite\",\"@id\":\"https:\/\/visitnavarra.info\/visitnavarra\/#website\",\"url\":\"https:\/\/visitnavarra.info\/visitnavarra\/\",\"name\":\"VisitNavarra\",\"description\":\"Alojamiento y experiencias tur\u00edsticas en Navarra; qu\u00e9 visitar en Navarra; comer en Navarra\",\"potentialAction\":[{\"@type\":\"SearchAction\",\"target\":{\"@type\":\"EntryPoint\",\"urlTemplate\":\"https:\/\/visitnavarra.info\/visitnavarra\/?s={search_term_string}\"},\"query-input\":{\"@type\":\"PropertyValueSpecification\",\"valueRequired\":true,\"valueName\":\"search_term_string\"}}],\"inLanguage\":\"es\"}]}<\/script>\n<!-- \/ Yoast SEO plugin. -->","yoast_head_json":{"title":"Ruta Tierra Estella Nacedero del UrederraRuta Tierra Estella - VisitNavarra","description":"Tierra Estella es s\u00edmbolo de localidades hist\u00f3ricas, vinos exquisitos y la armon\u00eda de las sierras de Urbasa y And\u00eda, con una peculiaridad:","robots":{"index":"index","follow":"follow","max-snippet":"max-snippet:-1","max-image-preview":"max-image-preview:large","max-video-preview":"max-video-preview:-1"},"canonical":"https:\/\/visitnavarra.info\/visitnavarra\/ruta-tierra-estella\/","og_locale":"es_ES","og_type":"article","og_title":"Ruta Tierra Estella Nacedero del UrederraRuta Tierra Estella - VisitNavarra","og_description":"Tierra Estella es s\u00edmbolo de localidades hist\u00f3ricas, vinos exquisitos y la armon\u00eda de las sierras de Urbasa y And\u00eda, con una peculiaridad:","og_url":"https:\/\/visitnavarra.info\/visitnavarra\/ruta-tierra-estella\/","og_site_name":"VisitNavarra","og_image":[{"url":"https:\/\/visitnavarra.info\/visitnavarra\/wp-content\/uploads\/2020\/12\/Monasterio-Iranzu-1024.jpg"}],"twitter_card":"summary_large_image","twitter_misc":{"Tiempo de lectura":"8 minutos"},"schema":{"@context":"https:\/\/schema.org","@graph":[{"@type":"WebPage","@id":"https:\/\/visitnavarra.info\/visitnavarra\/ruta-tierra-estella\/","url":"https:\/\/visitnavarra.info\/visitnavarra\/ruta-tierra-estella\/","name":"Ruta Tierra Estella Nacedero del UrederraRuta Tierra Estella - VisitNavarra","isPartOf":{"@id":"https:\/\/visitnavarra.info\/visitnavarra\/#website"},"primaryImageOfPage":{"@id":"https:\/\/visitnavarra.info\/visitnavarra\/ruta-tierra-estella\/#primaryimage"},"image":{"@id":"https:\/\/visitnavarra.info\/visitnavarra\/ruta-tierra-estella\/#primaryimage"},"thumbnailUrl":"https:\/\/visitnavarra.info\/visitnavarra\/wp-content\/uploads\/2020\/12\/Monasterio-Iranzu-1024.jpg","datePublished":"2020-12-02T14:07:52+00:00","dateModified":"2020-12-02T14:07:52+00:00","description":"Tierra Estella es s\u00edmbolo de localidades hist\u00f3ricas, vinos exquisitos y la armon\u00eda de las sierras de Urbasa y And\u00eda, con una peculiaridad:","breadcrumb":{"@id":"https:\/\/visitnavarra.info\/visitnavarra\/ruta-tierra-estella\/#breadcrumb"},"inLanguage":"es","potentialAction":[{"@type":"ReadAction","target":["https:\/\/visitnavarra.info\/visitnavarra\/ruta-tierra-estella\/"]}]},{"@type":"ImageObject","inLanguage":"es","@id":"https:\/\/visitnavarra.info\/visitnavarra\/ruta-tierra-estella\/#primaryimage","url":"https:\/\/visitnavarra.info\/visitnavarra\/wp-content\/uploads\/2020\/12\/Monasterio-Iranzu-1024.jpg","contentUrl":"https:\/\/visitnavarra.info\/visitnavarra\/wp-content\/uploads\/2020\/12\/Monasterio-Iranzu-1024.jpg","width":1024,"height":445},{"@type":"BreadcrumbList","@id":"https:\/\/visitnavarra.info\/visitnavarra\/ruta-tierra-estella\/#breadcrumb","itemListElement":[{"@type":"ListItem","position":1,"name":"Portada","item":"https:\/\/visitnavarra.info\/visitnavarra\/"},{"@type":"ListItem","position":2,"name":"Ruta Tierra Estella"}]},{"@type":"WebSite","@id":"https:\/\/visitnavarra.info\/visitnavarra\/#website","url":"https:\/\/visitnavarra.info\/visitnavarra\/","name":"VisitNavarra","description":"Alojamiento y experiencias tur\u00edsticas en Navarra; qu\u00e9 visitar en Navarra; comer en Navarra","potentialAction":[{"@type":"SearchAction","target":{"@type":"EntryPoint","urlTemplate":"https:\/\/visitnavarra.info\/visitnavarra\/?s={search_term_string}"},"query-input":{"@type":"PropertyValueSpecification","valueRequired":true,"valueName":"search_term_string"}}],"inLanguage":"es"}]}},"_links":{"self":[{"href":"https:\/\/visitnavarra.info\/visitnavarra\/wp-json\/wp\/v2\/pages\/7609","targetHints":{"allow":["GET"]}}],"collection":[{"href":"https:\/\/visitnavarra.info\/visitnavarra\/wp-json\/wp\/v2\/pages"}],"about":[{"href":"https:\/\/visitnavarra.info\/visitnavarra\/wp-json\/wp\/v2\/types\/page"}],"author":[{"embeddable":true,"href":"https:\/\/visitnavarra.info\/visitnavarra\/wp-json\/wp\/v2\/users\/1"}],"replies":[{"embeddable":true,"href":"https:\/\/visitnavarra.info\/visitnavarra\/wp-json\/wp\/v2\/comments?post=7609"}],"version-history":[{"count":1,"href":"https:\/\/visitnavarra.info\/visitnavarra\/wp-json\/wp\/v2\/pages\/7609\/revisions"}],"predecessor-version":[{"id":7614,"href":"https:\/\/visitnavarra.info\/visitnavarra\/wp-json\/wp\/v2\/pages\/7609\/revisions\/7614"}],"wp:attachment":[{"href":"https:\/\/visitnavarra.info\/visitnavarra\/wp-json\/wp\/v2\/media?parent=7609"}],"curies":[{"name":"wp","href":"https:\/\/api.w.org\/{rel}","templated":true}]}}