{"id":7863,"date":"2020-12-04T13:55:29","date_gmt":"2020-12-04T13:55:29","guid":{"rendered":"https:\/\/visitnavarra.info\/visitnavarra\/?page_id=7863"},"modified":"2024-05-20T10:35:06","modified_gmt":"2024-05-20T10:35:06","slug":"catedral-de-santa-maria","status":"publish","type":"page","link":"https:\/\/visitnavarra.info\/visitnavarra\/catedral-de-santa-maria\/","title":{"rendered":"Catedral de Santa Mar\u00eda"},"content":{"rendered":"<p>[vc_row][vc_column width=&#8221;1\/2&#8243;][vc_column_text]<\/p>\n<h1 style=\"text-align: center;\"><strong>Catedral de Santa Mar\u00eda<\/strong><\/h1>\n<p>[\/vc_column_text]<div class=\"single_image wpb_content_element align-center  image_box_circle image_box_border  \" data-animation=\"none\" data-delay=\"0\"><img loading=\"lazy\" decoding=\"async\" width=\"217\" height=\"155\" src=\"https:\/\/visitnavarra.info\/visitnavarra\/wp-content\/uploads\/2020\/12\/Catedral-Santa-Maria-Pamplona.jpg\" class=\"attachment-medium\" alt=\"\" \/><\/div>[vc_column_text]<\/p>\n<p>[\/vc_column_text][\/vc_column][vc_column width=&#8221;1\/2&#8243;][vc_column_text]<strong>Localidad<\/strong>: PAMPLONA (31001)<br \/>\n<strong>Direcci\u00f3n<\/strong>: Calle Dormitaler\u00eda<br \/>\n<strong>Zona<\/strong>: La Cuenca de Pamplona<br \/>\n<strong>Estilo<\/strong>: G\u00f3tico<br \/>\n<strong>Siglos de construcci\u00f3n<\/strong>: XIV<br \/>\n<strong>Precio visita<\/strong>: Consultar. Descuentos especiales para determinados colectivos y para grupos.<br \/>\n<strong>Tel\u00e9fonos<\/strong>: 948222990 &#8211; 609936934 &#8211; 948227400<br \/>\n<strong>Email:<\/strong> guiapatrimoniocultural@yahoo.es[\/vc_column_text][\/vc_column][\/vc_row][vc_row][vc_column width=&#8221;1\/1&#8243;][vc_column_text]<\/p>\n<h3><strong>Descripci\u00f3n<\/strong><\/h3>\n<p>Ubicada sobre el promontorio del Casco Antiguo de Pamplona, en id\u00e9ntico lugar en que se asent\u00f3 la Pompaelo romana, se encuentra la <strong>Catedral de Santa Mar\u00eda de Pamplona, obra del g\u00f3tico de los siglos XIV y XV<\/strong>.<\/p>\n<p>Este emblem\u00e1tico monumento es el que m\u00e1s reliquias hist\u00f3rico-art\u00edsticas atesora de la ciudad. En ella se coronaron los reyes, se reunieron las Cortes y durante tres siglos tuvo su sede la Diputaci\u00f3n del Reino.<\/p>\n<p>La sobriedad de su fachada neocl\u00e1sica, <strong>obra de Ventura Rodr\u00edguez<\/strong>, contrasta con la est\u00e9tica g\u00f3tica del interior del templo, cuya nave central, de 28 metros de altura, alberga el bello sepulcro de Carlos III de Navarra y su esposa Leonor de Castilla.<\/p>\n<p>La verdadera joya de esta Catedral es su Claustro, considerado como uno de los m\u00e1s exquisitos del g\u00f3tico universal. Desde la fundaci\u00f3n romana de Pamplona, el solar de la Catedral siempre ha sido elegido como sede del principal templo cristiano de la ciudad.<\/p>\n<p>All\u00ed Carlos III El Noble orden\u00f3 construir el actual recinto al m\u00e1s puro estilo g\u00f3tico, inspir\u00e1ndose en otras fabulosas catedrales como la de Bayona, en Francia. Su ubicaci\u00f3n dentro de la ruta de los peregrinos hacia Santiago, hizo que el edificio presentara un \u00e1bside poligonal con deambulatorio, caracter\u00edstico de las iglesias de peregrinaci\u00f3n.<\/p>\n<h3><strong>La catedral de Pamplona<\/strong><\/h3>\n<p>fue restaurada entre 1992 y 1994 en unas obras que rescataron parte de la rica policrom\u00eda que en origen cubr\u00eda muros, pilares y cubiertas, y que ocultaba un repinte de 1773 que imitaba el color de la piedra, y que acrecentaron la luminosidad del templo, con l\u00e1mparas recubiertas en plata forjadas en talleres de Granada.<\/p>\n<p>Las obras de restauraci\u00f3n confirmaron la existencia de templos anteriores de los siglos VI y X, adem\u00e1s de permitir la aparici\u00f3n de una cripta rom\u00e1nica bajo el \u00e1bside izquierdo del templo.<\/p>\n<h3><strong>La fachada de la catedral<\/strong><\/h3>\n<p>es sin duda, el elemento m\u00e1s pol\u00e9mico del conjunto; obra del arquitecto madrile\u00f1o Ventura Rodr\u00edguez, el cabildo la mand\u00f3 construir en 1783 para sustituir a la primitiva rom\u00e1nica, muy deteriorada.<\/p>\n<p>Afortunadamente, hoy todav\u00eda podemos contemplar sus bellos capiteles en el Museo de Navarra. Su cuerpo principal es fiel reflejo del templo griego, con frontis y columnas, a cuyos extremos se erigen dos altas torres, una de las cuales alberga la Campana Mar\u00eda, que con sus 12 toneladas es la segunda m\u00e1s pesada de Espa\u00f1a.<\/p>\n<p>Cuenta la tradici\u00f3n que el l\u00edmite del territorio que denominamos &#8220;Cuenca de Pamplona&#8221; est\u00e1 marcado por aquellos lugares hasta donde llega el ta\u00f1ido de esta campana.<\/p>\n<h3>Ya en el interior<\/h3>\n<p>la planta de cruz latina cuenta con tres naves, capillas entre los contrafuertes y cabecera con capillas que forman la girola. El templo est\u00e1 cubierto con b\u00f3vedas de crucer\u00eda, ventanas de tracer\u00edas flam\u00edgeras y dos rosetones.<\/p>\n<p>En la <strong>nave central se encuentra el Mausoleo a los Reyes de Navarra Carlos III el Noble y Leonor de Trast\u00e1mara<\/strong>, obra de soberbio valor art\u00edstico realizada en alabastro por Johan Lome de Tournai.<\/p>\n<p><strong>El conjunto escult\u00f3rico se completa con 28 figuras plorantes<\/strong> de nobles y alto clero que rodean a los reyes yacentes, sobre una cripta que guarda restos de monarcas y pr\u00edncipes enterrados<\/p>\n<p>Preside el templo la talla de madera revestida en plata de Santa Mar\u00eda la Real. Ante esta virgen rom\u00e1nica del siglo XII, la m\u00e1s antigua de las im\u00e1genes marianas conservadas en Navarra, se coronaban, bautizaban y bendec\u00edan los reyes navarros.<\/p>\n<p><strong>El retablo de Caparroso<\/strong> (1507), el lienzo de Fray Luis Ricci (1632), ambos en la girola, o el Santo Cristo crucificado, obra maestra de Juan de Anchieta (siglo XVI), que se encuentra nada m\u00e1s entrar a la izquierda, son las obras art\u00edsticas m\u00e1s sobresalientes del recinto religioso.<\/p>\n<h3>El Claustro<\/h3>\n<p>Es uno de los mejores ejemplos del g\u00f3tico universal; una combinaci\u00f3n magistral de curvas y rectas dominada por las grandes arcadas ojivales y treboladas, rematadas por pin\u00e1culos con maineles, decoraciones y tracer\u00edas de gran elegancia.<\/p>\n<p>Al conjunto, que presenta <strong>cuatro corredores,<\/strong> se puede acceder a trav\u00e9s de dos bell\u00edsimas puertas: la de la Preciosa, cuyo nombre deriva del salmo que los can\u00f3nigos cantaban al pasar por ella para acceder al dormitorio: \u00abPretiosa in conspectu Domini, mors sanctorum eius\u00bb, y la de Nuestra Se\u00f1ora del Amparo, cuyo t\u00edmpano destaca por el dramatismo que relejan sus personajes en la Dormici\u00f3n de la Virgen y en cuyo mainel central, observamos la imagen g\u00f3tica de una sonriente virgen protegida bajo un decorativo dosel.<\/p>\n<p>Durante el recorrido, merece la pena detenerse en el sepulcro de Leonel, hijo bastardo de Carlos II, y en la Capilla Barbazana, que guarda bajo b\u00f3veda estrellada el sepulcro del obispo Arnalt de Barbaz\u00e1n y que preside la <strong>Virgen del Consuelo<\/strong>, una excepcional imagen g\u00f3tica realizada en piedra policromada.<\/p>\n<h3>Completan las <strong>dependencias catedralicias:<\/strong><\/h3>\n<p><strong> la Biblioteca, con m\u00e1s 14.000 vol\u00famenes, la Sacrist\u00eda rococ\u00f3, y el Refectorio y la Cocina<\/strong>, con una gran chimenea de 27 metros de altura, en los que se ubica el Museo Diocesano. Este museo alberga una valiosa decoraci\u00f3n de arte sacro, entre la que destaca una colecci\u00f3n de tallas medievales de la Virgen.<\/p>\n<p>Una magn\u00edfica y equilibrada panor\u00e1mica del conjunto catedralicio se contempla, sin lugar a dudas, desde el <strong>mirador del Parque de la Media Luna<\/strong>. Aproveche su visita para conocer las murallas y el centro hist\u00f3rico de Pamplona.[\/vc_column_text][\/vc_column][\/vc_row]<\/p>\n","protected":false},"excerpt":{"rendered":"<p>[vc_row][vc_column width=&#8221;1\/2&#8243;][vc_column_text] Catedral de Santa Mar\u00eda [\/vc_column_text][vc_column_text] [\/vc_column_text][\/vc_column][vc_column width=&#8221;1\/2&#8243;][vc_column_text]Localidad: PAMPLONA (31001) Direcci\u00f3n: Calle Dormitaler\u00eda Zona: La Cuenca de Pamplona Estilo: G\u00f3tico Siglos de construcci\u00f3n: XIV Precio visita: Consultar. Descuentos especiales para determinados colectivos y para grupos. Tel\u00e9fonos: 948222990 &#8211; 609936934 &#8211; 948227400 Email: guiapatrimoniocultural@yahoo.es[\/vc_column_text][\/vc_column][\/vc_row][vc_row][vc_column width=&#8221;1\/1&#8243;][vc_column_text] Descripci\u00f3n Ubicada sobre el promontorio del Casco Antiguo de Pamplona, en id\u00e9ntico lugar en que se asent\u00f3 la Pompaelo romana, se encuentra la Catedral de Santa Mar\u00eda de Pamplona, obra del g\u00f3tico de los siglos XIV y XV. Este emblem\u00e1tico monumento es el que m\u00e1s reliquias hist\u00f3rico-art\u00edsticas atesora de la ciudad. En ella se coronaron los reyes, se reunieron las Cortes y durante tres siglos tuvo su sede la Diputaci\u00f3n del Reino. La sobriedad de su fachada neocl\u00e1sica, obra de Ventura Rodr\u00edguez, contrasta con la est\u00e9tica g\u00f3tica del interior del templo, cuya nave central, de 28 metros de altura, alberga el bello sepulcro de Carlos III de Navarra y su esposa Leonor de Castilla. La verdadera joya de esta Catedral es su Claustro, considerado como uno de los m\u00e1s exquisitos del g\u00f3tico universal. Desde la fundaci\u00f3n romana de Pamplona, el solar de la Catedral siempre ha sido elegido como sede del principal templo cristiano de [&hellip;]<\/p>\n","protected":false},"author":1,"featured_media":0,"parent":0,"menu_order":0,"comment_status":"closed","ping_status":"closed","template":"","meta":{"footnotes":""},"class_list":["post-7863","page","type-page","status-publish","hentry"],"yoast_head":"<!-- This site is optimized with the Yoast SEO plugin v23.5 - https:\/\/yoast.com\/wordpress\/plugins\/seo\/ -->\n<title>Catedral de Santa Mar\u00eda de Pamplona - VisitNavarra<\/title>\n<meta name=\"description\" content=\"Este emblem\u00e1tico monumento es el que m\u00e1s reliquias hist\u00f3rico-art\u00edsticas atesora de la ciudad. En ella se coronaron los reyes, se reunieron la\" \/>\n<meta name=\"robots\" content=\"index, follow, max-snippet:-1, max-image-preview:large, max-video-preview:-1\" \/>\n<link rel=\"canonical\" href=\"https:\/\/visitnavarra.info\/visitnavarra\/catedral-de-santa-maria\/\" \/>\n<meta property=\"og:locale\" content=\"es_ES\" \/>\n<meta property=\"og:type\" content=\"article\" \/>\n<meta property=\"og:title\" content=\"Catedral de Santa Mar\u00eda de Pamplona - VisitNavarra\" \/>\n<meta property=\"og:description\" content=\"Este emblem\u00e1tico monumento es el que m\u00e1s reliquias hist\u00f3rico-art\u00edsticas atesora de la ciudad. En ella se coronaron los reyes, se reunieron la\" \/>\n<meta property=\"og:url\" content=\"https:\/\/visitnavarra.info\/visitnavarra\/catedral-de-santa-maria\/\" \/>\n<meta property=\"og:site_name\" content=\"VisitNavarra\" \/>\n<meta property=\"article:modified_time\" content=\"2024-05-20T10:35:06+00:00\" \/>\n<meta name=\"twitter:card\" content=\"summary_large_image\" \/>\n<meta name=\"twitter:label1\" content=\"Tiempo de lectura\" \/>\n\t<meta name=\"twitter:data1\" content=\"5 minutos\" \/>\n<script type=\"application\/ld+json\" class=\"yoast-schema-graph\">{\"@context\":\"https:\/\/schema.org\",\"@graph\":[{\"@type\":\"WebPage\",\"@id\":\"https:\/\/visitnavarra.info\/visitnavarra\/catedral-de-santa-maria\/\",\"url\":\"https:\/\/visitnavarra.info\/visitnavarra\/catedral-de-santa-maria\/\",\"name\":\"Catedral de Santa Mar\u00eda de Pamplona - VisitNavarra\",\"isPartOf\":{\"@id\":\"https:\/\/visitnavarra.info\/visitnavarra\/#website\"},\"datePublished\":\"2020-12-04T13:55:29+00:00\",\"dateModified\":\"2024-05-20T10:35:06+00:00\",\"description\":\"Este emblem\u00e1tico monumento es el que m\u00e1s reliquias hist\u00f3rico-art\u00edsticas atesora de la ciudad. En ella se coronaron los reyes, se reunieron la\",\"breadcrumb\":{\"@id\":\"https:\/\/visitnavarra.info\/visitnavarra\/catedral-de-santa-maria\/#breadcrumb\"},\"inLanguage\":\"es\",\"potentialAction\":[{\"@type\":\"ReadAction\",\"target\":[\"https:\/\/visitnavarra.info\/visitnavarra\/catedral-de-santa-maria\/\"]}]},{\"@type\":\"BreadcrumbList\",\"@id\":\"https:\/\/visitnavarra.info\/visitnavarra\/catedral-de-santa-maria\/#breadcrumb\",\"itemListElement\":[{\"@type\":\"ListItem\",\"position\":1,\"name\":\"Portada\",\"item\":\"https:\/\/visitnavarra.info\/visitnavarra\/\"},{\"@type\":\"ListItem\",\"position\":2,\"name\":\"Catedral de Santa Mar\u00eda\"}]},{\"@type\":\"WebSite\",\"@id\":\"https:\/\/visitnavarra.info\/visitnavarra\/#website\",\"url\":\"https:\/\/visitnavarra.info\/visitnavarra\/\",\"name\":\"VisitNavarra\",\"description\":\"Alojamiento y experiencias tur\u00edsticas en Navarra; qu\u00e9 visitar en Navarra; comer en Navarra\",\"potentialAction\":[{\"@type\":\"SearchAction\",\"target\":{\"@type\":\"EntryPoint\",\"urlTemplate\":\"https:\/\/visitnavarra.info\/visitnavarra\/?s={search_term_string}\"},\"query-input\":{\"@type\":\"PropertyValueSpecification\",\"valueRequired\":true,\"valueName\":\"search_term_string\"}}],\"inLanguage\":\"es\"}]}<\/script>\n<!-- \/ Yoast SEO plugin. -->","yoast_head_json":{"title":"Catedral de Santa Mar\u00eda de Pamplona - VisitNavarra","description":"Este emblem\u00e1tico monumento es el que m\u00e1s reliquias hist\u00f3rico-art\u00edsticas atesora de la ciudad. En ella se coronaron los reyes, se reunieron la","robots":{"index":"index","follow":"follow","max-snippet":"max-snippet:-1","max-image-preview":"max-image-preview:large","max-video-preview":"max-video-preview:-1"},"canonical":"https:\/\/visitnavarra.info\/visitnavarra\/catedral-de-santa-maria\/","og_locale":"es_ES","og_type":"article","og_title":"Catedral de Santa Mar\u00eda de Pamplona - VisitNavarra","og_description":"Este emblem\u00e1tico monumento es el que m\u00e1s reliquias hist\u00f3rico-art\u00edsticas atesora de la ciudad. En ella se coronaron los reyes, se reunieron la","og_url":"https:\/\/visitnavarra.info\/visitnavarra\/catedral-de-santa-maria\/","og_site_name":"VisitNavarra","article_modified_time":"2024-05-20T10:35:06+00:00","twitter_card":"summary_large_image","twitter_misc":{"Tiempo de lectura":"5 minutos"},"schema":{"@context":"https:\/\/schema.org","@graph":[{"@type":"WebPage","@id":"https:\/\/visitnavarra.info\/visitnavarra\/catedral-de-santa-maria\/","url":"https:\/\/visitnavarra.info\/visitnavarra\/catedral-de-santa-maria\/","name":"Catedral de Santa Mar\u00eda de Pamplona - VisitNavarra","isPartOf":{"@id":"https:\/\/visitnavarra.info\/visitnavarra\/#website"},"datePublished":"2020-12-04T13:55:29+00:00","dateModified":"2024-05-20T10:35:06+00:00","description":"Este emblem\u00e1tico monumento es el que m\u00e1s reliquias hist\u00f3rico-art\u00edsticas atesora de la ciudad. En ella se coronaron los reyes, se reunieron la","breadcrumb":{"@id":"https:\/\/visitnavarra.info\/visitnavarra\/catedral-de-santa-maria\/#breadcrumb"},"inLanguage":"es","potentialAction":[{"@type":"ReadAction","target":["https:\/\/visitnavarra.info\/visitnavarra\/catedral-de-santa-maria\/"]}]},{"@type":"BreadcrumbList","@id":"https:\/\/visitnavarra.info\/visitnavarra\/catedral-de-santa-maria\/#breadcrumb","itemListElement":[{"@type":"ListItem","position":1,"name":"Portada","item":"https:\/\/visitnavarra.info\/visitnavarra\/"},{"@type":"ListItem","position":2,"name":"Catedral de Santa Mar\u00eda"}]},{"@type":"WebSite","@id":"https:\/\/visitnavarra.info\/visitnavarra\/#website","url":"https:\/\/visitnavarra.info\/visitnavarra\/","name":"VisitNavarra","description":"Alojamiento y experiencias tur\u00edsticas en Navarra; qu\u00e9 visitar en Navarra; comer en Navarra","potentialAction":[{"@type":"SearchAction","target":{"@type":"EntryPoint","urlTemplate":"https:\/\/visitnavarra.info\/visitnavarra\/?s={search_term_string}"},"query-input":{"@type":"PropertyValueSpecification","valueRequired":true,"valueName":"search_term_string"}}],"inLanguage":"es"}]}},"_links":{"self":[{"href":"https:\/\/visitnavarra.info\/visitnavarra\/wp-json\/wp\/v2\/pages\/7863","targetHints":{"allow":["GET"]}}],"collection":[{"href":"https:\/\/visitnavarra.info\/visitnavarra\/wp-json\/wp\/v2\/pages"}],"about":[{"href":"https:\/\/visitnavarra.info\/visitnavarra\/wp-json\/wp\/v2\/types\/page"}],"author":[{"embeddable":true,"href":"https:\/\/visitnavarra.info\/visitnavarra\/wp-json\/wp\/v2\/users\/1"}],"replies":[{"embeddable":true,"href":"https:\/\/visitnavarra.info\/visitnavarra\/wp-json\/wp\/v2\/comments?post=7863"}],"version-history":[{"count":4,"href":"https:\/\/visitnavarra.info\/visitnavarra\/wp-json\/wp\/v2\/pages\/7863\/revisions"}],"predecessor-version":[{"id":13479,"href":"https:\/\/visitnavarra.info\/visitnavarra\/wp-json\/wp\/v2\/pages\/7863\/revisions\/13479"}],"wp:attachment":[{"href":"https:\/\/visitnavarra.info\/visitnavarra\/wp-json\/wp\/v2\/media?parent=7863"}],"curies":[{"name":"wp","href":"https:\/\/api.w.org\/{rel}","templated":true}]}}