{"id":7909,"date":"2020-12-09T13:05:40","date_gmt":"2020-12-09T13:05:40","guid":{"rendered":"https:\/\/visitnavarra.info\/visitnavarra\/?page_id=7909"},"modified":"2020-12-09T13:06:13","modified_gmt":"2020-12-09T13:06:13","slug":"el-cerco-de-artajona","status":"publish","type":"page","link":"https:\/\/visitnavarra.info\/visitnavarra\/el-cerco-de-artajona\/","title":{"rendered":"El Cerco de Artajona"},"content":{"rendered":"<p>[vc_row][vc_column width=&#8221;1\/2&#8243;][vc_column_text]<\/p>\n<h1 style=\"text-align: center;\">El Cerco de Artajona<\/h1>\n<p>[\/vc_column_text]<div class=\"single_image wpb_content_element align-center  image_box_circle image_box_border  \" data-animation=\"none\" data-delay=\"0\"><img loading=\"lazy\" decoding=\"async\" width=\"217\" height=\"155\" src=\"https:\/\/visitnavarra.info\/visitnavarra\/wp-content\/uploads\/2020\/12\/Cerco-Artajona.jpg\" class=\"attachment-medium\" alt=\"\" \/><\/div>[\/vc_column][vc_column width=&#8221;1\/2&#8243;][vc_column_text]<strong>Localidad<\/strong>: ARTAJONA (31140)<br \/>\n<strong>Direcci\u00f3n<\/strong>: Calle San Saturnino<br \/>\n<strong>Zona<\/strong>: La Zona Media<br \/>\n<strong>Estilo<\/strong>: Rom\u00e1nico<br \/>\n<strong>Siglos de construcci\u00f3n:<\/strong> XI-XIII<br \/>\n<strong>Horario de visita:<\/strong> El recinto amurallado se puede visitar durante todo el d\u00eda. La iglesia permanece cerrada.<br \/>\n<strong>Precio visita:<\/strong> Acceso libre[\/vc_column_text][\/vc_column][\/vc_row][vc_row][vc_column width=&#8221;1\/1&#8243;][vc_column_text]<\/p>\n<h3>Descripci\u00f3n<\/h3>\n<p>Perfectamente adaptado al perfil que dibuja el cerro sobre el que se asienta, el Cerco de Artajona le ofrecer\u00e1 la oportunidad de disfrutar de la fortificaci\u00f3n popular medieval m\u00e1s importante de la Zona Media de Navarra.<\/p>\n<p>Un paseo por su interior le descubrir\u00e1 un conjunto amurallado del siglo XI que originariamente tuvo catorce torreones almenados, de los que s\u00f3lo quedan nueve, unidos por el camino de ronda.<\/p>\n<h3>Acceso<\/h3>\n<p>Acceda al recinto por cualquiera de los dos primitivos portales que se conservan, el de San Miguel y el de Remahua y retroceda en el tiempo hasta la Edad Media.<\/p>\n<p>Imagine el espacio habitado por reyes, nobles a caballo, juglares, obispos y labriegos vestidos con pesados ropajes.<\/p>\n<p>Recree \u00e9pocas pasadas y trate de imaginar c\u00f3mo se vivi\u00f3 en este recinto coronado por la iglesia-fortaleza de San Saturnino, un s\u00f3lido e imponente edificio del siglo XIII, declarada Monumento Hist\u00f3rico Art\u00edstico.<\/p>\n<p>En la parte m\u00e1s alta de Artajona se abre a la vista un impresionante lienzo salpicado de torreones almenados que se adapta al terreno dibujando un perfil arri\u00f1onado rodeado de campos.<\/p>\n<p>El origen de esta fabulosa fortificaci\u00f3n, conocida como <strong>&#8220;El Cerco&#8221;<\/strong>, se remonta al a\u00f1o 1085, fecha en la que se iniciaron los trabajos encargados por los can\u00f3nigos de Saint Sernin, de Toulouse, obras que finalizaron en 1109.<\/p>\n<p>El lugar ha sido, a lo largo de los siglos, anhelado por reyes, se\u00f1ores y cl\u00e9rigos, lo que provoc\u00f3 numeras luchas que hicieron necesarias varias reconstrucciones de la fortaleza, especialmente durante el reinado de Carlos II el Malo (XIV).<\/p>\n<p>Tras superar las empinadas cuestas que llevan hasta la muralla, podr\u00e1 acceder libremente al recinto a trav\u00e9s de dos primitivos puentes, el de San Miguel y el de Remahua.<\/p>\n<p>Los robustos lienzos de siller\u00eda estaban vigilados por catorce torres, de las que se han conservado nueve de forma c\u00fabica y almenada, unidas por la muralla del siglo XII y por un paseo de ronda.<\/p>\n<h3>Iglesia-Fortaleza San Saturnino<\/h3>\n<p>Todo el conjunto protege a la iglesia-fortaleza de San Saturnino que, adem\u00e1s de ejercer de campanario, supuso un importante punto de vig\u00eda.<\/p>\n<p>Construida en el siglo XIII sobre las ruinas de un templo rom\u00e1nico, form\u00f3 parte de la defensa del conjunto, y as\u00ed lo evidencian sus robustos muros y contrafuertes, el paso de ronda sobre la b\u00f3veda de la nave que sirvi\u00f3 de calabozo, el pozo de agua, el uso que hicieron de la sacrist\u00eda como c\u00e1rcel y la torre prism\u00e1tica del siglo XIV utilizada como puesto de guardia en el siglo XV.<\/p>\n<p>La iglesia fortaleza permanece normalmente cerrada, pero quiz\u00e1s lo m\u00e1s interesante est\u00e1 en su exterior.<\/p>\n<h3>Portada<\/h3>\n<p>Destaca especialmente su monumental portada g\u00f3tica de finales del siglo XIII; doce arquivoltas ricamente decoradas enmarcan el t\u00edmpano en el que est\u00e1n talladas las im\u00e1genes del martirio de San Saturnino y de la reina Juana de Navarra y su esposo Felipe el Hermoso.<\/p>\n<h3>Retablo G\u00f3tico<\/h3>\n<p>Si su visita coincide con la apertura ocasional de la iglesia podr\u00e1 contemplar un retablo g\u00f3tico realizado entre 1505 y 1515 que alberga una talla sedente de San Saturnino, una talla g\u00f3tica de la Virgen con el Ni\u00f1o, y un calvario de estilo g\u00f3tico hispano-flamenco que se completa con pinturas y abundantes oros.<\/p>\n<p>Asimismo, en el \u00e1bside tambi\u00e9n podr\u00e1 disfrutar de interesantes pinturas murales g\u00f3ticas.<\/p>\n<p>Tras recorrer la fortificaci\u00f3n as\u00f3mese al imponente caser\u00edo de Artajona que desciende por la ladera del cerro y disfrute de una impresionante vista sobre el conjunto de este pueblo medieval.[\/vc_column_text][\/vc_column][\/vc_row]<\/p>\n","protected":false},"excerpt":{"rendered":"<p>[vc_row][vc_column width=&#8221;1\/2&#8243;][vc_column_text] El Cerco de Artajona [\/vc_column_text][\/vc_column][vc_column width=&#8221;1\/2&#8243;][vc_column_text]Localidad: ARTAJONA (31140) Direcci\u00f3n: Calle San Saturnino Zona: La Zona Media Estilo: Rom\u00e1nico Siglos de construcci\u00f3n: XI-XIII Horario de visita: El recinto amurallado se puede visitar durante todo el d\u00eda. La iglesia permanece cerrada. Precio visita: Acceso libre[\/vc_column_text][\/vc_column][\/vc_row][vc_row][vc_column width=&#8221;1\/1&#8243;][vc_column_text] Descripci\u00f3n Perfectamente adaptado al perfil que dibuja el cerro sobre el que se asienta, el Cerco de Artajona le ofrecer\u00e1 la oportunidad de disfrutar de la fortificaci\u00f3n popular medieval m\u00e1s importante de la Zona Media de Navarra. Un paseo por su interior le descubrir\u00e1 un conjunto amurallado del siglo XI que originariamente tuvo catorce torreones almenados, de los que s\u00f3lo quedan nueve, unidos por el camino de ronda. Acceso Acceda al recinto por cualquiera de los dos primitivos portales que se conservan, el de San Miguel y el de Remahua y retroceda en el tiempo hasta la Edad Media. Imagine el espacio habitado por reyes, nobles a caballo, juglares, obispos y labriegos vestidos con pesados ropajes. Recree \u00e9pocas pasadas y trate de imaginar c\u00f3mo se vivi\u00f3 en este recinto coronado por la iglesia-fortaleza de San Saturnino, un s\u00f3lido e imponente edificio del siglo XIII, declarada Monumento Hist\u00f3rico Art\u00edstico. En la parte m\u00e1s alta de [&hellip;]<\/p>\n","protected":false},"author":1,"featured_media":0,"parent":0,"menu_order":0,"comment_status":"closed","ping_status":"closed","template":"","meta":{"footnotes":""},"class_list":["post-7909","page","type-page","status-publish","hentry"],"yoast_head":"<!-- This site is optimized with the Yoast SEO plugin v23.5 - https:\/\/yoast.com\/wordpress\/plugins\/seo\/ -->\n<title>El Cerco de ArtajonaEl Cerco de Artajona - VisitNavarra<\/title>\n<meta name=\"description\" content=\"Cerco de Artajona le ofrecer\u00e1 la oportunidad de disfrutar de la fortificaci\u00f3n popular medieval m\u00e1s importante de la Zona Media de Navarra.\" \/>\n<meta name=\"robots\" content=\"index, follow, max-snippet:-1, max-image-preview:large, max-video-preview:-1\" \/>\n<link rel=\"canonical\" href=\"https:\/\/visitnavarra.info\/visitnavarra\/el-cerco-de-artajona\/\" \/>\n<meta property=\"og:locale\" content=\"es_ES\" \/>\n<meta property=\"og:type\" content=\"article\" \/>\n<meta property=\"og:title\" content=\"El Cerco de ArtajonaEl Cerco de Artajona - VisitNavarra\" \/>\n<meta property=\"og:description\" content=\"Cerco de Artajona le ofrecer\u00e1 la oportunidad de disfrutar de la fortificaci\u00f3n popular medieval m\u00e1s importante de la Zona Media de Navarra.\" \/>\n<meta property=\"og:url\" content=\"https:\/\/visitnavarra.info\/visitnavarra\/el-cerco-de-artajona\/\" \/>\n<meta property=\"og:site_name\" content=\"VisitNavarra\" \/>\n<meta property=\"article:modified_time\" content=\"2020-12-09T13:06:13+00:00\" \/>\n<meta name=\"twitter:card\" content=\"summary_large_image\" \/>\n<meta name=\"twitter:label1\" content=\"Tiempo de lectura\" \/>\n\t<meta name=\"twitter:data1\" content=\"4 minutos\" \/>\n<script type=\"application\/ld+json\" class=\"yoast-schema-graph\">{\"@context\":\"https:\/\/schema.org\",\"@graph\":[{\"@type\":\"WebPage\",\"@id\":\"https:\/\/visitnavarra.info\/visitnavarra\/el-cerco-de-artajona\/\",\"url\":\"https:\/\/visitnavarra.info\/visitnavarra\/el-cerco-de-artajona\/\",\"name\":\"El Cerco de ArtajonaEl Cerco de Artajona - VisitNavarra\",\"isPartOf\":{\"@id\":\"https:\/\/visitnavarra.info\/visitnavarra\/#website\"},\"datePublished\":\"2020-12-09T13:05:40+00:00\",\"dateModified\":\"2020-12-09T13:06:13+00:00\",\"description\":\"Cerco de Artajona le ofrecer\u00e1 la oportunidad de disfrutar de la fortificaci\u00f3n popular medieval m\u00e1s importante de la Zona Media de Navarra.\",\"breadcrumb\":{\"@id\":\"https:\/\/visitnavarra.info\/visitnavarra\/el-cerco-de-artajona\/#breadcrumb\"},\"inLanguage\":\"es\",\"potentialAction\":[{\"@type\":\"ReadAction\",\"target\":[\"https:\/\/visitnavarra.info\/visitnavarra\/el-cerco-de-artajona\/\"]}]},{\"@type\":\"BreadcrumbList\",\"@id\":\"https:\/\/visitnavarra.info\/visitnavarra\/el-cerco-de-artajona\/#breadcrumb\",\"itemListElement\":[{\"@type\":\"ListItem\",\"position\":1,\"name\":\"Portada\",\"item\":\"https:\/\/visitnavarra.info\/visitnavarra\/\"},{\"@type\":\"ListItem\",\"position\":2,\"name\":\"El Cerco de Artajona\"}]},{\"@type\":\"WebSite\",\"@id\":\"https:\/\/visitnavarra.info\/visitnavarra\/#website\",\"url\":\"https:\/\/visitnavarra.info\/visitnavarra\/\",\"name\":\"VisitNavarra\",\"description\":\"Alojamiento y experiencias tur\u00edsticas en Navarra; qu\u00e9 visitar en Navarra; comer en Navarra\",\"potentialAction\":[{\"@type\":\"SearchAction\",\"target\":{\"@type\":\"EntryPoint\",\"urlTemplate\":\"https:\/\/visitnavarra.info\/visitnavarra\/?s={search_term_string}\"},\"query-input\":{\"@type\":\"PropertyValueSpecification\",\"valueRequired\":true,\"valueName\":\"search_term_string\"}}],\"inLanguage\":\"es\"}]}<\/script>\n<!-- \/ Yoast SEO plugin. -->","yoast_head_json":{"title":"El Cerco de ArtajonaEl Cerco de Artajona - VisitNavarra","description":"Cerco de Artajona le ofrecer\u00e1 la oportunidad de disfrutar de la fortificaci\u00f3n popular medieval m\u00e1s importante de la Zona Media de Navarra.","robots":{"index":"index","follow":"follow","max-snippet":"max-snippet:-1","max-image-preview":"max-image-preview:large","max-video-preview":"max-video-preview:-1"},"canonical":"https:\/\/visitnavarra.info\/visitnavarra\/el-cerco-de-artajona\/","og_locale":"es_ES","og_type":"article","og_title":"El Cerco de ArtajonaEl Cerco de Artajona - VisitNavarra","og_description":"Cerco de Artajona le ofrecer\u00e1 la oportunidad de disfrutar de la fortificaci\u00f3n popular medieval m\u00e1s importante de la Zona Media de Navarra.","og_url":"https:\/\/visitnavarra.info\/visitnavarra\/el-cerco-de-artajona\/","og_site_name":"VisitNavarra","article_modified_time":"2020-12-09T13:06:13+00:00","twitter_card":"summary_large_image","twitter_misc":{"Tiempo de lectura":"4 minutos"},"schema":{"@context":"https:\/\/schema.org","@graph":[{"@type":"WebPage","@id":"https:\/\/visitnavarra.info\/visitnavarra\/el-cerco-de-artajona\/","url":"https:\/\/visitnavarra.info\/visitnavarra\/el-cerco-de-artajona\/","name":"El Cerco de ArtajonaEl Cerco de Artajona - VisitNavarra","isPartOf":{"@id":"https:\/\/visitnavarra.info\/visitnavarra\/#website"},"datePublished":"2020-12-09T13:05:40+00:00","dateModified":"2020-12-09T13:06:13+00:00","description":"Cerco de Artajona le ofrecer\u00e1 la oportunidad de disfrutar de la fortificaci\u00f3n popular medieval m\u00e1s importante de la Zona Media de Navarra.","breadcrumb":{"@id":"https:\/\/visitnavarra.info\/visitnavarra\/el-cerco-de-artajona\/#breadcrumb"},"inLanguage":"es","potentialAction":[{"@type":"ReadAction","target":["https:\/\/visitnavarra.info\/visitnavarra\/el-cerco-de-artajona\/"]}]},{"@type":"BreadcrumbList","@id":"https:\/\/visitnavarra.info\/visitnavarra\/el-cerco-de-artajona\/#breadcrumb","itemListElement":[{"@type":"ListItem","position":1,"name":"Portada","item":"https:\/\/visitnavarra.info\/visitnavarra\/"},{"@type":"ListItem","position":2,"name":"El Cerco de Artajona"}]},{"@type":"WebSite","@id":"https:\/\/visitnavarra.info\/visitnavarra\/#website","url":"https:\/\/visitnavarra.info\/visitnavarra\/","name":"VisitNavarra","description":"Alojamiento y experiencias tur\u00edsticas en Navarra; qu\u00e9 visitar en Navarra; comer en Navarra","potentialAction":[{"@type":"SearchAction","target":{"@type":"EntryPoint","urlTemplate":"https:\/\/visitnavarra.info\/visitnavarra\/?s={search_term_string}"},"query-input":{"@type":"PropertyValueSpecification","valueRequired":true,"valueName":"search_term_string"}}],"inLanguage":"es"}]}},"_links":{"self":[{"href":"https:\/\/visitnavarra.info\/visitnavarra\/wp-json\/wp\/v2\/pages\/7909","targetHints":{"allow":["GET"]}}],"collection":[{"href":"https:\/\/visitnavarra.info\/visitnavarra\/wp-json\/wp\/v2\/pages"}],"about":[{"href":"https:\/\/visitnavarra.info\/visitnavarra\/wp-json\/wp\/v2\/types\/page"}],"author":[{"embeddable":true,"href":"https:\/\/visitnavarra.info\/visitnavarra\/wp-json\/wp\/v2\/users\/1"}],"replies":[{"embeddable":true,"href":"https:\/\/visitnavarra.info\/visitnavarra\/wp-json\/wp\/v2\/comments?post=7909"}],"version-history":[{"count":2,"href":"https:\/\/visitnavarra.info\/visitnavarra\/wp-json\/wp\/v2\/pages\/7909\/revisions"}],"predecessor-version":[{"id":7911,"href":"https:\/\/visitnavarra.info\/visitnavarra\/wp-json\/wp\/v2\/pages\/7909\/revisions\/7911"}],"wp:attachment":[{"href":"https:\/\/visitnavarra.info\/visitnavarra\/wp-json\/wp\/v2\/media?parent=7909"}],"curies":[{"name":"wp","href":"https:\/\/api.w.org\/{rel}","templated":true}]}}