{"id":7958,"date":"2020-12-10T09:47:49","date_gmt":"2020-12-10T09:47:49","guid":{"rendered":"https:\/\/visitnavarra.info\/visitnavarra\/?page_id=7958"},"modified":"2024-05-20T11:22:38","modified_gmt":"2024-05-20T11:22:38","slug":"monasterio-de-san-salvador-de-leire","status":"publish","type":"page","link":"https:\/\/visitnavarra.info\/visitnavarra\/monasterio-de-san-salvador-de-leire\/","title":{"rendered":"Monasterio de San Salvador de Leire"},"content":{"rendered":"<p>[vc_row][vc_column width=&#8221;1\/2&#8243;][vc_column_text]<\/p>\n<h1 style=\"text-align: center;\">Monasterio de San Salvador de Leire<\/h1>\n<p>[\/vc_column_text]<div class=\"single_image wpb_content_element align-center  image_box_circle image_box_border  \" data-animation=\"none\" data-delay=\"0\"><img loading=\"lazy\" decoding=\"async\" width=\"217\" height=\"155\" src=\"https:\/\/visitnavarra.info\/visitnavarra\/wp-content\/uploads\/2020\/12\/Monasterio-Leyre.jpg\" class=\"attachment-medium\" alt=\"\" \/><\/div>[\/vc_column][vc_column width=&#8221;1\/2&#8243;][vc_column_text]<strong>Localidad<\/strong>: YESA (31410)<br \/>\n<strong>Direcci\u00f3n<\/strong>: Monasterio de San Salvador de Leyre<br \/>\n<strong>Zona<\/strong>: La Zona Media<br \/>\n<strong>Web<\/strong>: <a href=\"http:\/\/www.monasteriodeleyre.com\" target=\"_blank\" rel=\"noopener\">www.monasteriodeleyre.com<\/a><br \/>\n<strong>Estilo<\/strong>: Rom\u00e1nico<br \/>\n<strong>Siglos de construcci\u00f3n:<\/strong> IX<br \/>\n<strong>Tel\u00e9fonos:<\/strong> 948884150 &#8211; 948884011<br \/>\n<strong>Email:<\/strong> <a href=\"mailto:info@monasteriodeleyre.com\">info@monasteriodeleyre.com<\/a>[\/vc_column_text][\/vc_column][\/vc_row][vc_row][vc_column width=&#8221;1\/1&#8243;][vc_column_text]<\/p>\n<h3>Ubicaci\u00f3n<\/h3>\n<p>Al pie de la sierra de la que toma el nombre, a 50 kil\u00f3metros de Pamplona y a 16 de Sang\u00fcesa, el monasterio de Leire esconde magn\u00edficos tesoros como la cripta del siglo XI, la b\u00f3veda g\u00f3tica o la &#8220;Porta Speciosa&#8221;, un perfecto p\u00f3rtico rom\u00e1nico del siglo XII.<\/p>\n<p>Una atm\u00f3sfera de paz y serenidad que invita al reposo del esp\u00edritu, a la reflexi\u00f3n y a la paz interior; una arquitectura austera, que cristaliza en los muros una parte importante de la historia, la cultura, el arte y el pensamiento; una sorprendente naturaleza que invita al paseo y a la meditaci\u00f3n; sobrecogedores cantos gregorianos; y la conversaci\u00f3n con los monjes benedictinos son algunos de los atractivos que permanecer\u00e1n en su memoria tras visitar el monasterio de San Salvador de Leyre, uno de los conjuntos monumentales m\u00e1s atractivos y entra\u00f1ables de la Comunidad Foral, tumba de reyes navarros y escenario, cada a\u00f1o en verano, de la entrega del premio Pr\u00edncipe de Viana en un acto presidido por el pr\u00edncipe Felipe de Borb\u00f3n.<\/p>\n<p>El bello entorno natural que acompa\u00f1a al monasterio de Leire explica que a lo largo de su historia haya sido refugio de reyes y obispos, icono de Navarra y escenario de celebraciones oficiales.<\/p>\n<p>Buscando la vecindad de la monta\u00f1a, el monasterio se construy\u00f3 en la falda de la sierra del mismo nombre, en un lugar apartado, mirador abierto hacia picos cercanos y lejanas cadenas monta\u00f1osas, naturaleza embellecida por el agua de tonos verdes y azules del cercano embalse de Yesa.<\/p>\n<h3>Historia<\/h3>\n<p>Sus or\u00edgenes se remontan a la baja Edad Media, pero fue incendiado por los musulmanes en el siglo X y el rey Sancho Garc\u00eda encarg\u00f3 su reconstrucci\u00f3n en 1020.<\/p>\n<p>Sus s\u00f3lidos muros son testigos de mil y una historias como la de dos hermanas cristianas que fueron decapitadas por no abrazar el credo musulm\u00e1n, y cuyos restos se guardan en una arqueta de marfil que se exhibe en el Museo de Navarra. O la leyenda de San Virila, el abad que qued\u00f3 extasiado durante 300 a\u00f1os al o\u00edr cantar un pajarillo cerca del monasterio, lugar del que mana la fuente de San Virila.<\/p>\n<p>Leyre no consigui\u00f3 escapar a la Desamortizaci\u00f3n de Mendiz\u00e1bal y estuvo deshabitado entre 1836 y 1954, cuando se establecieron los monjes benedictinos de Santo Domingo de Silos, con quienes podr\u00e1 conversar en su visita al monasterio.<\/p>\n<h3>Recorrido<\/h3>\n<p>El recorrido le descubrir\u00e1 una sobrecogedora cripta del siglo XI, la parte m\u00e1s antigua de todo lo conservado.<\/p>\n<p>El angosto recinto, en el que se acumulan masas de piedra, con fustes de escasa altura y robustos capiteles consigue estremecer y es una clara muestra de la sobriedad propia del rom\u00e1nico m\u00e1s arcaico.<\/p>\n<p>Su austeridad contrasta con la decoraci\u00f3n de las portadas de la iglesia abacial, especialmente con la de la puerta Speciosa, otro de los grandes tesoros del cenobio. Data del siglo XII y est\u00e1 adornada con elementos de la Ruta Jacobea. Busque el demonio atrapando una desventurada alma o al \u00e1ngel que anuncia el juicio final y comprobar\u00e1 que es una aut\u00e9ntica biblia en piedra.<\/p>\n<p>Otros elementos de gran inter\u00e9s son la portada sur del siglo XII, la portada de la iglesia abacial (XI), el paso subterr\u00e1neo de la cripta y la capilla del Sant\u00edsimo (1501-1536), que contiene un retablo y esculturas de Juan de Berroeta (XVII).<\/p>\n<h3>Interior<\/h3>\n<p>En el interior de la iglesia, iniciada en estilo rom\u00e1nico, contemple la gran nave central (XI) y alce la vista para descubrir la b\u00f3veda g\u00f3tica, una de las ojivas m\u00e1s bellas existentes en Navarra. Tras una reja de estilo g\u00f3tico tard\u00edo est\u00e1 el pante\u00f3n de los primeros Reyes de Navarra y junto a \u00e9l se venera el &#8220;Cristo de Leyre&#8221;, una enorme talla del siglo XVI.<\/p>\n<p>En Leire, la alabanza y di\u00e1logo con Dios se traducen en canto gregoriano. Aproveche la ocasi\u00f3n y escuche a los monjes en el oficio de la\u00fades, a las 7,30 horas (domingos y festivos a las 8:00 h.), misa conventual, a las 9:00 h. (domingos y festivos a las 12:00 h.), v\u00edsperas, a las 19:00 h. y en las completas, a las 21:00 h.<\/p>\n<h3>Hospeder\u00eda<\/h3>\n<p>Si quiere disfrutar con tranquilidad del lugar, aneja al edificio existe una hospeder\u00eda de 33 habitaciones. Adem\u00e1s, el monasterio cuenta en su interior con 10 habitaciones individuales. Este alojamiento est\u00e1 reservado a varones y las comidas se realizan con los monjes en el refectorio.<\/p>\n<p>Quiz\u00e1s haya o\u00eddo hablar del licor de Leire, un digestivo de sabor dulce realizado con 35 plantas que los monjes recogen en los alrededores de la abad\u00eda. Es un original recuerdo que puede adquirir en la tienda del monasterio junto a CDs de gregoriano, almendras garrapi\u00f1adas, trufas, queso, pat\u00e9 y miel.<\/p>\n<h3>Los alrededores<\/h3>\n<p>Tras abandonar el recinto, puede descubrir la naturaleza de los alrededores realizando dos paseos que parten desde el cenobio. El primero, de 250 metros, conduce hasta la Fuente de las V\u00edrgenes, donde hay un merendero. El segundo dura 30 minutos y conduce a la Fuente de San Virila. Los m\u00e1s monta\u00f1eros pueden subir a la cima del monte Escalar (1.302 m.) desde donde se obtiene una hermosa panor\u00e1mica sobre el embalse de Yesa y los Pirineos. Y, para los amantes del parapente, es punto de partida obligado la cima del Arangoiti. Tambi\u00e9n puede visitar, en las cercan\u00edas, el castillo de Javier y Sang\u00fcesa.[\/vc_column_text][\/vc_column][\/vc_row]<\/p>\n","protected":false},"excerpt":{"rendered":"<p>[vc_row][vc_column width=&#8221;1\/2&#8243;][vc_column_text] Monasterio de San Salvador de Leire [\/vc_column_text][\/vc_column][vc_column width=&#8221;1\/2&#8243;][vc_column_text]Localidad: YESA (31410) Direcci\u00f3n: Monasterio de San Salvador de Leyre Zona: La Zona Media Web: www.monasteriodeleyre.com Estilo: Rom\u00e1nico Siglos de construcci\u00f3n: IX Tel\u00e9fonos: 948884150 &#8211; 948884011 Email: info@monasteriodeleyre.com[\/vc_column_text][\/vc_column][\/vc_row][vc_row][vc_column width=&#8221;1\/1&#8243;][vc_column_text] Ubicaci\u00f3n Al pie de la sierra de la que toma el nombre, a 50 kil\u00f3metros de Pamplona y a 16 de Sang\u00fcesa, el monasterio de Leire esconde magn\u00edficos tesoros como la cripta del siglo XI, la b\u00f3veda g\u00f3tica o la &#8220;Porta Speciosa&#8221;, un perfecto p\u00f3rtico rom\u00e1nico del siglo XII. Una atm\u00f3sfera de paz y serenidad que invita al reposo del esp\u00edritu, a la reflexi\u00f3n y a la paz interior; una arquitectura austera, que cristaliza en los muros una parte importante de la historia, la cultura, el arte y el pensamiento; una sorprendente naturaleza que invita al paseo y a la meditaci\u00f3n; sobrecogedores cantos gregorianos; y la conversaci\u00f3n con los monjes benedictinos son algunos de los atractivos que permanecer\u00e1n en su memoria tras visitar el monasterio de San Salvador de Leyre, uno de los conjuntos monumentales m\u00e1s atractivos y entra\u00f1ables de la Comunidad Foral, tumba de reyes navarros y escenario, cada a\u00f1o en verano, de la entrega del premio Pr\u00edncipe de Viana en [&hellip;]<\/p>\n","protected":false},"author":1,"featured_media":0,"parent":0,"menu_order":0,"comment_status":"closed","ping_status":"closed","template":"","meta":{"footnotes":""},"class_list":["post-7958","page","type-page","status-publish","hentry"],"yoast_head":"<!-- This site is optimized with the Yoast SEO plugin v23.5 - https:\/\/yoast.com\/wordpress\/plugins\/seo\/ -->\n<title>Monasterio de San Salvador de Leire - VisitNavarra<\/title>\n<meta name=\"description\" content=\"Ubicado al pie de la sierra de la que toma el nombre, a 50 km de Pamplona y 16 de Sang\u00fcesa, el monasterio de Leire esconde magn\u00edficos tesoros\" \/>\n<meta name=\"robots\" content=\"index, follow, max-snippet:-1, max-image-preview:large, max-video-preview:-1\" \/>\n<link rel=\"canonical\" href=\"https:\/\/visitnavarra.info\/visitnavarra\/monasterio-de-san-salvador-de-leire\/\" \/>\n<meta property=\"og:locale\" content=\"es_ES\" \/>\n<meta property=\"og:type\" content=\"article\" \/>\n<meta property=\"og:title\" content=\"Monasterio de San Salvador de Leire - VisitNavarra\" \/>\n<meta property=\"og:description\" content=\"Ubicado al pie de la sierra de la que toma el nombre, a 50 km de Pamplona y 16 de Sang\u00fcesa, el monasterio de Leire esconde magn\u00edficos tesoros\" \/>\n<meta property=\"og:url\" content=\"https:\/\/visitnavarra.info\/visitnavarra\/monasterio-de-san-salvador-de-leire\/\" \/>\n<meta property=\"og:site_name\" content=\"VisitNavarra\" \/>\n<meta property=\"article:modified_time\" content=\"2024-05-20T11:22:38+00:00\" \/>\n<meta name=\"twitter:card\" content=\"summary_large_image\" \/>\n<meta name=\"twitter:label1\" content=\"Tiempo de lectura\" \/>\n\t<meta name=\"twitter:data1\" content=\"5 minutos\" \/>\n<script type=\"application\/ld+json\" class=\"yoast-schema-graph\">{\"@context\":\"https:\/\/schema.org\",\"@graph\":[{\"@type\":\"WebPage\",\"@id\":\"https:\/\/visitnavarra.info\/visitnavarra\/monasterio-de-san-salvador-de-leire\/\",\"url\":\"https:\/\/visitnavarra.info\/visitnavarra\/monasterio-de-san-salvador-de-leire\/\",\"name\":\"Monasterio de San Salvador de Leire - VisitNavarra\",\"isPartOf\":{\"@id\":\"https:\/\/visitnavarra.info\/visitnavarra\/#website\"},\"datePublished\":\"2020-12-10T09:47:49+00:00\",\"dateModified\":\"2024-05-20T11:22:38+00:00\",\"description\":\"Ubicado al pie de la sierra de la que toma el nombre, a 50 km de Pamplona y 16 de Sang\u00fcesa, el monasterio de Leire esconde magn\u00edficos tesoros\",\"breadcrumb\":{\"@id\":\"https:\/\/visitnavarra.info\/visitnavarra\/monasterio-de-san-salvador-de-leire\/#breadcrumb\"},\"inLanguage\":\"es\",\"potentialAction\":[{\"@type\":\"ReadAction\",\"target\":[\"https:\/\/visitnavarra.info\/visitnavarra\/monasterio-de-san-salvador-de-leire\/\"]}]},{\"@type\":\"BreadcrumbList\",\"@id\":\"https:\/\/visitnavarra.info\/visitnavarra\/monasterio-de-san-salvador-de-leire\/#breadcrumb\",\"itemListElement\":[{\"@type\":\"ListItem\",\"position\":1,\"name\":\"Portada\",\"item\":\"https:\/\/visitnavarra.info\/visitnavarra\/\"},{\"@type\":\"ListItem\",\"position\":2,\"name\":\"Monasterio de San Salvador de Leire\"}]},{\"@type\":\"WebSite\",\"@id\":\"https:\/\/visitnavarra.info\/visitnavarra\/#website\",\"url\":\"https:\/\/visitnavarra.info\/visitnavarra\/\",\"name\":\"VisitNavarra\",\"description\":\"Alojamiento y experiencias tur\u00edsticas en Navarra; qu\u00e9 visitar en Navarra; comer en Navarra\",\"potentialAction\":[{\"@type\":\"SearchAction\",\"target\":{\"@type\":\"EntryPoint\",\"urlTemplate\":\"https:\/\/visitnavarra.info\/visitnavarra\/?s={search_term_string}\"},\"query-input\":{\"@type\":\"PropertyValueSpecification\",\"valueRequired\":true,\"valueName\":\"search_term_string\"}}],\"inLanguage\":\"es\"}]}<\/script>\n<!-- \/ Yoast SEO plugin. -->","yoast_head_json":{"title":"Monasterio de San Salvador de Leire - VisitNavarra","description":"Ubicado al pie de la sierra de la que toma el nombre, a 50 km de Pamplona y 16 de Sang\u00fcesa, el monasterio de Leire esconde magn\u00edficos tesoros","robots":{"index":"index","follow":"follow","max-snippet":"max-snippet:-1","max-image-preview":"max-image-preview:large","max-video-preview":"max-video-preview:-1"},"canonical":"https:\/\/visitnavarra.info\/visitnavarra\/monasterio-de-san-salvador-de-leire\/","og_locale":"es_ES","og_type":"article","og_title":"Monasterio de San Salvador de Leire - VisitNavarra","og_description":"Ubicado al pie de la sierra de la que toma el nombre, a 50 km de Pamplona y 16 de Sang\u00fcesa, el monasterio de Leire esconde magn\u00edficos tesoros","og_url":"https:\/\/visitnavarra.info\/visitnavarra\/monasterio-de-san-salvador-de-leire\/","og_site_name":"VisitNavarra","article_modified_time":"2024-05-20T11:22:38+00:00","twitter_card":"summary_large_image","twitter_misc":{"Tiempo de lectura":"5 minutos"},"schema":{"@context":"https:\/\/schema.org","@graph":[{"@type":"WebPage","@id":"https:\/\/visitnavarra.info\/visitnavarra\/monasterio-de-san-salvador-de-leire\/","url":"https:\/\/visitnavarra.info\/visitnavarra\/monasterio-de-san-salvador-de-leire\/","name":"Monasterio de San Salvador de Leire - VisitNavarra","isPartOf":{"@id":"https:\/\/visitnavarra.info\/visitnavarra\/#website"},"datePublished":"2020-12-10T09:47:49+00:00","dateModified":"2024-05-20T11:22:38+00:00","description":"Ubicado al pie de la sierra de la que toma el nombre, a 50 km de Pamplona y 16 de Sang\u00fcesa, el monasterio de Leire esconde magn\u00edficos tesoros","breadcrumb":{"@id":"https:\/\/visitnavarra.info\/visitnavarra\/monasterio-de-san-salvador-de-leire\/#breadcrumb"},"inLanguage":"es","potentialAction":[{"@type":"ReadAction","target":["https:\/\/visitnavarra.info\/visitnavarra\/monasterio-de-san-salvador-de-leire\/"]}]},{"@type":"BreadcrumbList","@id":"https:\/\/visitnavarra.info\/visitnavarra\/monasterio-de-san-salvador-de-leire\/#breadcrumb","itemListElement":[{"@type":"ListItem","position":1,"name":"Portada","item":"https:\/\/visitnavarra.info\/visitnavarra\/"},{"@type":"ListItem","position":2,"name":"Monasterio de San Salvador de Leire"}]},{"@type":"WebSite","@id":"https:\/\/visitnavarra.info\/visitnavarra\/#website","url":"https:\/\/visitnavarra.info\/visitnavarra\/","name":"VisitNavarra","description":"Alojamiento y experiencias tur\u00edsticas en Navarra; qu\u00e9 visitar en Navarra; comer en Navarra","potentialAction":[{"@type":"SearchAction","target":{"@type":"EntryPoint","urlTemplate":"https:\/\/visitnavarra.info\/visitnavarra\/?s={search_term_string}"},"query-input":{"@type":"PropertyValueSpecification","valueRequired":true,"valueName":"search_term_string"}}],"inLanguage":"es"}]}},"_links":{"self":[{"href":"https:\/\/visitnavarra.info\/visitnavarra\/wp-json\/wp\/v2\/pages\/7958","targetHints":{"allow":["GET"]}}],"collection":[{"href":"https:\/\/visitnavarra.info\/visitnavarra\/wp-json\/wp\/v2\/pages"}],"about":[{"href":"https:\/\/visitnavarra.info\/visitnavarra\/wp-json\/wp\/v2\/types\/page"}],"author":[{"embeddable":true,"href":"https:\/\/visitnavarra.info\/visitnavarra\/wp-json\/wp\/v2\/users\/1"}],"replies":[{"embeddable":true,"href":"https:\/\/visitnavarra.info\/visitnavarra\/wp-json\/wp\/v2\/comments?post=7958"}],"version-history":[{"count":2,"href":"https:\/\/visitnavarra.info\/visitnavarra\/wp-json\/wp\/v2\/pages\/7958\/revisions"}],"predecessor-version":[{"id":13510,"href":"https:\/\/visitnavarra.info\/visitnavarra\/wp-json\/wp\/v2\/pages\/7958\/revisions\/13510"}],"wp:attachment":[{"href":"https:\/\/visitnavarra.info\/visitnavarra\/wp-json\/wp\/v2\/media?parent=7958"}],"curies":[{"name":"wp","href":"https:\/\/api.w.org\/{rel}","templated":true}]}}