{"id":7961,"date":"2020-12-10T09:54:44","date_gmt":"2020-12-10T09:54:44","guid":{"rendered":"https:\/\/visitnavarra.info\/visitnavarra\/?page_id=7961"},"modified":"2024-05-20T10:06:31","modified_gmt":"2024-05-20T10:06:31","slug":"monasterio-de-santa-maria-de-iranzu","status":"publish","type":"page","link":"https:\/\/visitnavarra.info\/visitnavarra\/monasterio-de-santa-maria-de-iranzu\/","title":{"rendered":"Monasterio de Santa Mar\u00eda de Iranzu"},"content":{"rendered":"<p>[vc_row][vc_column width=&#8221;1\/2&#8243;][vc_column_text]<\/p>\n<h1 style=\"text-align: center;\"><strong>Monasterio de Santa Mar\u00eda de Iranzu<\/strong><\/h1>\n<p>[\/vc_column_text]<div class=\"single_image wpb_content_element align-center  image_box_circle image_box_border  \" data-animation=\"none\" data-delay=\"0\"><img loading=\"lazy\" decoding=\"async\" width=\"217\" height=\"155\" src=\"https:\/\/visitnavarra.info\/visitnavarra\/wp-content\/uploads\/2020\/12\/Monasterio-Iranzu.jpg\" class=\"attachment-medium\" alt=\"\" \/><\/div>[\/vc_column][vc_column width=&#8221;1\/2&#8243;][vc_column_text]<strong>Localidad<\/strong>: AB\u00c1RZUZA (31178)<br \/>\n<strong>Direcci\u00f3n<\/strong>: Monasterio de Santa Mar\u00eda de Iranzu<br \/>\n<strong>Zona<\/strong>: La Zona Media<br \/>\n<strong>Web<\/strong>: www.monasterio-iranzu.com<br \/>\n<strong>Estilo<\/strong>: Rom\u00e1nico<br \/>\n<strong>Siglos de construcci\u00f3n:<\/strong> XII<br \/>\n<strong>Tel\u00e9fonos<\/strong>: 948520047 &#8211; 948520012<br \/>\n<strong>Email<\/strong>: <a href=\"mailto:monasterio@monasterio-iranzu.com\">monasterio@monasterio-iranzu.com<\/a>[\/vc_column_text][\/vc_column][\/vc_row][vc_row][vc_column width=&#8221;1\/1&#8243;][vc_column_text]<\/p>\n<h3>Descripci\u00f3n<\/h3>\n<p>Oculto en el verde valle de Yerri, en una zona apartada entre monta\u00f1as, se encuentra el monasterio de Santa Mar\u00eda de Iranzu, grandiosa abad\u00eda cisterciense construida entre los siglos XII y XIV.<\/p>\n<p>Su claustro g\u00f3tico, elegante y austero, es uno de los rincones m\u00e1s bellos del monasterio, que invita a descubrir las diferentes dependencias del cenobio reformado en 1942.<\/p>\n<p>Una atm\u00f3sfera gozosa de paz y serenidad invita al reposo del esp\u00edritu y a la reflexi\u00f3n en todo el conjunto. No pierda la oportunidad de conversar tranquilamente con los padres teatinos, piedras vivas de este monasterio, o de sentarse en silencio junto a la fuente del claustro.<\/p>\n<h3>El entorno<\/h3>\n<p>Tras la visita, disfrute del bello entorno natural de un valle semisalvaje con pozas de agua cristalinas, y pasee por la senda que remonta el ca\u00f1\u00f3n excavado por el r\u00edo Iranzu, a los pies de la sierra de And\u00eda.<\/p>\n<p>Muy cerca de Estella, a 3 kil\u00f3metros de Ab\u00e1rzuza, entre los verdes valles que forman las monta\u00f1as de Yerri se levanta el monasterio de Iranzu que cumple perfectamente las condiciones que dirigieron su construcci\u00f3n &#8220;? en el fondo de un valle cerrado, cerca de un r\u00edo en el que el agua fluya generosamente y, como horizonte, el cielo para estar m\u00e1s cerca de Dios&#8221;.<\/p>\n<h3>El Monasterio<\/h3>\n<p>Los monjes cistercienses se establecieron en este cenobio en 1176 y aunque durante la Desamortizaci\u00f3n de 1835 permanecieron protegidos por los carlistas, en 1839 tuvieron que abandonar el monasterio que pas\u00f3 a ser propiedad del Estado.<\/p>\n<p>El edificio permaneci\u00f3 abandonado hasta 1942, cuando se inici\u00f3 su reconstrucci\u00f3n. Un a\u00f1o m\u00e1s tarde se establecieron en Iranzu los padres teatinos, actuales moradores del monasterio que tradicionalmente fue benedictino.<\/p>\n<p>La entrada al recinto da acceso directo al claustro g\u00f3tico construido entre los siglos XII al XIV, lo cual explica la variedad de estilos, desde las galer\u00edas de medio punto de la zona m\u00e1s primitiva, a los arcos apuntados con tril\u00f3bulos interiores y ojos de buey de elaborada tracer\u00eda, propios de un g\u00f3tico pleno. Desde el claustro, que conserva el lavatorio g\u00f3tico con una original fuente hexagonal, se accede a la mayor\u00eda de las dependencias del conjunto.<\/p>\n<h3>Visita guiada<\/h3>\n<p>Es aqu\u00ed donde se inicia la visita guiada, que permite conocer la cocina, de estilo medieval y con una gigantesca chimenea; el refectorio transformado en el siglo XVII; la cillerer\u00eda que serv\u00eda de almac\u00e9n; la casa abacial restaurada en el barroco; las celdas de castigo, en las que monjes y conversos pagaban sus culpas a pan y agua; la sala capitular, construida a finales del siglo XII, que se conserva en toda su originalidad; y la iglesia de Santa Mar\u00eda, construida a finales del siglo XII. Este templo, de planta de cruz latina con una capilla central y dos laterales, sorprende por su iluminaci\u00f3n, ya que la disposici\u00f3n de los ventanales hace que el conjunto tenga mucha claridad.<\/p>\n<h3>Centro de Interpretaci\u00f3n<\/h3>\n<p>El monasterio dispone de un centro de interpretaci\u00f3n al que se accede desde el claustro. En \u00e9l, se facilita informaci\u00f3n sobre el monasterio, su entorno y aspectos de inter\u00e9s tur\u00edstico de la zona y del resto de Navarra. Aunque el monasterio no tiene producci\u00f3n propia, tambi\u00e9n vende productos que llevan su marca, como licor, chocolate, almendras garrapi\u00f1adas, miel, rosquillas, queso, vino y cer\u00e1mica, adem\u00e1s de libros sobre el monasterio, folletos sobre el ca\u00f1\u00f3n del r\u00edo Iranzu y recorridos tur\u00edsticos.<\/p>\n<p>Junto al monasterio, existe un amplio merendero. Desde all\u00ed, parten varios paseos, como el que remonta el ca\u00f1\u00f3n del r\u00edo Iranzu, un recorrido sencillo que ofrece bonitas panor\u00e1micas de los tupidos encinales y cornisas de roca caliza que conforman la zona.[\/vc_column_text][\/vc_column][\/vc_row]<\/p>\n","protected":false},"excerpt":{"rendered":"<p>[vc_row][vc_column width=&#8221;1\/2&#8243;][vc_column_text] Monasterio de Santa Mar\u00eda de Iranzu [\/vc_column_text][\/vc_column][vc_column width=&#8221;1\/2&#8243;][vc_column_text]Localidad: AB\u00c1RZUZA (31178) Direcci\u00f3n: Monasterio de Santa Mar\u00eda de Iranzu Zona: La Zona Media Web: www.monasterio-iranzu.com Estilo: Rom\u00e1nico Siglos de construcci\u00f3n: XII Tel\u00e9fonos: 948520047 &#8211; 948520012 Email: monasterio@monasterio-iranzu.com[\/vc_column_text][\/vc_column][\/vc_row][vc_row][vc_column width=&#8221;1\/1&#8243;][vc_column_text] Descripci\u00f3n Oculto en el verde valle de Yerri, en una zona apartada entre monta\u00f1as, se encuentra el monasterio de Santa Mar\u00eda de Iranzu, grandiosa abad\u00eda cisterciense construida entre los siglos XII y XIV. Su claustro g\u00f3tico, elegante y austero, es uno de los rincones m\u00e1s bellos del monasterio, que invita a descubrir las diferentes dependencias del cenobio reformado en 1942. Una atm\u00f3sfera gozosa de paz y serenidad invita al reposo del esp\u00edritu y a la reflexi\u00f3n en todo el conjunto. No pierda la oportunidad de conversar tranquilamente con los padres teatinos, piedras vivas de este monasterio, o de sentarse en silencio junto a la fuente del claustro. El entorno Tras la visita, disfrute del bello entorno natural de un valle semisalvaje con pozas de agua cristalinas, y pasee por la senda que remonta el ca\u00f1\u00f3n excavado por el r\u00edo Iranzu, a los pies de la sierra de And\u00eda. Muy cerca de Estella, a 3 kil\u00f3metros de Ab\u00e1rzuza, entre los verdes valles que [&hellip;]<\/p>\n","protected":false},"author":1,"featured_media":0,"parent":0,"menu_order":0,"comment_status":"closed","ping_status":"closed","template":"","meta":{"footnotes":""},"class_list":["post-7961","page","type-page","status-publish","hentry"],"yoast_head":"<!-- This site is optimized with the Yoast SEO plugin v23.5 - https:\/\/yoast.com\/wordpress\/plugins\/seo\/ -->\n<title>Monasterio de Santa Mar\u00eda de Iranzu - VisitNavarra<\/title>\n<meta name=\"description\" content=\"El Monasterio de Santa Mar\u00eda de Iranzu, grandiosa abad\u00eda cisterciense construida entre los siglos XII y XIV.\" \/>\n<meta name=\"robots\" content=\"index, follow, max-snippet:-1, max-image-preview:large, max-video-preview:-1\" \/>\n<link rel=\"canonical\" href=\"https:\/\/visitnavarra.info\/visitnavarra\/monasterio-de-santa-maria-de-iranzu\/\" \/>\n<meta property=\"og:locale\" content=\"es_ES\" \/>\n<meta property=\"og:type\" content=\"article\" \/>\n<meta property=\"og:title\" content=\"Monasterio de Santa Mar\u00eda de Iranzu - VisitNavarra\" \/>\n<meta property=\"og:description\" content=\"El Monasterio de Santa Mar\u00eda de Iranzu, grandiosa abad\u00eda cisterciense construida entre los siglos XII y XIV.\" \/>\n<meta property=\"og:url\" content=\"https:\/\/visitnavarra.info\/visitnavarra\/monasterio-de-santa-maria-de-iranzu\/\" \/>\n<meta property=\"og:site_name\" content=\"VisitNavarra\" \/>\n<meta property=\"article:modified_time\" content=\"2024-05-20T10:06:31+00:00\" \/>\n<meta name=\"twitter:card\" content=\"summary_large_image\" \/>\n<meta name=\"twitter:label1\" content=\"Tiempo de lectura\" \/>\n\t<meta name=\"twitter:data1\" content=\"4 minutos\" \/>\n<script type=\"application\/ld+json\" class=\"yoast-schema-graph\">{\"@context\":\"https:\/\/schema.org\",\"@graph\":[{\"@type\":\"WebPage\",\"@id\":\"https:\/\/visitnavarra.info\/visitnavarra\/monasterio-de-santa-maria-de-iranzu\/\",\"url\":\"https:\/\/visitnavarra.info\/visitnavarra\/monasterio-de-santa-maria-de-iranzu\/\",\"name\":\"Monasterio de Santa Mar\u00eda de Iranzu - VisitNavarra\",\"isPartOf\":{\"@id\":\"https:\/\/visitnavarra.info\/visitnavarra\/#website\"},\"datePublished\":\"2020-12-10T09:54:44+00:00\",\"dateModified\":\"2024-05-20T10:06:31+00:00\",\"description\":\"El Monasterio de Santa Mar\u00eda de Iranzu, grandiosa abad\u00eda cisterciense construida entre los siglos XII y XIV.\",\"breadcrumb\":{\"@id\":\"https:\/\/visitnavarra.info\/visitnavarra\/monasterio-de-santa-maria-de-iranzu\/#breadcrumb\"},\"inLanguage\":\"es\",\"potentialAction\":[{\"@type\":\"ReadAction\",\"target\":[\"https:\/\/visitnavarra.info\/visitnavarra\/monasterio-de-santa-maria-de-iranzu\/\"]}]},{\"@type\":\"BreadcrumbList\",\"@id\":\"https:\/\/visitnavarra.info\/visitnavarra\/monasterio-de-santa-maria-de-iranzu\/#breadcrumb\",\"itemListElement\":[{\"@type\":\"ListItem\",\"position\":1,\"name\":\"Portada\",\"item\":\"https:\/\/visitnavarra.info\/visitnavarra\/\"},{\"@type\":\"ListItem\",\"position\":2,\"name\":\"Monasterio de Santa Mar\u00eda de Iranzu\"}]},{\"@type\":\"WebSite\",\"@id\":\"https:\/\/visitnavarra.info\/visitnavarra\/#website\",\"url\":\"https:\/\/visitnavarra.info\/visitnavarra\/\",\"name\":\"VisitNavarra\",\"description\":\"Alojamiento y experiencias tur\u00edsticas en Navarra; qu\u00e9 visitar en Navarra; comer en Navarra\",\"potentialAction\":[{\"@type\":\"SearchAction\",\"target\":{\"@type\":\"EntryPoint\",\"urlTemplate\":\"https:\/\/visitnavarra.info\/visitnavarra\/?s={search_term_string}\"},\"query-input\":{\"@type\":\"PropertyValueSpecification\",\"valueRequired\":true,\"valueName\":\"search_term_string\"}}],\"inLanguage\":\"es\"}]}<\/script>\n<!-- \/ Yoast SEO plugin. -->","yoast_head_json":{"title":"Monasterio de Santa Mar\u00eda de Iranzu - VisitNavarra","description":"El Monasterio de Santa Mar\u00eda de Iranzu, grandiosa abad\u00eda cisterciense construida entre los siglos XII y XIV.","robots":{"index":"index","follow":"follow","max-snippet":"max-snippet:-1","max-image-preview":"max-image-preview:large","max-video-preview":"max-video-preview:-1"},"canonical":"https:\/\/visitnavarra.info\/visitnavarra\/monasterio-de-santa-maria-de-iranzu\/","og_locale":"es_ES","og_type":"article","og_title":"Monasterio de Santa Mar\u00eda de Iranzu - VisitNavarra","og_description":"El Monasterio de Santa Mar\u00eda de Iranzu, grandiosa abad\u00eda cisterciense construida entre los siglos XII y XIV.","og_url":"https:\/\/visitnavarra.info\/visitnavarra\/monasterio-de-santa-maria-de-iranzu\/","og_site_name":"VisitNavarra","article_modified_time":"2024-05-20T10:06:31+00:00","twitter_card":"summary_large_image","twitter_misc":{"Tiempo de lectura":"4 minutos"},"schema":{"@context":"https:\/\/schema.org","@graph":[{"@type":"WebPage","@id":"https:\/\/visitnavarra.info\/visitnavarra\/monasterio-de-santa-maria-de-iranzu\/","url":"https:\/\/visitnavarra.info\/visitnavarra\/monasterio-de-santa-maria-de-iranzu\/","name":"Monasterio de Santa Mar\u00eda de Iranzu - VisitNavarra","isPartOf":{"@id":"https:\/\/visitnavarra.info\/visitnavarra\/#website"},"datePublished":"2020-12-10T09:54:44+00:00","dateModified":"2024-05-20T10:06:31+00:00","description":"El Monasterio de Santa Mar\u00eda de Iranzu, grandiosa abad\u00eda cisterciense construida entre los siglos XII y XIV.","breadcrumb":{"@id":"https:\/\/visitnavarra.info\/visitnavarra\/monasterio-de-santa-maria-de-iranzu\/#breadcrumb"},"inLanguage":"es","potentialAction":[{"@type":"ReadAction","target":["https:\/\/visitnavarra.info\/visitnavarra\/monasterio-de-santa-maria-de-iranzu\/"]}]},{"@type":"BreadcrumbList","@id":"https:\/\/visitnavarra.info\/visitnavarra\/monasterio-de-santa-maria-de-iranzu\/#breadcrumb","itemListElement":[{"@type":"ListItem","position":1,"name":"Portada","item":"https:\/\/visitnavarra.info\/visitnavarra\/"},{"@type":"ListItem","position":2,"name":"Monasterio de Santa Mar\u00eda de Iranzu"}]},{"@type":"WebSite","@id":"https:\/\/visitnavarra.info\/visitnavarra\/#website","url":"https:\/\/visitnavarra.info\/visitnavarra\/","name":"VisitNavarra","description":"Alojamiento y experiencias tur\u00edsticas en Navarra; qu\u00e9 visitar en Navarra; comer en Navarra","potentialAction":[{"@type":"SearchAction","target":{"@type":"EntryPoint","urlTemplate":"https:\/\/visitnavarra.info\/visitnavarra\/?s={search_term_string}"},"query-input":{"@type":"PropertyValueSpecification","valueRequired":true,"valueName":"search_term_string"}}],"inLanguage":"es"}]}},"_links":{"self":[{"href":"https:\/\/visitnavarra.info\/visitnavarra\/wp-json\/wp\/v2\/pages\/7961","targetHints":{"allow":["GET"]}}],"collection":[{"href":"https:\/\/visitnavarra.info\/visitnavarra\/wp-json\/wp\/v2\/pages"}],"about":[{"href":"https:\/\/visitnavarra.info\/visitnavarra\/wp-json\/wp\/v2\/types\/page"}],"author":[{"embeddable":true,"href":"https:\/\/visitnavarra.info\/visitnavarra\/wp-json\/wp\/v2\/users\/1"}],"replies":[{"embeddable":true,"href":"https:\/\/visitnavarra.info\/visitnavarra\/wp-json\/wp\/v2\/comments?post=7961"}],"version-history":[{"count":3,"href":"https:\/\/visitnavarra.info\/visitnavarra\/wp-json\/wp\/v2\/pages\/7961\/revisions"}],"predecessor-version":[{"id":13457,"href":"https:\/\/visitnavarra.info\/visitnavarra\/wp-json\/wp\/v2\/pages\/7961\/revisions\/13457"}],"wp:attachment":[{"href":"https:\/\/visitnavarra.info\/visitnavarra\/wp-json\/wp\/v2\/media?parent=7961"}],"curies":[{"name":"wp","href":"https:\/\/api.w.org\/{rel}","templated":true}]}}