{"id":7967,"date":"2020-12-10T10:09:27","date_gmt":"2020-12-10T10:09:27","guid":{"rendered":"https:\/\/visitnavarra.info\/visitnavarra\/?page_id=7967"},"modified":"2024-05-20T10:09:19","modified_gmt":"2024-05-20T10:09:19","slug":"palacio-de-los-reyes-de-navarra","status":"publish","type":"page","link":"https:\/\/visitnavarra.info\/visitnavarra\/palacio-de-los-reyes-de-navarra\/","title":{"rendered":"Palacio de los Reyes de Navarra"},"content":{"rendered":"<p>[vc_row][vc_column width=&#8221;1\/2&#8243;][vc_column_text]<\/p>\n<h1 style=\"text-align: center;\">Palacio de los Reyes de Navarra<\/h1>\n<p>[\/vc_column_text]<div class=\"single_image wpb_content_element align-center  image_box_circle image_box_border  \" data-animation=\"none\" data-delay=\"0\"><img loading=\"lazy\" decoding=\"async\" width=\"217\" height=\"155\" src=\"https:\/\/visitnavarra.info\/visitnavarra\/wp-content\/uploads\/2020\/12\/Palacio-Reyes-de-Navarra-Estella.jpg\" class=\"attachment-medium\" alt=\"\" \/><\/div>[\/vc_column][vc_column width=&#8221;1\/2&#8243;][vc_column_text]<strong>Localidad<\/strong>: ESTELLA (31200)<br \/>\n<strong>Direcci\u00f3n<\/strong>: Calle San Nicol\u00e1s, 1<br \/>\n<strong>Zona<\/strong>: La Zona Media<br \/>\nWeb: www.museogustavodemaeztu.com<br \/>\n<strong>Estilo<\/strong>: Rom\u00e1nico<br \/>\n<strong>Siglos de construcci\u00f3n:<\/strong> XII<br \/>\n<strong>Tel\u00e9fono<\/strong>: 948546037<br \/>\n<strong>Email<\/strong>: <a href=\"mailto:info@museogustavodemaeztu.com\">info@museogustavodemaeztu.com<\/a>[\/vc_column_text][\/vc_column][\/vc_row][vc_row][vc_column width=&#8221;1\/1&#8243;][vc_column_text]<\/p>\n<h3>Historia<\/h3>\n<p>En Estella, en la plaza de San Mart\u00edn, donde brilla con todo su esplendor el recuerdo de la ciudad medieval antiguamente poblada por francos y jud\u00edos, se encuentra el Palacio de los Reyes de Navarra, tambi\u00e9n conocido como Palacio de los Duques de Granada de Ega.<\/p>\n<p>Es el \u00fanico edificio rom\u00e1nico de car\u00e1cter civil que existe en Navarra y fue declarado Monumento Nacional en 1931.<\/p>\n<p>Levantado en el \u00faltimo tercio del siglo XII y orientado hacia la iglesia de San Pedro de la R\u00faa, nos descubre una magn\u00edfica fachada con dos capiteles historiados, uno de los cuales representa la lucha de Rold\u00e1n y el gigante Ferragut.<\/p>\n<p>En la actualidad, alberga el Museo Gustavo de Maeztu. En la estellesa plaza de San Mart\u00edn, ocupando la esquina con la calle de San Nicol\u00e1s, antigua r\u00faa de los Peregrinos, se alza el Palacio de los Reyes de Navarra, una de las joyas arquitect\u00f3nicas de la ciudad de Estella y \u00fanico ejemplo del rom\u00e1nico civil de la Comunidad Foral.<\/p>\n<h3>Descripci\u00f3n<\/h3>\n<p>El elemento m\u00e1s significativo de este edificio de planta rectangular es su bella y armoniosa fachada, articulada en tres cuerpos y dos torreones. Su piso inferior presenta una galer\u00eda de cuatro robustos arcos de medio punto, mientras que en el segundo cuerpo destacan sus cuatro grandes ventanales, divididos cada uno de ellos por cuatro arquillos apoyados en finas columnas encapiteladas.<\/p>\n<p>La parte superior, cuya ampliaci\u00f3n fue realizada en el siglo XVII, es un \u00e1tico de siller\u00eda provisto de tres saeteras y protegido en los \u00e1ngulos por dos torreones.<\/p>\n<p>La fachada est\u00e1 enmarcada en los extremos por dos columnas superpuestas con cuatro hermosos capiteles, dos vegetales y dos historiados.<\/p>\n<p>El capitel inferior de la columna izquierda, es el m\u00e1s famoso de los dos historiados y en \u00e9l podr\u00e1 distinguir la lucha de Rold\u00e1n y Ferragut, siendo el primero palad\u00edn de Carlomagno, y el segundo, un gigante moro. El capitel recoge el momento en el que el h\u00e9roe cristiano vence al musulm\u00e1n al atacarle en su \u00fanico punto d\u00e9bil, el ombligo.<\/p>\n<p>En la columna de la derecha, el capitel superior recoge dos escenas sin conexi\u00f3n entre s\u00ed. En la parte izquierda, se representa la f\u00e1bula del burro ta\u00f1endo el arpa que escucha un le\u00f3n sentado sobre sus cuartos traseros, y en la derecha, aparecen dos avaros, de cuyos cuellos cuelgan las bolsas del dinero, que caminan hacia su castigo cogidos por un cepo. A su lado, los condenados se queman en una caldera vigilada por cuatro diablos.<\/p>\n<p>El segundo cuerpo de la fachada est\u00e1 culminado por un tejadillo con ret\u00edcula de rombos sobre canes, pencas y otros temas vegetales, adem\u00e1s de volutas, l\u00f3bulos, puntas de diamantes y un pez.<\/p>\n<p>Tras la restauraci\u00f3n realizada en 1975, el palacio se convirti\u00f3 en sede del Museo Gustavo de Maeztu (1887-1947) Adem\u00e1s de los cuadros, acuarelas, litograf\u00edas y dibujos que leg\u00f3 el pintor vitoriano a la ciudad del Ega, alberga exposiciones temporales y numerosos cursos y ciclos de conferencias.<\/p>\n<p>Aproveche su visita al palacio para recorrer esta ciudad de origen medieval siguiendo el paso de los peregrinos y disfrutando de la riqueza art\u00edstica de iglesias como San Miguel o San Pedro de la R\u00faa.[\/vc_column_text][\/vc_column][\/vc_row]<\/p>\n","protected":false},"excerpt":{"rendered":"<p>[vc_row][vc_column width=&#8221;1\/2&#8243;][vc_column_text] Palacio de los Reyes de Navarra [\/vc_column_text][\/vc_column][vc_column width=&#8221;1\/2&#8243;][vc_column_text]Localidad: ESTELLA (31200) Direcci\u00f3n: Calle San Nicol\u00e1s, 1 Zona: La Zona Media Web: www.museogustavodemaeztu.com Estilo: Rom\u00e1nico Siglos de construcci\u00f3n: XII Tel\u00e9fono: 948546037 Email: info@museogustavodemaeztu.com[\/vc_column_text][\/vc_column][\/vc_row][vc_row][vc_column width=&#8221;1\/1&#8243;][vc_column_text] Historia En Estella, en la plaza de San Mart\u00edn, donde brilla con todo su esplendor el recuerdo de la ciudad medieval antiguamente poblada por francos y jud\u00edos, se encuentra el Palacio de los Reyes de Navarra, tambi\u00e9n conocido como Palacio de los Duques de Granada de Ega. Es el \u00fanico edificio rom\u00e1nico de car\u00e1cter civil que existe en Navarra y fue declarado Monumento Nacional en 1931. Levantado en el \u00faltimo tercio del siglo XII y orientado hacia la iglesia de San Pedro de la R\u00faa, nos descubre una magn\u00edfica fachada con dos capiteles historiados, uno de los cuales representa la lucha de Rold\u00e1n y el gigante Ferragut. En la actualidad, alberga el Museo Gustavo de Maeztu. En la estellesa plaza de San Mart\u00edn, ocupando la esquina con la calle de San Nicol\u00e1s, antigua r\u00faa de los Peregrinos, se alza el Palacio de los Reyes de Navarra, una de las joyas arquitect\u00f3nicas de la ciudad de Estella y \u00fanico ejemplo del rom\u00e1nico civil de la Comunidad Foral. [&hellip;]<\/p>\n","protected":false},"author":1,"featured_media":0,"parent":0,"menu_order":0,"comment_status":"closed","ping_status":"closed","template":"","meta":{"footnotes":""},"class_list":["post-7967","page","type-page","status-publish","hentry"],"yoast_head":"<!-- This site is optimized with the Yoast SEO plugin v23.5 - https:\/\/yoast.com\/wordpress\/plugins\/seo\/ -->\n<title>Palacio de los Reyes de Navarra - VisitNavarra<\/title>\n<meta name=\"description\" content=\"Es el \u00fanico edificio rom\u00e1nico de car\u00e1cter civil que existe en Navarra y fue declarado Monumento Nacional en 1931.\" \/>\n<meta name=\"robots\" content=\"index, follow, max-snippet:-1, max-image-preview:large, max-video-preview:-1\" \/>\n<link rel=\"canonical\" href=\"https:\/\/visitnavarra.info\/visitnavarra\/palacio-de-los-reyes-de-navarra\/\" \/>\n<meta property=\"og:locale\" content=\"es_ES\" \/>\n<meta property=\"og:type\" content=\"article\" \/>\n<meta property=\"og:title\" content=\"Palacio de los Reyes de Navarra - VisitNavarra\" \/>\n<meta property=\"og:description\" content=\"Es el \u00fanico edificio rom\u00e1nico de car\u00e1cter civil que existe en Navarra y fue declarado Monumento Nacional en 1931.\" \/>\n<meta property=\"og:url\" content=\"https:\/\/visitnavarra.info\/visitnavarra\/palacio-de-los-reyes-de-navarra\/\" \/>\n<meta property=\"og:site_name\" content=\"VisitNavarra\" \/>\n<meta property=\"article:modified_time\" content=\"2024-05-20T10:09:19+00:00\" \/>\n<meta name=\"twitter:card\" content=\"summary_large_image\" \/>\n<meta name=\"twitter:label1\" content=\"Tiempo de lectura\" \/>\n\t<meta name=\"twitter:data1\" content=\"3 minutos\" \/>\n<script type=\"application\/ld+json\" class=\"yoast-schema-graph\">{\"@context\":\"https:\/\/schema.org\",\"@graph\":[{\"@type\":\"WebPage\",\"@id\":\"https:\/\/visitnavarra.info\/visitnavarra\/palacio-de-los-reyes-de-navarra\/\",\"url\":\"https:\/\/visitnavarra.info\/visitnavarra\/palacio-de-los-reyes-de-navarra\/\",\"name\":\"Palacio de los Reyes de Navarra - VisitNavarra\",\"isPartOf\":{\"@id\":\"https:\/\/visitnavarra.info\/visitnavarra\/#website\"},\"datePublished\":\"2020-12-10T10:09:27+00:00\",\"dateModified\":\"2024-05-20T10:09:19+00:00\",\"description\":\"Es el \u00fanico edificio rom\u00e1nico de car\u00e1cter civil que existe en Navarra y fue declarado Monumento Nacional en 1931.\",\"breadcrumb\":{\"@id\":\"https:\/\/visitnavarra.info\/visitnavarra\/palacio-de-los-reyes-de-navarra\/#breadcrumb\"},\"inLanguage\":\"es\",\"potentialAction\":[{\"@type\":\"ReadAction\",\"target\":[\"https:\/\/visitnavarra.info\/visitnavarra\/palacio-de-los-reyes-de-navarra\/\"]}]},{\"@type\":\"BreadcrumbList\",\"@id\":\"https:\/\/visitnavarra.info\/visitnavarra\/palacio-de-los-reyes-de-navarra\/#breadcrumb\",\"itemListElement\":[{\"@type\":\"ListItem\",\"position\":1,\"name\":\"Portada\",\"item\":\"https:\/\/visitnavarra.info\/visitnavarra\/\"},{\"@type\":\"ListItem\",\"position\":2,\"name\":\"Palacio de los Reyes de Navarra\"}]},{\"@type\":\"WebSite\",\"@id\":\"https:\/\/visitnavarra.info\/visitnavarra\/#website\",\"url\":\"https:\/\/visitnavarra.info\/visitnavarra\/\",\"name\":\"VisitNavarra\",\"description\":\"Alojamiento y experiencias tur\u00edsticas en Navarra; qu\u00e9 visitar en Navarra; comer en Navarra\",\"potentialAction\":[{\"@type\":\"SearchAction\",\"target\":{\"@type\":\"EntryPoint\",\"urlTemplate\":\"https:\/\/visitnavarra.info\/visitnavarra\/?s={search_term_string}\"},\"query-input\":{\"@type\":\"PropertyValueSpecification\",\"valueRequired\":true,\"valueName\":\"search_term_string\"}}],\"inLanguage\":\"es\"}]}<\/script>\n<!-- \/ Yoast SEO plugin. -->","yoast_head_json":{"title":"Palacio de los Reyes de Navarra - VisitNavarra","description":"Es el \u00fanico edificio rom\u00e1nico de car\u00e1cter civil que existe en Navarra y fue declarado Monumento Nacional en 1931.","robots":{"index":"index","follow":"follow","max-snippet":"max-snippet:-1","max-image-preview":"max-image-preview:large","max-video-preview":"max-video-preview:-1"},"canonical":"https:\/\/visitnavarra.info\/visitnavarra\/palacio-de-los-reyes-de-navarra\/","og_locale":"es_ES","og_type":"article","og_title":"Palacio de los Reyes de Navarra - VisitNavarra","og_description":"Es el \u00fanico edificio rom\u00e1nico de car\u00e1cter civil que existe en Navarra y fue declarado Monumento Nacional en 1931.","og_url":"https:\/\/visitnavarra.info\/visitnavarra\/palacio-de-los-reyes-de-navarra\/","og_site_name":"VisitNavarra","article_modified_time":"2024-05-20T10:09:19+00:00","twitter_card":"summary_large_image","twitter_misc":{"Tiempo de lectura":"3 minutos"},"schema":{"@context":"https:\/\/schema.org","@graph":[{"@type":"WebPage","@id":"https:\/\/visitnavarra.info\/visitnavarra\/palacio-de-los-reyes-de-navarra\/","url":"https:\/\/visitnavarra.info\/visitnavarra\/palacio-de-los-reyes-de-navarra\/","name":"Palacio de los Reyes de Navarra - VisitNavarra","isPartOf":{"@id":"https:\/\/visitnavarra.info\/visitnavarra\/#website"},"datePublished":"2020-12-10T10:09:27+00:00","dateModified":"2024-05-20T10:09:19+00:00","description":"Es el \u00fanico edificio rom\u00e1nico de car\u00e1cter civil que existe en Navarra y fue declarado Monumento Nacional en 1931.","breadcrumb":{"@id":"https:\/\/visitnavarra.info\/visitnavarra\/palacio-de-los-reyes-de-navarra\/#breadcrumb"},"inLanguage":"es","potentialAction":[{"@type":"ReadAction","target":["https:\/\/visitnavarra.info\/visitnavarra\/palacio-de-los-reyes-de-navarra\/"]}]},{"@type":"BreadcrumbList","@id":"https:\/\/visitnavarra.info\/visitnavarra\/palacio-de-los-reyes-de-navarra\/#breadcrumb","itemListElement":[{"@type":"ListItem","position":1,"name":"Portada","item":"https:\/\/visitnavarra.info\/visitnavarra\/"},{"@type":"ListItem","position":2,"name":"Palacio de los Reyes de Navarra"}]},{"@type":"WebSite","@id":"https:\/\/visitnavarra.info\/visitnavarra\/#website","url":"https:\/\/visitnavarra.info\/visitnavarra\/","name":"VisitNavarra","description":"Alojamiento y experiencias tur\u00edsticas en Navarra; qu\u00e9 visitar en Navarra; comer en Navarra","potentialAction":[{"@type":"SearchAction","target":{"@type":"EntryPoint","urlTemplate":"https:\/\/visitnavarra.info\/visitnavarra\/?s={search_term_string}"},"query-input":{"@type":"PropertyValueSpecification","valueRequired":true,"valueName":"search_term_string"}}],"inLanguage":"es"}]}},"_links":{"self":[{"href":"https:\/\/visitnavarra.info\/visitnavarra\/wp-json\/wp\/v2\/pages\/7967","targetHints":{"allow":["GET"]}}],"collection":[{"href":"https:\/\/visitnavarra.info\/visitnavarra\/wp-json\/wp\/v2\/pages"}],"about":[{"href":"https:\/\/visitnavarra.info\/visitnavarra\/wp-json\/wp\/v2\/types\/page"}],"author":[{"embeddable":true,"href":"https:\/\/visitnavarra.info\/visitnavarra\/wp-json\/wp\/v2\/users\/1"}],"replies":[{"embeddable":true,"href":"https:\/\/visitnavarra.info\/visitnavarra\/wp-json\/wp\/v2\/comments?post=7967"}],"version-history":[{"count":2,"href":"https:\/\/visitnavarra.info\/visitnavarra\/wp-json\/wp\/v2\/pages\/7967\/revisions"}],"predecessor-version":[{"id":13461,"href":"https:\/\/visitnavarra.info\/visitnavarra\/wp-json\/wp\/v2\/pages\/7967\/revisions\/13461"}],"wp:attachment":[{"href":"https:\/\/visitnavarra.info\/visitnavarra\/wp-json\/wp\/v2\/media?parent=7967"}],"curies":[{"name":"wp","href":"https:\/\/api.w.org\/{rel}","templated":true}]}}