{"id":7982,"date":"2020-12-10T10:43:40","date_gmt":"2020-12-10T10:43:40","guid":{"rendered":"https:\/\/visitnavarra.info\/visitnavarra\/?page_id=7982"},"modified":"2020-12-10T11:27:33","modified_gmt":"2020-12-10T11:27:33","slug":"ruinas-romanas-de-andelos","status":"publish","type":"page","link":"https:\/\/visitnavarra.info\/visitnavarra\/ruinas-romanas-de-andelos\/","title":{"rendered":"Ruinas Romanas de Andelos"},"content":{"rendered":"<p>[vc_row][vc_column width=&#8221;1\/2&#8243;][vc_column_text]<\/p>\n<h1 style=\"text-align: center;\">Ruinas Romanas de Andelos<\/h1>\n<p>[\/vc_column_text]<div class=\"single_image wpb_content_element align-center  image_box_circle image_box_border  \" data-animation=\"none\" data-delay=\"0\"><img loading=\"lazy\" decoding=\"async\" width=\"217\" height=\"155\" src=\"https:\/\/visitnavarra.info\/visitnavarra\/wp-content\/uploads\/2020\/12\/Ruinas-Romanas-Andelos.jpg\" class=\"attachment-medium\" alt=\"\" \/><\/div><div class=\"divider-title align-center\" ><\/div>[\/vc_column][vc_column width=&#8221;1\/2&#8243;][\/vc_column][\/vc_row][vc_row][vc_column width=&#8221;1\/1&#8243;][vc_column_text]Las ruinas de la ciudad romana de Andelos resurgen de la tierra. En silencio yace la urbe que en el pasado acogi\u00f3 parte de la prosperidad del Impero Romano. Sus calles y viviendas, sus tiendas, sus termas y fuentes, sus creencias y tradiciones traen del lejano pasado el recuerdo y la historia de aquella ciudad que nos ha legado una extraordinaria obra de ingenier\u00eda civil en buen estado de conservaci\u00f3n: el sistema de abastecimiento de agua de la ciudad. La ciudad romana de Andelos se localiza en el t\u00e9rmino municipal de Mendigorr\u00eda, en la Navarra Media. Est\u00e1 situada sobre una alta terraza cuaternaria en la margen derecha del r\u00edo Arga, al sur de Puente la Reina.<\/p>\n<p>El descubrimiento m\u00e1s notable en relaci\u00f3n a esta ciudad es su sistema de abastecimiento de aguas. Es excepcional el hallazgo y conservaci\u00f3n de esta obra hidr\u00e1ulica que comprende desde la captaci\u00f3n hasta el centro de distribuci\u00f3n en la ciudad. Adem\u00e1s de este hallazgo, las excavaciones han permitido sacar a la luz el trazado de las calles y parte de la muralla.<\/p>\n<h3>Pinceladas de historia<\/h3>\n<p>En el lugar que ocupa la ciudad romana de Andelos hubo un asentamiento humano que se remonta a los siglos IV-III a.C. Es posible que desde el siglo II a.C. se establecieran ya los primeros contactos entre los vascones y el mundo romano. Los siglos I y II d.C. son los de mayor esplendor de la ciudad. Es en esta \u00e9poca cuando tiene lugar un importante desarrollo urbano y se realiza la instalaci\u00f3n del complejo sistema hidr\u00e1ulico. Esta ciudad se mantuvo como lugar habitado hasta \u00e9poca medieval tard\u00eda, conserv\u00e1ndose la ermita de Nuestra Se\u00f1ora de Andi\u00f3n como \u00fanico elemento que pervive actualmente.<\/p>\n<h3>El recorrido por la ciudad de Andelos<\/h3>\n<p>El acceso al yacimiento se realiza a trav\u00e9s del Museo Arqueol\u00f3gico de Andelos, inaugurado en 2003. Es el punto de partida para lanzarse a descubrir los misterios de esta ciudad milenaria a trav\u00e9s de distintos bloques monogr\u00e1ficos que relatan el origen de la villa, los primeros contactos con la civilizaci\u00f3n romana, la arquitectura y los modos de vida.<\/p>\n<p>El recorrido comienza en el cardo o calle porticada. Aqu\u00ed puede contemplar las bases de los arcos del acueducto que llevaba el agua desde la presa hasta la ciudad tras recorrer 3,5 kil\u00f3metros. En la actualidad s\u00f3lo se conservan esos restos, vestigios de aquel largo brazo de piedra que abastec\u00eda la ciudad. Camine desde all\u00ed hasta la antigua lavander\u00eda-tintorer\u00eda e imag\u00ednese inmerso en un ambiente lleno de aromas y colores.<\/p>\n<p>Divise despu\u00e9s el tramo final del acueducto que a pocos metros mor\u00eda en el &#8220;castellum aquae&#8221;, donde comenzaba la distribuci\u00f3n del agua por la ciudad. Este dep\u00f3sito serv\u00eda para repartir y dividir el caudal. Seguidamente atraviese la fuente o ninfeo, cuyos alrededores seguramente se convirtieron en un punto de encuentro y charla.<\/p>\n<p>A continuaci\u00f3n, atravesando la ciudad en direcci\u00f3n noreste, puede proseguir su visita situ\u00e1ndose al comienzo del &#8220;decumanus&#8221;, uno de los ejes perpendiculares que atraviesa la ciudad. Lo primero que puede encontrar a su derecha es el acceso a la casa del peristilo o patio porticado con pozo. Prosiguiendo por el decumanus, acceda a la casa de Baco y d\u00e9jese seducir por el dios del vino.<\/p>\n<p>El final del &#8220;decumanu&#8221;s conecta perpendicularmente con el cardus, que sigue la direcci\u00f3n norte-sur. En esta calle se desarrollaba buena parte de la vida social de Andelos, ya que se trataba de una zona residencial, compuesta por amplias casas y edificios p\u00fablicos como las tiendas o las termas. \u00c9stas ofrec\u00edan unos servicios muy completos, sin nada que envidiar a las instalaciones m\u00e1s modernas de siglos posteriores. Exist\u00eda una zona de vestuario, una sauna, ba\u00f1os calientes, ba\u00f1os fr\u00edos e incluso zonas de ambiente intermedio entre estos dos \u00faltimos. Ya en la &#8220;palestra&#8221;, lugar donde se realizaban los ejercicios gimn\u00e1sticos y juegos, los andelonenses esculp\u00edan su cuerpo y liberaban su mente.<\/p>\n<p>No deje de visitar el sistema de abastecimiento de aguas a 3,5 kil\u00f3metros de la ciudad de Andelos, en el l\u00edmite de los municipios de Mendigorr\u00eda y Cirauqui. En este lugar se encuentra la presa con una capacidad de 20.000 m3. Le impresionar\u00e1 la excelente conservaci\u00f3n y los 150 metros de longitud de esta obra de ingenier\u00eda del siglo I d.C. A continuaci\u00f3n contemple el dep\u00f3sito regulador con capacidad para 7.000 m3. Distribu\u00eda el agua hacia el acueducto, que la transportaba hasta la ciudad. Una vez all\u00ed, se proced\u00eda a su distribuci\u00f3n desde el &#8220;castellum aquae&#8221;.[\/vc_column_text][\/vc_column][\/vc_row]<\/p>\n","protected":false},"excerpt":{"rendered":"<p>[vc_row][vc_column width=&#8221;1\/2&#8243;][vc_column_text] Ruinas Romanas de Andelos [\/vc_column_text][\/vc_column][vc_column width=&#8221;1\/2&#8243;][\/vc_column][\/vc_row][vc_row][vc_column width=&#8221;1\/1&#8243;][vc_column_text]Las ruinas de la ciudad romana de Andelos resurgen de la tierra. En silencio yace la urbe que en el pasado acogi\u00f3 parte de la prosperidad del Impero Romano. Sus calles y viviendas, sus tiendas, sus termas y fuentes, sus creencias y tradiciones traen del lejano pasado el recuerdo y la historia de aquella ciudad que nos ha legado una extraordinaria obra de ingenier\u00eda civil en buen estado de conservaci\u00f3n: el sistema de abastecimiento de agua de la ciudad. La ciudad romana de Andelos se localiza en el t\u00e9rmino municipal de Mendigorr\u00eda, en la Navarra Media. Est\u00e1 situada sobre una alta terraza cuaternaria en la margen derecha del r\u00edo Arga, al sur de Puente la Reina. El descubrimiento m\u00e1s notable en relaci\u00f3n a esta ciudad es su sistema de abastecimiento de aguas. Es excepcional el hallazgo y conservaci\u00f3n de esta obra hidr\u00e1ulica que comprende desde la captaci\u00f3n hasta el centro de distribuci\u00f3n en la ciudad. Adem\u00e1s de este hallazgo, las excavaciones han permitido sacar a la luz el trazado de las calles y parte de la muralla. Pinceladas de historia En el lugar que ocupa la ciudad romana de Andelos hubo un [&hellip;]<\/p>\n","protected":false},"author":1,"featured_media":0,"parent":0,"menu_order":0,"comment_status":"closed","ping_status":"closed","template":"","meta":{"footnotes":""},"class_list":["post-7982","page","type-page","status-publish","hentry"],"yoast_head":"<!-- This site is optimized with the Yoast SEO plugin v23.5 - https:\/\/yoast.com\/wordpress\/plugins\/seo\/ -->\n<title>Ruinas Romanas de AndelosRuinas Romanas de Andelos - VisitNavarra<\/title>\n<meta name=\"description\" content=\"Las ruinas de la ciudad romana de Andelos resurgen de la tierra. Sus calles y viviendas, sus tiendas, sus termas y fuentes, sus creencias\" \/>\n<meta name=\"robots\" content=\"index, follow, max-snippet:-1, max-image-preview:large, max-video-preview:-1\" \/>\n<link rel=\"canonical\" href=\"https:\/\/visitnavarra.info\/visitnavarra\/ruinas-romanas-de-andelos\/\" \/>\n<meta property=\"og:locale\" content=\"es_ES\" \/>\n<meta property=\"og:type\" content=\"article\" \/>\n<meta property=\"og:title\" content=\"Ruinas Romanas de AndelosRuinas Romanas de Andelos - VisitNavarra\" \/>\n<meta property=\"og:description\" content=\"Las ruinas de la ciudad romana de Andelos resurgen de la tierra. Sus calles y viviendas, sus tiendas, sus termas y fuentes, sus creencias\" \/>\n<meta property=\"og:url\" content=\"https:\/\/visitnavarra.info\/visitnavarra\/ruinas-romanas-de-andelos\/\" \/>\n<meta property=\"og:site_name\" content=\"VisitNavarra\" \/>\n<meta property=\"article:modified_time\" content=\"2020-12-10T11:27:33+00:00\" \/>\n<meta name=\"twitter:card\" content=\"summary_large_image\" \/>\n<meta name=\"twitter:label1\" content=\"Tiempo de lectura\" \/>\n\t<meta name=\"twitter:data1\" content=\"4 minutos\" \/>\n<script type=\"application\/ld+json\" class=\"yoast-schema-graph\">{\"@context\":\"https:\/\/schema.org\",\"@graph\":[{\"@type\":\"WebPage\",\"@id\":\"https:\/\/visitnavarra.info\/visitnavarra\/ruinas-romanas-de-andelos\/\",\"url\":\"https:\/\/visitnavarra.info\/visitnavarra\/ruinas-romanas-de-andelos\/\",\"name\":\"Ruinas Romanas de AndelosRuinas Romanas de Andelos - VisitNavarra\",\"isPartOf\":{\"@id\":\"https:\/\/visitnavarra.info\/visitnavarra\/#website\"},\"datePublished\":\"2020-12-10T10:43:40+00:00\",\"dateModified\":\"2020-12-10T11:27:33+00:00\",\"description\":\"Las ruinas de la ciudad romana de Andelos resurgen de la tierra. Sus calles y viviendas, sus tiendas, sus termas y fuentes, sus creencias\",\"breadcrumb\":{\"@id\":\"https:\/\/visitnavarra.info\/visitnavarra\/ruinas-romanas-de-andelos\/#breadcrumb\"},\"inLanguage\":\"es\",\"potentialAction\":[{\"@type\":\"ReadAction\",\"target\":[\"https:\/\/visitnavarra.info\/visitnavarra\/ruinas-romanas-de-andelos\/\"]}]},{\"@type\":\"BreadcrumbList\",\"@id\":\"https:\/\/visitnavarra.info\/visitnavarra\/ruinas-romanas-de-andelos\/#breadcrumb\",\"itemListElement\":[{\"@type\":\"ListItem\",\"position\":1,\"name\":\"Portada\",\"item\":\"https:\/\/visitnavarra.info\/visitnavarra\/\"},{\"@type\":\"ListItem\",\"position\":2,\"name\":\"Ruinas Romanas de Andelos\"}]},{\"@type\":\"WebSite\",\"@id\":\"https:\/\/visitnavarra.info\/visitnavarra\/#website\",\"url\":\"https:\/\/visitnavarra.info\/visitnavarra\/\",\"name\":\"VisitNavarra\",\"description\":\"Alojamiento y experiencias tur\u00edsticas en Navarra; qu\u00e9 visitar en Navarra; comer en Navarra\",\"potentialAction\":[{\"@type\":\"SearchAction\",\"target\":{\"@type\":\"EntryPoint\",\"urlTemplate\":\"https:\/\/visitnavarra.info\/visitnavarra\/?s={search_term_string}\"},\"query-input\":{\"@type\":\"PropertyValueSpecification\",\"valueRequired\":true,\"valueName\":\"search_term_string\"}}],\"inLanguage\":\"es\"}]}<\/script>\n<!-- \/ Yoast SEO plugin. -->","yoast_head_json":{"title":"Ruinas Romanas de AndelosRuinas Romanas de Andelos - VisitNavarra","description":"Las ruinas de la ciudad romana de Andelos resurgen de la tierra. Sus calles y viviendas, sus tiendas, sus termas y fuentes, sus creencias","robots":{"index":"index","follow":"follow","max-snippet":"max-snippet:-1","max-image-preview":"max-image-preview:large","max-video-preview":"max-video-preview:-1"},"canonical":"https:\/\/visitnavarra.info\/visitnavarra\/ruinas-romanas-de-andelos\/","og_locale":"es_ES","og_type":"article","og_title":"Ruinas Romanas de AndelosRuinas Romanas de Andelos - VisitNavarra","og_description":"Las ruinas de la ciudad romana de Andelos resurgen de la tierra. Sus calles y viviendas, sus tiendas, sus termas y fuentes, sus creencias","og_url":"https:\/\/visitnavarra.info\/visitnavarra\/ruinas-romanas-de-andelos\/","og_site_name":"VisitNavarra","article_modified_time":"2020-12-10T11:27:33+00:00","twitter_card":"summary_large_image","twitter_misc":{"Tiempo de lectura":"4 minutos"},"schema":{"@context":"https:\/\/schema.org","@graph":[{"@type":"WebPage","@id":"https:\/\/visitnavarra.info\/visitnavarra\/ruinas-romanas-de-andelos\/","url":"https:\/\/visitnavarra.info\/visitnavarra\/ruinas-romanas-de-andelos\/","name":"Ruinas Romanas de AndelosRuinas Romanas de Andelos - VisitNavarra","isPartOf":{"@id":"https:\/\/visitnavarra.info\/visitnavarra\/#website"},"datePublished":"2020-12-10T10:43:40+00:00","dateModified":"2020-12-10T11:27:33+00:00","description":"Las ruinas de la ciudad romana de Andelos resurgen de la tierra. Sus calles y viviendas, sus tiendas, sus termas y fuentes, sus creencias","breadcrumb":{"@id":"https:\/\/visitnavarra.info\/visitnavarra\/ruinas-romanas-de-andelos\/#breadcrumb"},"inLanguage":"es","potentialAction":[{"@type":"ReadAction","target":["https:\/\/visitnavarra.info\/visitnavarra\/ruinas-romanas-de-andelos\/"]}]},{"@type":"BreadcrumbList","@id":"https:\/\/visitnavarra.info\/visitnavarra\/ruinas-romanas-de-andelos\/#breadcrumb","itemListElement":[{"@type":"ListItem","position":1,"name":"Portada","item":"https:\/\/visitnavarra.info\/visitnavarra\/"},{"@type":"ListItem","position":2,"name":"Ruinas Romanas de Andelos"}]},{"@type":"WebSite","@id":"https:\/\/visitnavarra.info\/visitnavarra\/#website","url":"https:\/\/visitnavarra.info\/visitnavarra\/","name":"VisitNavarra","description":"Alojamiento y experiencias tur\u00edsticas en Navarra; qu\u00e9 visitar en Navarra; comer en Navarra","potentialAction":[{"@type":"SearchAction","target":{"@type":"EntryPoint","urlTemplate":"https:\/\/visitnavarra.info\/visitnavarra\/?s={search_term_string}"},"query-input":{"@type":"PropertyValueSpecification","valueRequired":true,"valueName":"search_term_string"}}],"inLanguage":"es"}]}},"_links":{"self":[{"href":"https:\/\/visitnavarra.info\/visitnavarra\/wp-json\/wp\/v2\/pages\/7982","targetHints":{"allow":["GET"]}}],"collection":[{"href":"https:\/\/visitnavarra.info\/visitnavarra\/wp-json\/wp\/v2\/pages"}],"about":[{"href":"https:\/\/visitnavarra.info\/visitnavarra\/wp-json\/wp\/v2\/types\/page"}],"author":[{"embeddable":true,"href":"https:\/\/visitnavarra.info\/visitnavarra\/wp-json\/wp\/v2\/users\/1"}],"replies":[{"embeddable":true,"href":"https:\/\/visitnavarra.info\/visitnavarra\/wp-json\/wp\/v2\/comments?post=7982"}],"version-history":[{"count":2,"href":"https:\/\/visitnavarra.info\/visitnavarra\/wp-json\/wp\/v2\/pages\/7982\/revisions"}],"predecessor-version":[{"id":7985,"href":"https:\/\/visitnavarra.info\/visitnavarra\/wp-json\/wp\/v2\/pages\/7982\/revisions\/7985"}],"wp:attachment":[{"href":"https:\/\/visitnavarra.info\/visitnavarra\/wp-json\/wp\/v2\/media?parent=7982"}],"curies":[{"name":"wp","href":"https:\/\/api.w.org\/{rel}","templated":true}]}}