{"id":8213,"date":"2020-12-15T14:45:30","date_gmt":"2020-12-15T14:45:30","guid":{"rendered":"https:\/\/visitnavarra.info\/visitnavarra\/?page_id=8213"},"modified":"2024-05-20T13:27:57","modified_gmt":"2024-05-20T13:27:57","slug":"museo-de-oteiza","status":"publish","type":"page","link":"https:\/\/visitnavarra.info\/visitnavarra\/museo-de-oteiza\/","title":{"rendered":"Museo de Oteiza"},"content":{"rendered":"<p>[vc_row][vc_column width=&#8221;1\/1&#8243;][vc_column_text]<\/p>\n<h1 style=\"text-align: left;\"><strong>Museo de Oteiza<\/strong><\/h1>\n<p>[\/vc_column_text][vc_column_text][\/vc_column_text][\/vc_column][\/vc_row][vc_row][vc_column width=&#8221;1\/2&#8243;]<div class=\"single_image wpb_content_element align-center    \" data-animation=\"none\" data-delay=\"0\"><img loading=\"lazy\" decoding=\"async\" width=\"597\" height=\"468\" src=\"https:\/\/visitnavarra.info\/visitnavarra\/wp-content\/uploads\/2020\/12\/Museo-Oteiza.jpg\" class=\"attachment-full\" alt=\"\" srcset=\"https:\/\/visitnavarra.info\/visitnavarra\/wp-content\/uploads\/2020\/12\/Museo-Oteiza.jpg 597w, https:\/\/visitnavarra.info\/visitnavarra\/wp-content\/uploads\/2020\/12\/Museo-Oteiza-300x235.jpg 300w\" sizes=\"auto, (max-width: 597px) 100vw, 597px\" \/><\/div>[vc_column_text][\/vc_column_text][\/vc_column][vc_column width=&#8221;1\/2&#8243;][vc_column_text]<strong>Localidad<\/strong>: ALZUZA (31486)<br \/>\n<strong>Direcci\u00f3n<\/strong>: Calle de la Cuesta, 7<br \/>\n<strong>Tel\u00e9fono<\/strong>: 948332074<br \/>\n<strong>Fax<\/strong>: 948332066<br \/>\n<strong>Email<\/strong>: info@museooteiza.org<br \/>\n<strong>Web<\/strong>: www.museooteiza.org[\/vc_column_text][\/vc_column][\/vc_row][vc_row][vc_column width=&#8221;1\/1&#8243;][vc_column_text]El Museo Oteiza es un espacio monogr\u00e1fico alberga la colecci\u00f3n personal del reconocido escultor y artista integral (Orio,1908-San Sebasti\u00e1n, 2003), compuesta por 1.690 esculturas, 2.000 piezas de su trabajo experimental incluidas en su Laboratorio de Tizas , adem\u00e1s de una extensa presencia de dibujos y collages. El Museo se encuentra situado en el entorno rural de la localidad Navarra de Alzuza, situada a 9 kil\u00f3metros de Pamplona, y expone una selecci\u00f3n representativa de la obra del artista, uno de los creadores m\u00e1s significativos de la escultura del siglo XX, que irrumpi\u00f3 en el panorama art\u00edstico internacional tras alzarse con el Gran Premio de la Bienal de S\u00e3o Paulo en 1957 con su Prop\u00f3sito Experimental.<\/p>\n<p>El Museo Oteiza es obra del arquitecto Francisco Javier S\u00e1enz de Oiza, que ha proyectado un gran cubo de hormig\u00f3n rojizo concebido, como una met\u00e1fora del espacio recreado por Oteiza, y que integra la vivienda en la que Jorge Oteiza se estableci\u00f3 a partir de 1975.<\/p>\n<p>[\/vc_column_text][\/vc_column][\/vc_row]<\/p>\n","protected":false},"excerpt":{"rendered":"<p>[vc_row][vc_column width=&#8221;1\/1&#8243;][vc_column_text] Museo de Oteiza [\/vc_column_text][vc_column_text][\/vc_column_text][\/vc_column][\/vc_row][vc_row][vc_column width=&#8221;1\/2&#8243;][vc_column_text][\/vc_column_text][\/vc_column][vc_column width=&#8221;1\/2&#8243;][vc_column_text]Localidad: ALZUZA (31486) Direcci\u00f3n: Calle de la Cuesta, 7 Tel\u00e9fono: 948332074 Fax: 948332066 Email: info@museooteiza.org Web: www.museooteiza.org[\/vc_column_text][\/vc_column][\/vc_row][vc_row][vc_column width=&#8221;1\/1&#8243;][vc_column_text]El Museo Oteiza es un espacio monogr\u00e1fico alberga la colecci\u00f3n personal del reconocido escultor y artista integral (Orio,1908-San Sebasti\u00e1n, 2003), compuesta por 1.690 esculturas, 2.000 piezas de su trabajo experimental incluidas en su Laboratorio de Tizas , adem\u00e1s de una extensa presencia de dibujos y collages. El Museo se encuentra situado en el entorno rural de la localidad Navarra de Alzuza, situada a 9 kil\u00f3metros de Pamplona, y expone una selecci\u00f3n representativa de la obra del artista, uno de los creadores m\u00e1s significativos de la escultura del siglo XX, que irrumpi\u00f3 en el panorama art\u00edstico internacional tras alzarse con el Gran Premio de la Bienal de S\u00e3o Paulo en 1957 con su Prop\u00f3sito Experimental. El Museo Oteiza es obra del arquitecto Francisco Javier S\u00e1enz de Oiza, que ha proyectado un gran cubo de hormig\u00f3n rojizo concebido, como una met\u00e1fora del espacio recreado por Oteiza, y que integra la vivienda en la que Jorge Oteiza se estableci\u00f3 a partir de 1975. [\/vc_column_text][\/vc_column][\/vc_row]<\/p>\n","protected":false},"author":1,"featured_media":0,"parent":0,"menu_order":0,"comment_status":"closed","ping_status":"closed","template":"","meta":{"footnotes":""},"class_list":["post-8213","page","type-page","status-publish","hentry"],"yoast_head":"<!-- This site is optimized with the Yoast SEO plugin v23.5 - https:\/\/yoast.com\/wordpress\/plugins\/seo\/ -->\n<title>Museo de OteizaMuseo de Oteiza - VisitNavarra<\/title>\n<meta name=\"description\" content=\"El Museo Oteiza es un espacio monogr\u00e1fico alberga la colecci\u00f3n personal del reconocido escultor y artista integral.\" \/>\n<meta name=\"robots\" content=\"index, follow, max-snippet:-1, max-image-preview:large, max-video-preview:-1\" \/>\n<link rel=\"canonical\" href=\"https:\/\/visitnavarra.info\/visitnavarra\/museo-de-oteiza\/\" \/>\n<meta property=\"og:locale\" content=\"es_ES\" \/>\n<meta property=\"og:type\" content=\"article\" \/>\n<meta property=\"og:title\" content=\"Museo de OteizaMuseo de Oteiza - VisitNavarra\" \/>\n<meta property=\"og:description\" content=\"El Museo Oteiza es un espacio monogr\u00e1fico alberga la colecci\u00f3n personal del reconocido escultor y artista integral.\" \/>\n<meta property=\"og:url\" content=\"https:\/\/visitnavarra.info\/visitnavarra\/museo-de-oteiza\/\" \/>\n<meta property=\"og:site_name\" content=\"VisitNavarra\" \/>\n<meta property=\"article:modified_time\" content=\"2024-05-20T13:27:57+00:00\" \/>\n<meta name=\"twitter:card\" content=\"summary_large_image\" \/>\n<meta name=\"twitter:label1\" content=\"Tiempo de lectura\" \/>\n\t<meta name=\"twitter:data1\" content=\"1 minuto\" \/>\n<script type=\"application\/ld+json\" class=\"yoast-schema-graph\">{\"@context\":\"https:\/\/schema.org\",\"@graph\":[{\"@type\":\"WebPage\",\"@id\":\"https:\/\/visitnavarra.info\/visitnavarra\/museo-de-oteiza\/\",\"url\":\"https:\/\/visitnavarra.info\/visitnavarra\/museo-de-oteiza\/\",\"name\":\"Museo de OteizaMuseo de Oteiza - VisitNavarra\",\"isPartOf\":{\"@id\":\"https:\/\/visitnavarra.info\/visitnavarra\/#website\"},\"datePublished\":\"2020-12-15T14:45:30+00:00\",\"dateModified\":\"2024-05-20T13:27:57+00:00\",\"description\":\"El Museo Oteiza es un espacio monogr\u00e1fico alberga la colecci\u00f3n personal del reconocido escultor y artista integral.\",\"breadcrumb\":{\"@id\":\"https:\/\/visitnavarra.info\/visitnavarra\/museo-de-oteiza\/#breadcrumb\"},\"inLanguage\":\"es\",\"potentialAction\":[{\"@type\":\"ReadAction\",\"target\":[\"https:\/\/visitnavarra.info\/visitnavarra\/museo-de-oteiza\/\"]}]},{\"@type\":\"BreadcrumbList\",\"@id\":\"https:\/\/visitnavarra.info\/visitnavarra\/museo-de-oteiza\/#breadcrumb\",\"itemListElement\":[{\"@type\":\"ListItem\",\"position\":1,\"name\":\"Portada\",\"item\":\"https:\/\/visitnavarra.info\/visitnavarra\/\"},{\"@type\":\"ListItem\",\"position\":2,\"name\":\"Museo de Oteiza\"}]},{\"@type\":\"WebSite\",\"@id\":\"https:\/\/visitnavarra.info\/visitnavarra\/#website\",\"url\":\"https:\/\/visitnavarra.info\/visitnavarra\/\",\"name\":\"VisitNavarra\",\"description\":\"Alojamiento y experiencias tur\u00edsticas en Navarra; qu\u00e9 visitar en Navarra; comer en Navarra\",\"potentialAction\":[{\"@type\":\"SearchAction\",\"target\":{\"@type\":\"EntryPoint\",\"urlTemplate\":\"https:\/\/visitnavarra.info\/visitnavarra\/?s={search_term_string}\"},\"query-input\":{\"@type\":\"PropertyValueSpecification\",\"valueRequired\":true,\"valueName\":\"search_term_string\"}}],\"inLanguage\":\"es\"}]}<\/script>\n<!-- \/ Yoast SEO plugin. -->","yoast_head_json":{"title":"Museo de OteizaMuseo de Oteiza - VisitNavarra","description":"El Museo Oteiza es un espacio monogr\u00e1fico alberga la colecci\u00f3n personal del reconocido escultor y artista integral.","robots":{"index":"index","follow":"follow","max-snippet":"max-snippet:-1","max-image-preview":"max-image-preview:large","max-video-preview":"max-video-preview:-1"},"canonical":"https:\/\/visitnavarra.info\/visitnavarra\/museo-de-oteiza\/","og_locale":"es_ES","og_type":"article","og_title":"Museo de OteizaMuseo de Oteiza - VisitNavarra","og_description":"El Museo Oteiza es un espacio monogr\u00e1fico alberga la colecci\u00f3n personal del reconocido escultor y artista integral.","og_url":"https:\/\/visitnavarra.info\/visitnavarra\/museo-de-oteiza\/","og_site_name":"VisitNavarra","article_modified_time":"2024-05-20T13:27:57+00:00","twitter_card":"summary_large_image","twitter_misc":{"Tiempo de lectura":"1 minuto"},"schema":{"@context":"https:\/\/schema.org","@graph":[{"@type":"WebPage","@id":"https:\/\/visitnavarra.info\/visitnavarra\/museo-de-oteiza\/","url":"https:\/\/visitnavarra.info\/visitnavarra\/museo-de-oteiza\/","name":"Museo de OteizaMuseo de Oteiza - VisitNavarra","isPartOf":{"@id":"https:\/\/visitnavarra.info\/visitnavarra\/#website"},"datePublished":"2020-12-15T14:45:30+00:00","dateModified":"2024-05-20T13:27:57+00:00","description":"El Museo Oteiza es un espacio monogr\u00e1fico alberga la colecci\u00f3n personal del reconocido escultor y artista integral.","breadcrumb":{"@id":"https:\/\/visitnavarra.info\/visitnavarra\/museo-de-oteiza\/#breadcrumb"},"inLanguage":"es","potentialAction":[{"@type":"ReadAction","target":["https:\/\/visitnavarra.info\/visitnavarra\/museo-de-oteiza\/"]}]},{"@type":"BreadcrumbList","@id":"https:\/\/visitnavarra.info\/visitnavarra\/museo-de-oteiza\/#breadcrumb","itemListElement":[{"@type":"ListItem","position":1,"name":"Portada","item":"https:\/\/visitnavarra.info\/visitnavarra\/"},{"@type":"ListItem","position":2,"name":"Museo de Oteiza"}]},{"@type":"WebSite","@id":"https:\/\/visitnavarra.info\/visitnavarra\/#website","url":"https:\/\/visitnavarra.info\/visitnavarra\/","name":"VisitNavarra","description":"Alojamiento y experiencias tur\u00edsticas en Navarra; qu\u00e9 visitar en Navarra; comer en Navarra","potentialAction":[{"@type":"SearchAction","target":{"@type":"EntryPoint","urlTemplate":"https:\/\/visitnavarra.info\/visitnavarra\/?s={search_term_string}"},"query-input":{"@type":"PropertyValueSpecification","valueRequired":true,"valueName":"search_term_string"}}],"inLanguage":"es"}]}},"_links":{"self":[{"href":"https:\/\/visitnavarra.info\/visitnavarra\/wp-json\/wp\/v2\/pages\/8213","targetHints":{"allow":["GET"]}}],"collection":[{"href":"https:\/\/visitnavarra.info\/visitnavarra\/wp-json\/wp\/v2\/pages"}],"about":[{"href":"https:\/\/visitnavarra.info\/visitnavarra\/wp-json\/wp\/v2\/types\/page"}],"author":[{"embeddable":true,"href":"https:\/\/visitnavarra.info\/visitnavarra\/wp-json\/wp\/v2\/users\/1"}],"replies":[{"embeddable":true,"href":"https:\/\/visitnavarra.info\/visitnavarra\/wp-json\/wp\/v2\/comments?post=8213"}],"version-history":[{"count":11,"href":"https:\/\/visitnavarra.info\/visitnavarra\/wp-json\/wp\/v2\/pages\/8213\/revisions"}],"predecessor-version":[{"id":13526,"href":"https:\/\/visitnavarra.info\/visitnavarra\/wp-json\/wp\/v2\/pages\/8213\/revisions\/13526"}],"wp:attachment":[{"href":"https:\/\/visitnavarra.info\/visitnavarra\/wp-json\/wp\/v2\/media?parent=8213"}],"curies":[{"name":"wp","href":"https:\/\/api.w.org\/{rel}","templated":true}]}}