{"id":8237,"date":"2020-12-15T15:32:52","date_gmt":"2020-12-15T15:32:52","guid":{"rendered":"https:\/\/visitnavarra.info\/visitnavarra\/?page_id=8237"},"modified":"2024-05-20T13:36:49","modified_gmt":"2024-05-20T13:36:49","slug":"museo-de-tudela-palacio-decanal","status":"publish","type":"page","link":"https:\/\/visitnavarra.info\/visitnavarra\/museo-de-tudela-palacio-decanal\/","title":{"rendered":"Museo de Tudela &#8211; Palacio Decanal"},"content":{"rendered":"<p>[vc_row][vc_column width=&#8221;1\/1&#8243;][vc_column_text]<\/p>\n<h1><strong>Museo de Tudela &#8211; Palacio Decanal<\/strong><\/h1>\n<p>[\/vc_column_text][vc_column_text][\/vc_column_text][\/vc_column][\/vc_row][vc_row][vc_column width=&#8221;1\/2&#8243;]<div class=\"single_image wpb_content_element align-left    \" data-animation=\"none\" data-delay=\"0\"><img loading=\"lazy\" decoding=\"async\" width=\"597\" height=\"468\" src=\"https:\/\/visitnavarra.info\/visitnavarra\/wp-content\/uploads\/2020\/12\/Museo-Tudela-Palacio-Decanal-1.jpg\" class=\"attachment-full\" alt=\"\" srcset=\"https:\/\/visitnavarra.info\/visitnavarra\/wp-content\/uploads\/2020\/12\/Museo-Tudela-Palacio-Decanal-1.jpg 597w, https:\/\/visitnavarra.info\/visitnavarra\/wp-content\/uploads\/2020\/12\/Museo-Tudela-Palacio-Decanal-1-300x235.jpg 300w\" sizes=\"auto, (max-width: 597px) 100vw, 597px\" \/><\/div>[vc_column_text][\/vc_column_text][\/vc_column][vc_column width=&#8221;1\/2&#8243;][vc_column_text]<\/p>\n<p>Calle Roso, 2 (junto a la catedral)<br \/>\n31500 Tudela<br \/>\nTel\u00e9fono: 948 40 21 61<br \/>\n<a href=\"mailto:info@museodetudela.com\">info@museodetudela.com<\/a>[\/vc_column_text][\/vc_column][\/vc_row][vc_row][vc_column width=&#8221;1\/1&#8243;][vc_column_text]<\/p>\n<h3><strong>DESCRIPCI\u00d3N<\/strong><\/h3>\n<p>Ubicado en el palacio decanal y anexo a la Catedral, se encuentra el reci\u00e9n creado Museo de Tudela, inaugurado el 26 de junio de 2000.<\/p>\n<p>Los or\u00edgenes de este palacio se remontan al siglo XV si bien la forma arquitect\u00f3nica m\u00e1s importante se lleva acabo a comienzos del siglo XVI de la mano de Don Pedro de Villal\u00f3n y Calcena, el m\u00e1s famoso de los deanes tudelanos, sirviendo adem\u00e1s de acomodo a reyes y papas a su paso por la ciudad.<\/p>\n<p>En los siglos XVIII y XIX tendr\u00e1n lugar nuevas reformas y ampliaciones en el palacio. En sus salas se exponen piezas de arte sacro que proceden de diversas iglesias de la ciudad: una colecci\u00f3n de im\u00e1genes de distinta \u00e9pocas y estilos, retablos renacentistas, magn\u00edfica orfebrer\u00eda, lienzos barrocos, en su mayor parte obra de Vicente Berdus\u00e1n, considerado el mejor pintor navarro del siglo XVII, y \u00f3leos sobre tabla como El Juicio Final, siglo XVI, atribuido a El Bosco.<\/p>\n<p>Tambi\u00e9n se pueden admirar restos arqueol\u00f3gicos procedentes de la antigua mezquita de Tudela y una colecci\u00f3n de piezas cer\u00e1micas. Adem\u00e1s, en la visita se puede disfrutar de un espacio \u00fanico y singular, el claustro de la Catedral, verdadera joya del rom\u00e1nico peninsular. Anexa al Museo se encuentra la Catedral, que guarda en su interior obras art\u00edsticas de incalculable valor, de \u00e9poca medieval (la rom\u00e1nica Virgen Blanca, tres retablos g\u00f3ticos del XV, escultura funeraria), renacentista (coro de Esteban de Obray) y barroca (capillas de Santa Ana y del Esp\u00edritu Santo).[\/vc_column_text][\/vc_column][\/vc_row]<\/p>\n","protected":false},"excerpt":{"rendered":"<p>[vc_row][vc_column width=&#8221;1\/1&#8243;][vc_column_text] Museo de Tudela &#8211; Palacio Decanal [\/vc_column_text][vc_column_text][\/vc_column_text][\/vc_column][\/vc_row][vc_row][vc_column width=&#8221;1\/2&#8243;][vc_column_text][\/vc_column_text][\/vc_column][vc_column width=&#8221;1\/2&#8243;][vc_column_text] Calle Roso, 2 (junto a la catedral) 31500 Tudela Tel\u00e9fono: 948 40 21 61 info@museodetudela.com[\/vc_column_text][\/vc_column][\/vc_row][vc_row][vc_column width=&#8221;1\/1&#8243;][vc_column_text] DESCRIPCI\u00d3N Ubicado en el palacio decanal y anexo a la Catedral, se encuentra el reci\u00e9n creado Museo de Tudela, inaugurado el 26 de junio de 2000. Los or\u00edgenes de este palacio se remontan al siglo XV si bien la forma arquitect\u00f3nica m\u00e1s importante se lleva acabo a comienzos del siglo XVI de la mano de Don Pedro de Villal\u00f3n y Calcena, el m\u00e1s famoso de los deanes tudelanos, sirviendo adem\u00e1s de acomodo a reyes y papas a su paso por la ciudad. En los siglos XVIII y XIX tendr\u00e1n lugar nuevas reformas y ampliaciones en el palacio. En sus salas se exponen piezas de arte sacro que proceden de diversas iglesias de la ciudad: una colecci\u00f3n de im\u00e1genes de distinta \u00e9pocas y estilos, retablos renacentistas, magn\u00edfica orfebrer\u00eda, lienzos barrocos, en su mayor parte obra de Vicente Berdus\u00e1n, considerado el mejor pintor navarro del siglo XVII, y \u00f3leos sobre tabla como El Juicio Final, siglo XVI, atribuido a El Bosco. Tambi\u00e9n se pueden admirar restos arqueol\u00f3gicos procedentes de la antigua mezquita de Tudela y [&hellip;]<\/p>\n","protected":false},"author":1,"featured_media":0,"parent":0,"menu_order":0,"comment_status":"closed","ping_status":"closed","template":"","meta":{"footnotes":""},"class_list":["post-8237","page","type-page","status-publish","hentry"],"yoast_head":"<!-- This site is optimized with the Yoast SEO plugin v23.5 - https:\/\/yoast.com\/wordpress\/plugins\/seo\/ -->\n<title>Museo de Tudela Museo de Tudela - Palacio Decanal - VisitNavarra<\/title>\n<meta name=\"description\" content=\"Ubicado en el palacio decanal y anexo a la Catedral, se encuentra el reci\u00e9n creado Museo de Tudela, inaugurado el 26 de junio de 2000.\" \/>\n<meta name=\"robots\" content=\"index, follow, max-snippet:-1, max-image-preview:large, max-video-preview:-1\" \/>\n<link rel=\"canonical\" href=\"https:\/\/visitnavarra.info\/visitnavarra\/museo-de-tudela-palacio-decanal\/\" \/>\n<meta property=\"og:locale\" content=\"es_ES\" \/>\n<meta property=\"og:type\" content=\"article\" \/>\n<meta property=\"og:title\" content=\"Museo de Tudela Museo de Tudela - Palacio Decanal - VisitNavarra\" \/>\n<meta property=\"og:description\" content=\"Ubicado en el palacio decanal y anexo a la Catedral, se encuentra el reci\u00e9n creado Museo de Tudela, inaugurado el 26 de junio de 2000.\" \/>\n<meta property=\"og:url\" content=\"https:\/\/visitnavarra.info\/visitnavarra\/museo-de-tudela-palacio-decanal\/\" \/>\n<meta property=\"og:site_name\" content=\"VisitNavarra\" \/>\n<meta property=\"article:modified_time\" content=\"2024-05-20T13:36:49+00:00\" \/>\n<meta name=\"twitter:card\" content=\"summary_large_image\" \/>\n<meta name=\"twitter:label1\" content=\"Tiempo de lectura\" \/>\n\t<meta name=\"twitter:data1\" content=\"2 minutos\" \/>\n<script type=\"application\/ld+json\" class=\"yoast-schema-graph\">{\"@context\":\"https:\/\/schema.org\",\"@graph\":[{\"@type\":\"WebPage\",\"@id\":\"https:\/\/visitnavarra.info\/visitnavarra\/museo-de-tudela-palacio-decanal\/\",\"url\":\"https:\/\/visitnavarra.info\/visitnavarra\/museo-de-tudela-palacio-decanal\/\",\"name\":\"Museo de Tudela Museo de Tudela - Palacio Decanal - VisitNavarra\",\"isPartOf\":{\"@id\":\"https:\/\/visitnavarra.info\/visitnavarra\/#website\"},\"datePublished\":\"2020-12-15T15:32:52+00:00\",\"dateModified\":\"2024-05-20T13:36:49+00:00\",\"description\":\"Ubicado en el palacio decanal y anexo a la Catedral, se encuentra el reci\u00e9n creado Museo de Tudela, inaugurado el 26 de junio de 2000.\",\"breadcrumb\":{\"@id\":\"https:\/\/visitnavarra.info\/visitnavarra\/museo-de-tudela-palacio-decanal\/#breadcrumb\"},\"inLanguage\":\"es\",\"potentialAction\":[{\"@type\":\"ReadAction\",\"target\":[\"https:\/\/visitnavarra.info\/visitnavarra\/museo-de-tudela-palacio-decanal\/\"]}]},{\"@type\":\"BreadcrumbList\",\"@id\":\"https:\/\/visitnavarra.info\/visitnavarra\/museo-de-tudela-palacio-decanal\/#breadcrumb\",\"itemListElement\":[{\"@type\":\"ListItem\",\"position\":1,\"name\":\"Portada\",\"item\":\"https:\/\/visitnavarra.info\/visitnavarra\/\"},{\"@type\":\"ListItem\",\"position\":2,\"name\":\"Museo de Tudela &#8211; Palacio Decanal\"}]},{\"@type\":\"WebSite\",\"@id\":\"https:\/\/visitnavarra.info\/visitnavarra\/#website\",\"url\":\"https:\/\/visitnavarra.info\/visitnavarra\/\",\"name\":\"VisitNavarra\",\"description\":\"Alojamiento y experiencias tur\u00edsticas en Navarra; qu\u00e9 visitar en Navarra; comer en Navarra\",\"potentialAction\":[{\"@type\":\"SearchAction\",\"target\":{\"@type\":\"EntryPoint\",\"urlTemplate\":\"https:\/\/visitnavarra.info\/visitnavarra\/?s={search_term_string}\"},\"query-input\":{\"@type\":\"PropertyValueSpecification\",\"valueRequired\":true,\"valueName\":\"search_term_string\"}}],\"inLanguage\":\"es\"}]}<\/script>\n<!-- \/ Yoast SEO plugin. -->","yoast_head_json":{"title":"Museo de Tudela Museo de Tudela - Palacio Decanal - VisitNavarra","description":"Ubicado en el palacio decanal y anexo a la Catedral, se encuentra el reci\u00e9n creado Museo de Tudela, inaugurado el 26 de junio de 2000.","robots":{"index":"index","follow":"follow","max-snippet":"max-snippet:-1","max-image-preview":"max-image-preview:large","max-video-preview":"max-video-preview:-1"},"canonical":"https:\/\/visitnavarra.info\/visitnavarra\/museo-de-tudela-palacio-decanal\/","og_locale":"es_ES","og_type":"article","og_title":"Museo de Tudela Museo de Tudela - Palacio Decanal - VisitNavarra","og_description":"Ubicado en el palacio decanal y anexo a la Catedral, se encuentra el reci\u00e9n creado Museo de Tudela, inaugurado el 26 de junio de 2000.","og_url":"https:\/\/visitnavarra.info\/visitnavarra\/museo-de-tudela-palacio-decanal\/","og_site_name":"VisitNavarra","article_modified_time":"2024-05-20T13:36:49+00:00","twitter_card":"summary_large_image","twitter_misc":{"Tiempo de lectura":"2 minutos"},"schema":{"@context":"https:\/\/schema.org","@graph":[{"@type":"WebPage","@id":"https:\/\/visitnavarra.info\/visitnavarra\/museo-de-tudela-palacio-decanal\/","url":"https:\/\/visitnavarra.info\/visitnavarra\/museo-de-tudela-palacio-decanal\/","name":"Museo de Tudela Museo de Tudela - Palacio Decanal - VisitNavarra","isPartOf":{"@id":"https:\/\/visitnavarra.info\/visitnavarra\/#website"},"datePublished":"2020-12-15T15:32:52+00:00","dateModified":"2024-05-20T13:36:49+00:00","description":"Ubicado en el palacio decanal y anexo a la Catedral, se encuentra el reci\u00e9n creado Museo de Tudela, inaugurado el 26 de junio de 2000.","breadcrumb":{"@id":"https:\/\/visitnavarra.info\/visitnavarra\/museo-de-tudela-palacio-decanal\/#breadcrumb"},"inLanguage":"es","potentialAction":[{"@type":"ReadAction","target":["https:\/\/visitnavarra.info\/visitnavarra\/museo-de-tudela-palacio-decanal\/"]}]},{"@type":"BreadcrumbList","@id":"https:\/\/visitnavarra.info\/visitnavarra\/museo-de-tudela-palacio-decanal\/#breadcrumb","itemListElement":[{"@type":"ListItem","position":1,"name":"Portada","item":"https:\/\/visitnavarra.info\/visitnavarra\/"},{"@type":"ListItem","position":2,"name":"Museo de Tudela &#8211; Palacio Decanal"}]},{"@type":"WebSite","@id":"https:\/\/visitnavarra.info\/visitnavarra\/#website","url":"https:\/\/visitnavarra.info\/visitnavarra\/","name":"VisitNavarra","description":"Alojamiento y experiencias tur\u00edsticas en Navarra; qu\u00e9 visitar en Navarra; comer en Navarra","potentialAction":[{"@type":"SearchAction","target":{"@type":"EntryPoint","urlTemplate":"https:\/\/visitnavarra.info\/visitnavarra\/?s={search_term_string}"},"query-input":{"@type":"PropertyValueSpecification","valueRequired":true,"valueName":"search_term_string"}}],"inLanguage":"es"}]}},"_links":{"self":[{"href":"https:\/\/visitnavarra.info\/visitnavarra\/wp-json\/wp\/v2\/pages\/8237","targetHints":{"allow":["GET"]}}],"collection":[{"href":"https:\/\/visitnavarra.info\/visitnavarra\/wp-json\/wp\/v2\/pages"}],"about":[{"href":"https:\/\/visitnavarra.info\/visitnavarra\/wp-json\/wp\/v2\/types\/page"}],"author":[{"embeddable":true,"href":"https:\/\/visitnavarra.info\/visitnavarra\/wp-json\/wp\/v2\/users\/1"}],"replies":[{"embeddable":true,"href":"https:\/\/visitnavarra.info\/visitnavarra\/wp-json\/wp\/v2\/comments?post=8237"}],"version-history":[{"count":3,"href":"https:\/\/visitnavarra.info\/visitnavarra\/wp-json\/wp\/v2\/pages\/8237\/revisions"}],"predecessor-version":[{"id":13538,"href":"https:\/\/visitnavarra.info\/visitnavarra\/wp-json\/wp\/v2\/pages\/8237\/revisions\/13538"}],"wp:attachment":[{"href":"https:\/\/visitnavarra.info\/visitnavarra\/wp-json\/wp\/v2\/media?parent=8237"}],"curies":[{"name":"wp","href":"https:\/\/api.w.org\/{rel}","templated":true}]}}